NOAA-Style Climate Reports


Report for 2011 June
                  MONTHLY CLIMATOLOGICAL SUMMARY FOR 6/2011
                                        HEAT  COOL        
     MEAN                               DEG   DEG       WIND SPEED       DOM MEAN  MEAN
DAY  TEMP  HIGH   TIME     LOW   TIME   DAYS  DAYS RAIN AVG  HI  TIME    DIR BAROM HUM
---------------------------------------------------------------------------------------
1    69.5  76.2   2:52pm  64.5   6:21am    0    4  0.00   8  27  11:44pm  SE 29.80   15
2    52.8  67.1  12:00am  46.0  11:26pm   12    0  0.00   4  27  12:53am  NW 29.93   44
3    51.8  61.8   4:26pm  41.9   6:18am   13    0  0.00   2  12   1:31pm  NW 30.17   53
4    61.4  75.7   5:16pm  47.1   4:43am    6    2  0.00   1   9   3:29pm  NW 30.10   43
5    73.3  85.6   5:15pm  56.7   5:29am    1   10  0.00   5  21  12:23pm ESE 29.94   20
6    69.9  80.7  12:43pm  53.3  11:48pm    1    6  0.00   6  32   4:50pm ESE 29.65   24
7    59.5  69.5   6:43pm  49.1   5:22am    6    1  0.00   2  12   1:27pm  NW 29.89   48
8    59.0  71.6   2:08pm  51.0   6:21am    7    1  0.04   2  28   5:35pm  NW 29.80   56
9    55.7  63.8   5:54pm  47.3   6:44am    9    0  0.00   2  15  12:05pm  NW 29.99   58
10   61.1  74.6   3:03pm  47.7   6:47am    6    2  0.00   2  15   6:34pm  NW 29.91   41
11   66.3  74.7   3:34pm  58.4   4:11am    2    3  0.00   2  23  12:56am  NW 29.68   48
12   64.6  73.7   5:25pm  56.2   4:51am    2    2  0.00   2  13  12:36pm  NW 29.74   54
13   65.0  74.1   4:48pm  56.9   6:49am    1    1  0.01   2  16   8:10pm ESE 29.84   47
14   64.7  74.3   5:42pm  53.3   6:27am    3    3  0.01   2  11   1:26pm   E 30.03   52
15   70.5  83.3   5:09pm  58.3   5:33am    1    6  0.00   2  14   3:27pm  NW 29.75   39
16   58.6  68.9   1:38pm  50.0  11:55pm    7    0  0.00   3  24   5:37pm  NW 29.66   54
17   58.4  69.6   4:30pm  47.7   4:51am    7    1  0.00   2  10   3:00pm ESE 29.89   33
18   65.7  77.1   4:12pm  53.3   4:11am    3    4  0.00   2  22   7:19pm ESE 29.71   30
19   52.5  62.5  12:00am  48.4   9:20am   12    0  0.95   1  11  12:00am   E 29.65   85
20   60.2  69.9   5:11pm  50.1   6:13am    6    1  0.00   2  10   4:50pm  NW 29.90   59
21   66.7  78.3   6:12pm  54.6   6:50am    2    4  0.00   1  10   1:57pm ESE 29.90   41
22   74.8  86.9   6:13pm  58.0   5:41am    1   10  0.00   2  16  10:01pm ESE 29.79   34
23   80.5  89.6   3:48pm  69.2   6:56am    0   16  0.00   2  21   5:40am  NW 29.54   29
24   74.4  83.1   5:08pm  63.5   6:32am    0    9  0.00   1  11   2:38pm ESE 29.53   38
25   71.5  82.3   5:12pm  60.1   6:18am    0    7  0.00   1   9   4:34am ESE 29.58   44
26   70.2  78.9   4:31pm  60.1   5:46am    1    6  0.00   2  15  10:04pm  NW 29.67   41
27   74.2  87.7   5:01pm  59.6   6:37am    1   10  0.00   2  14   1:35am  SE 29.71   36
28   83.8  91.6   5:55pm  77.9   6:49am    0   19  0.00   9  29   6:39pm  SE 29.52   14
29   80.7  86.8  11:29am  71.1   2:09pm    0   16  0.06   8  29   3:38pm  SE 29.43   24
30   72.0  79.1   4:16pm  61.9   6:10am    0    7  0.00   3  25   2:42am ESE 29.61   41
---------------------------------------------------------------------------------------
TOT  66.3  91.6  6/28/11  41.9   6/3/11  111  150  1.07   3  32   6/6/11 ESE 29.78   42

HEAT BASE: 65.0
COOL BASE: 65.0