NOAA-Style Climate Reports


Report for 2011 July
                  MONTHLY CLIMATOLOGICAL SUMMARY FOR 7/2011
                                        HEAT  COOL        
     MEAN                               DEG   DEG       WIND SPEED       DOM MEAN  MEAN
DAY  TEMP  HIGH   TIME     LOW   TIME   DAYS  DAYS RAIN AVG  HI  TIME    DIR BAROM HUM
---------------------------------------------------------------------------------------
1    71.3  82.6   5:45pm  59.2   5:53am    1    7  0.00   1   9   2:10pm ESE 29.80   48
2    78.6  92.9   6:05pm  63.6   6:57am    0   14  0.00   2  17  11:53pm ESE 29.72   41
3    86.1  97.8   3:41pm  71.0   6:31am    0   21  0.00   5  23   8:28am  SE 29.58   19
4    81.0  86.0  12:00am  72.7   1:52pm    0   16  0.00   7  31  10:33am ESE 29.65   30
5    75.5  82.3   1:22pm  70.2   6:00am    0   10  0.00   3  36  11:41pm ESE 29.78   48
6    74.1  84.7   5:18pm  63.4   6:05am    0    9  0.00   1  28  12:02am  NW 29.85   59
7    74.6  82.5   2:13pm  65.8  11:56pm    0   10  0.00   1  14   9:39pm ESE 29.86   54
8    72.6  83.6   5:07pm  64.4   6:11am    0    8  0.00   1  12  10:12pm  NW 29.73   60
9    73.6  86.6   2:19pm  62.7   6:16am    0    9  0.00   3  27   4:19pm ESE 29.64   48
10   71.9  86.5   2:24pm  62.3   6:01am    0    7  0.12   5  33   5:32pm ESE 29.65   49
11   74.5  87.4   4:12pm  63.7   6:55am    0    9  0.00   4  34   8:31pm  SE 29.68   46
12   76.0  85.0   6:08pm  64.1  10:26am    0   11  0.04   5  23   7:46am ESE 29.61   42
13   77.7  85.7   4:41pm  72.8   7:19am    0   13  0.00   8  30  12:10pm  SE 29.54   35
14   77.3  84.6   5:18pm  71.1   7:02am    0   12  0.00   8  26   2:28am  SE 29.53   24
15   78.2  85.5   5:35pm  73.1   5:38am    0   13  0.00   7  22   6:43am ESE 29.52   18
16   80.0  89.5   4:40pm  68.9   7:51am    0   15  0.00   6  26   3:30pm ESE 29.55   17
17   82.3  92.0   3:00pm  69.2   7:09am    0   17  0.00   5  22   2:10pm ESE 29.60   23
18   81.3  89.4   5:25pm  74.6   8:36am    0   16  0.00   5  21   8:03pm ESE 29.65   38
19   80.6  87.4   2:53pm  71.2  11:45pm    0   16  0.04   8  30   3:52pm  SE 29.59   36
20   73.0  84.6   5:29pm  59.0   6:21am    1    9  0.00   1  12   8:07pm  SE 29.70   43
21   77.5  87.4   5:51pm  63.3   6:49am    0   13  0.00   1   8  12:51am  SE 29.59   32
22   81.9  89.6   4:12pm  74.2  11:06pm    0   17  0.00   5  28   4:22am  SE 29.49   16
23   75.5  86.7   5:29pm  63.7   6:35am    0   10  0.00   1   8   3:17am  NW 29.71   39
24   80.6  93.5   5:13pm  65.9   7:15am    0   16  0.00   1  17  11:42pm  NW 29.78   31
25   79.5  86.7   6:07pm  70.8   6:02am    0   14  0.01   4  30   9:05pm ESE 29.65   32
26   77.8  87.3   3:15pm  73.0  11:21pm    0   13  0.00   7  28   8:54pm  SE 29.54   42
27   73.9  84.4   5:01pm  64.8   6:10am    0    8  0.00   2  21   7:12am ESE 29.65   47
28   76.7  87.2   4:55pm  64.0   6:47am    0   12  0.00   1  18   3:20am ESE 29.77   40
29   79.8  91.6   6:14pm  66.0   7:13am    0   15  0.00   1  14  10:42pm ESE 29.74   33
30   78.7  86.2  12:55pm  71.7   5:26am    0   14  0.00   2  22  11:38pm ESE 29.74   40
31   75.6  86.4   1:57pm  66.1   8:17pm    0   11  0.37   3  21   9:22am  SE 29.73   55
---------------------------------------------------------------------------------------
TOT  77.4  97.8   7/3/11  59.0  7/20/11    2  382  0.58   4  35   7/5/11 ESE 29.67   38

HEAT BASE: 65.0
COOL BASE: 65.0