NOAA-Style Climate Reports


Report for 2011 August
                  MONTHLY CLIMATOLOGICAL SUMMARY FOR 8/2011
                                        HEAT  COOL        
     MEAN                               DEG   DEG       WIND SPEED       DOM MEAN  MEAN
DAY  TEMP  HIGH   TIME     LOW   TIME   DAYS  DAYS RAIN AVG  HI  TIME    DIR BAROM HUM
---------------------------------------------------------------------------------------
1    70.1  79.3   6:05pm  62.7   8:48am    0    5  0.27   1  14   7:20am ESE 29.83   74
2    72.2  86.5   5:01pm  62.6   7:09am    0    7  0.38   1  28   8:19pm  NW 29.83   58
3    73.0  80.7  12:06pm  62.1   5:38am    0    8  0.08   3  25   1:51am  SE 29.75   53
4    75.6  87.2   2:01pm  63.4   7:17am    0   11  0.03   4  24  11:32pm  SE 29.68   43
5    78.0  87.3   4:42pm  66.1   7:38am    0   13  0.00   3  31   2:20am  SE 29.64   31
6    77.8  89.7   5:03pm  64.5   7:20am    0   13  0.00   2  17   9:34pm  SE 29.66   22
7    79.9  88.8   4:03pm  66.9   5:09am    0   15  0.00   4  27   7:11am  SE 29.63   16
8    78.4  89.7   4:36pm  65.0   6:26am    0   13  0.00   1  12   2:01am ESE 29.64   24
9    79.0  86.7   3:58pm  67.1   7:27am    0   14  0.00   2  23   4:19am  SE 29.57   20
10   75.8  87.4   3:49pm  63.0   6:42am    0   11  0.00   1  11   1:15pm  SE 29.59   28
11   78.4  87.3   3:46pm  66.4   7:31am    0   13  0.00   2  17   7:51am  NW 29.60   25
12   75.0  86.8   4:28pm  63.3   5:48am    0   10  0.00   1   7   3:39pm  NW 29.73   31
13   80.7  93.9   5:24pm  66.6   7:19am    0   16  0.00   3  37   9:56pm  SE 29.67   27
14   78.7  88.5   3:03pm  66.4   8:26am    0   14  0.00   3  20  12:31am  SE 29.66   37
15   73.1  84.1   1:42pm  60.3   1:38am    0    8  0.21   2  24   2:57am  NW 29.64   52
16   73.5  83.7   4:59pm  62.3   7:33am    0    8  0.00   1   8  12:16am WNW 29.77   43
17   77.5  89.3   2:31pm  64.2   7:08am    0   12  0.00   1  11  12:53pm ESE 29.78   31
18   80.3  89.7   3:19pm  67.2   4:39am    0   15  0.00   2  21  10:18pm  SE 29.69   22
19   79.2  89.4   5:00pm  68.5   7:48am    0   14  0.00   1  18  12:18am  NW 29.59   36
20   81.2  91.0   5:31pm  72.7   1:03am    0   16  0.00   3  32   7:05pm ESE 29.59   33
21   82.8  92.6   4:27pm  72.2   1:53am    0   18  0.00   5  21   7:28am  SE 29.66   27
22   83.7  92.2   2:57pm  74.3   2:32am    0   18  0.00   5  31   5:06am ESE 29.67   23
23   82.2  92.2   5:11pm  71.2   7:08am    0   17  0.00   1  13   1:52am ESE 29.67   27
24   82.8  95.4   3:15pm  69.5   7:30am    0   18  0.00   2  21   8:46pm  SE 29.67   30
25   85.7  94.4   2:24pm  77.8   6:57am    0   21  0.00   7  28   7:58pm  SE 29.61   25
26   82.9  93.5   3:03pm  71.7   6:15am    0   18  0.00   3  29   9:23pm ESE 29.70   31
27   82.1  91.5   4:23pm  72.4   8:20am    0   17  0.00   1  11  12:00am  SE 29.72   36
28   75.9  87.3   4:22pm  63.4  11:57pm    0   11  0.56   3  31  12:42am  SE 29.74   52
29   74.3  87.8   4:14pm  61.9   4:16am    1   10  0.13   3  34  11:32pm  SE 29.69   55
30   78.4  88.7   2:46pm  65.8   7:45am    0   13  0.00   3  39   9:13pm ESE 29.56   36
31   82.1  90.3   3:47pm  71.1  11:43pm    0   17  0.00   9  30   9:09am  SE 29.43   23
---------------------------------------------------------------------------------------
TOT  78.4  95.4  8/24/11  60.3  8/15/11    2  414  1.66   3  37  8/13/11  SE 29.67   35

HEAT BASE: 65.0
COOL BASE: 65.0