NOAA-Style Climate Reports


Report for 2011 September
                  MONTHLY CLIMATOLOGICAL SUMMARY FOR 9/2011
                                        HEAT  COOL        
     MEAN                               DEG   DEG       WIND SPEED       DOM MEAN  MEAN
DAY  TEMP  HIGH   TIME     LOW   TIME   DAYS  DAYS RAIN AVG  HI  TIME    DIR BAROM HUM
---------------------------------------------------------------------------------------
1    70.2  80.9   4:31pm  59.8   6:53am    1    6  0.00   1   8  12:45am  NW 29.62   36
2    67.6  77.5   4:56pm  59.5   4:46am    1    4  0.00   1   8   3:15am  SE 29.82   35
3    68.4  81.5   4:15pm  56.7   7:46am    2    5  0.00   0   7   2:26pm  NW 29.85   29
4    71.3  83.8   4:55pm  58.4   6:47am    1    7  0.00   1   6   2:23pm  SE 29.82   29
5    71.4  80.0   2:30pm  63.4   6:22am    0    6  0.00   1  13  11:57pm ESE 29.75   33
6    68.2  77.0   4:32pm  60.1   6:54am    1    4  0.00   2  22  10:29pm  SE 29.90   46
7    70.6  79.2   4:05pm  59.5   7:06am    0    6  0.00   3  27   1:31am ESE 30.00   41
8    72.2  80.1   3:46pm  65.8  11:42pm    0    7  0.00   4  30   2:30am ESE 29.93   34
9    72.3  81.6   2:48pm  63.8   6:39am    0    7  0.00   3  23   8:18am ESE 29.80   34
10   68.8  80.3   2:52pm  60.8   6:28am    0    4  0.07   2  31   4:20pm  SE 29.81   39
11   67.3  76.5   4:57pm  59.9   6:09am    1    3  0.00   3  36   7:11pm ESE 29.88   45
12   66.8  77.5   4:04pm  57.2   4:35am    2    3  0.00   2  16   1:10pm ESE 29.97   46
13   67.9  78.0   3:46pm  58.3   7:53am    1    4  0.00   1   7   1:30pm  SE 29.93   40
14   67.5  78.3   4:06pm  58.4   7:07am    1    4  0.00   2  24   9:05pm  SE 29.76   41
15   66.7  76.2   3:52pm  56.0   6:24am    2    3  0.00   2  21  12:10am ESE 29.70   48
16   63.2  69.9   1:10pm  55.0  11:08pm    3    1  0.13   5  27   3:45am  SE 29.69   60
17   60.0  68.7   2:57pm  51.6   5:05am    5    0  0.02   2  23   4:28am  SE 29.89   62
18   63.3  73.5   3:16pm  52.1   7:03am    4    2  0.00   1   7   1:27pm  SE 30.03   44
19   68.5  78.4   4:31pm  56.2   7:24am    1    5  0.00   2  14   9:09pm  SE 29.94   34
20   65.8  75.5   4:24pm  55.8   7:42am    2    3  0.00   1   7  12:26pm  NW 29.87   38
21   65.6  76.8   3:29pm  55.1   7:29am    2    3  0.00   1   8   4:09pm ESE 29.91   39
22   66.7  78.6   3:24pm  56.8   8:07am    2    4  0.00   1   9  11:47pm  SE 30.00   34
23   68.3  81.0   4:28pm  56.7   7:49am    2    5  0.00   0   5  12:06am  SE 30.01   29
24   68.8  79.9   4:16pm  57.7   7:55am    1    5  0.00   1   9   9:13pm ESE 29.85   27
25   72.1  82.1   2:51pm  60.0   5:42am    0    7  0.00   2  17   9:55pm ESE 29.69   25
26   70.1  77.1   3:01pm  60.8   6:59am    0    5  0.00   3  23   1:06am  SE 29.76   37
27   68.7  80.7   3:01pm  57.5   6:40am    2    6  0.00   1   8   9:28pm  SE 29.91   39
28   71.0  82.5   2:37pm  61.1   8:21am    0    6  0.00   1   7   3:09pm  SE 29.89   33
29   69.9  81.8   4:08pm  59.5   6:01am    1    6  0.00   0  11  11:48pm  SE 29.89   39
30   73.5  86.2   3:57pm  61.3   8:28am    0    9  0.00   1  18   9:35pm ESE 29.81   29
---------------------------------------------------------------------------------------
TOT  68.4  86.2  9/30/11  51.6  9/17/11   39  140  0.22   2  31  9/10/11  SE 29.85   38

HEAT BASE: 65.0
COOL BASE: 65.0