NOAA-Style Climate Reports


Report for 2011 October
                  MONTHLY CLIMATOLOGICAL SUMMARY FOR 10/2011
                                        HEAT  COOL        
     MEAN                               DEG   DEG       WIND SPEED       DOM MEAN  MEAN
DAY  TEMP  HIGH   TIME     LOW   TIME   DAYS  DAYS RAIN AVG  HI  TIME    DIR BAROM HUM
---------------------------------------------------------------------------------------
1    75.2  81.0   2:49pm  71.3  11:30pm    0   10  0.00   7  28   5:50am  SE 29.75   27
2    73.0  78.9   4:04pm  69.3   8:03am    0    8  0.00   8  24   5:26am  SE 29.77   31
3    72.2  79.5   3:23pm  65.3   8:06pm    0    7  0.00   6  26   7:21pm  SE 29.72   33
4    63.2  71.2   1:32pm  55.3  10:05am    2    1  0.12   3  30   1:56pm  SE 29.60   58
5    54.1  60.7  12:36am  41.3  11:59pm   11    0  0.79   8  32   4:48pm  SE 29.43   67
6    38.3  42.9   5:08pm  33.9  12:09pm   26    0  1.02   2  19  10:23pm  SE 29.64   87
7    41.1  43.3  11:06am  38.9  11:49pm   24    0  0.03   3  17  12:00am  SE 30.01   75
8    43.7  50.9   4:20pm  38.9  12:00am   21    0  0.05   0   6  12:17pm ESE 30.14   86
9    48.3  58.7   3:41pm  39.6   5:47am   16    0  0.00   1   8   3:53pm  SE 30.07   66
10   51.7  61.5   1:53pm  43.2   6:13am   13    0  0.05   3  23  11:32am  SE 29.87   59
11   55.4  63.5   4:26pm  49.7   7:40am    9    0  0.01   3  20   9:41am  SE 29.86   61
12   53.0  62.8   3:49pm  44.4   6:36am   12    0  0.00   1   8   4:03pm  SE 30.10   51
13   57.4  69.7   3:53pm  46.9   6:25am    8    1  0.00   0   7   2:57am ESE 29.99   43
14   62.3  73.5   2:57pm  50.6   5:51am    5    2  0.00   2  16   8:39pm ESE 29.88   41
15   66.6  77.1   2:30pm  56.9   7:23am    2    3  0.00   1  13   2:50am  SE 29.78   36
16   62.1  70.6   2:36pm  49.1  11:54pm    3    1  0.05   1  18   9:19pm  SE 29.80   46
17   49.8  57.4   3:15pm  44.3   7:24am   15    0  0.18   1   9   1:00am  SE 30.16   73
18   49.2  59.1   3:49pm  41.1   7:23am   16    0  0.00   1   9   2:25pm  SE 30.27   59
19   52.0  63.6   3:52pm  42.1   7:22am   13    0  0.00   0   7  12:32pm   E 29.99   51
20   54.2  64.5   2:54pm  45.7   7:26am   11    0  0.00   1   7   3:28pm  SE 30.01   49
21   56.9  66.7   3:26pm  47.8   7:32am    8    0  0.00   1   7   1:56pm  SE 30.04   45
22   55.0  63.9   3:16pm  46.5   7:49am   10    0  0.00   1   8   2:59pm  SE 30.14   48
23   57.0  67.5   2:56pm  47.9   7:41am    8    0  0.00   1   6   1:39pm ESE 30.08   44
24   60.4  70.3   1:42pm  51.0   5:29am    5    1  0.00   3  28   9:41am   E 29.81   35
25   45.1  56.9  12:17am  39.2  11:33pm   20    0  0.00   1  13  12:26am WNW 29.94   62
26   39.8  47.0   3:16pm  34.4   8:12am   25    0  0.00   1  16   3:28pm  NW 30.16   50
27   39.6  48.3   3:55pm  32.8   3:11am   25    0  0.00   1   8   2:17pm  SE 30.24   40
28   41.9  52.7   4:57pm  33.8   6:12am   23    0  0.00   0   6   2:28pm ESE 30.29   32
29   47.3  57.0   3:27pm  38.7   4:41am   17    0  0.00   0   8   3:19pm  SE 30.19   33
30   49.8  59.5   2:59pm  41.8   6:56am   15    0  0.00   1   8   3:08pm  SE 30.20   47
31   52.3  62.9   2:27pm  43.4   6:53am   13    0  0.00   1  10   2:28pm ESE 30.00   47
---------------------------------------------------------------------------------------
TOT  53.8  81.0  10/1/11  32.8 10/27/11  374   32  2.30   2  32  10/5/11  SE 29.97   51

HEAT BASE: 65.0
COOL BASE: 65.0