NOAA-Style Climate Reports


Report for 2011 November
                  MONTHLY CLIMATOLOGICAL SUMMARY FOR 11/2011
                                        HEAT  COOL        
     MEAN                               DEG   DEG       WIND SPEED       DOM MEAN  MEAN
DAY  TEMP  HIGH   TIME     LOW   TIME   DAYS  DAYS RAIN AVG  HI  TIME    DIR BAROM HUM
---------------------------------------------------------------------------------------
1    39.0  52.5  12:07am  30.7  11:35pm   25    0  0.56   1  15   7:56am WNW 30.02   76
2    34.6  42.5   3:25pm  28.7   6:04am   30    0  0.00   1  10   7:07am ESE 30.48   56
3    42.5  54.6   3:13pm  30.9   3:48am   22    0  0.00   3  32  11:57pm ESE 30.05   42
4    48.8  60.1   2:06pm  31.8  11:58pm   16    0  0.01   5  34  12:05am  SE 29.53   40
5    30.4  33.8  12:38pm  28.4  11:26am   34    0  0.09   2  16   9:57pm  SE 29.75   80
6    34.8  41.2   2:06pm  29.0   1:51am   30    0  0.29   4  22   2:31am  SE 30.00   61
7    33.9  40.2   1:58pm  29.5   6:36am   31    0  0.10   1  11   3:37pm WNW 30.11   76
8    31.2  37.5   2:58pm  26.6   2:53am   33    0  0.00   1   9  12:34pm WNW 30.40   71
9    32.4  40.6   2:55pm  25.7   6:30am   32    0  0.00   0   7   1:51am WNW 30.59   62
10   36.4  47.4   2:55pm  30.2   2:42am   28    0  0.00   0   6   2:11pm WNW 30.41   56
11   41.1  49.2   9:55pm  31.3   6:46am   24    0  0.00   3  29   9:05pm  SE 29.99   42
12   40.4  48.5  12:13am  31.2   3:26pm   24    0  0.06   8  40   7:32am  SE 29.71   64
13   39.8  45.9   3:15pm  33.1   6:58am   25    0  0.61   1  19   4:27am   S 29.84   73
14   46.1  52.6   1:31pm  42.0  11:59pm   19    0  0.00   4  19   8:40am  SE 29.82   32
15   40.0  44.7   2:09pm  34.3  11:56pm   25    0  0.00   1  10   2:46pm  SE 30.00   47
16   36.6  42.9   2:51pm  31.0   6:39am   28    0  0.00   1   8  12:49pm WNW 30.29   49
17   46.4  53.9   8:22pm  34.0   3:55am   18    0  0.00   8  32   8:17pm  SE 29.99   33
18   42.6  51.5  12:14am  31.8   8:59pm   22    0  0.00   7  35   8:36am  SE 29.51   58
19   30.9  35.4  12:51pm  28.1   7:51am   34    0  0.30   0   6   1:59pm  SE 29.88   78
20   35.5  46.8   9:56pm  27.2   2:53am   29    0  0.07   1  24  11:06am  SE 30.00   76
21   39.1  43.3   1:17am  34.2   2:58am   26    0  0.22   1  17   1:24am  SE 30.08   87
22   44.6  51.6   2:14pm  36.6  12:07am   20    0  0.00   4  22   5:40am  SE 30.22   57
23   50.7  60.6   2:45pm  40.9  12:04am   14    0  0.00   4  28  10:32pm  SE 30.01   36
24   53.7  57.3   1:28am  49.3  10:11pm   11    0  0.00  10  33  12:07am  SE 29.77   31
25   40.7  49.5  12:08am  30.3  10:39pm   24    0  0.00   2  22   2:31pm  NW 30.08   48
26   31.8  39.3   3:07pm  26.1   7:43am   32    0  0.00   1   8   1:00pm WNW 30.69   44
27   35.9  47.2   2:36pm  28.6   7:23am   29    0  0.00   0   6   1:28pm WNW 30.59   45
28   38.5  45.5   2:20pm  32.2   3:24am   26    0  0.00   1   9   6:14pm WNW 30.40   58
29   39.4  48.6  12:52pm  32.2   7:29am   25    0  0.00   0   9   4:40pm  SE 30.35   59
30   37.4  44.7  10:09am  33.2   8:07pm   27    0  0.01   1  13  12:59pm  NW 30.01   70
---------------------------------------------------------------------------------------
TOT  39.2  60.6 11/23/11  25.7  11/9/11  764    0  2.32   3  37 11/12/11  SE 30.09   57

HEAT BASE: 65.0
COOL BASE: 65.0