NOAA-Style Climate Reports


Report for 2011 December
                  MONTHLY CLIMATOLOGICAL SUMMARY FOR 12/2011
                                        HEAT  COOL        
     MEAN                               DEG   DEG       WIND SPEED       DOM MEAN  MEAN
DAY  TEMP  HIGH   TIME     LOW   TIME   DAYS  DAYS RAIN AVG  HI  TIME    DIR BAROM HUM
---------------------------------------------------------------------------------------
1    33.5  37.0   8:50pm  29.0  11:27pm   31    0  0.01  10  64   6:11am  NW 30.16   48
2    29.0  36.7   1:22pm  24.8   7:04am   36    0  0.00   1   9   1:57pm ESE 30.08   67
3    28.1  34.7   1:42pm  23.4  11:22pm   36    0  0.02   2  19   6:18am  NW 30.20   65
4    25.0  27.8   9:58am  21.2  11:58pm   39    0  0.00   1  19  10:17pm  NW 30.28   70
5    19.4  25.2   1:21pm  14.4   7:03am   45    0  0.00   1  10   1:26am  SE 30.51   63
6    21.4  29.2   2:21pm  15.9   7:44am   43    0  0.00   1   8   2:47pm WNW 30.64   57
7    24.8  33.4   2:00pm  19.4   7:31am   39    0  0.00   0   6   3:29pm WNW 30.52   61
8    27.6  34.1   2:16pm  22.8   3:19am   37    0  0.00   0   6   1:50pm WNW 30.41   71
9    29.1  37.7   2:39pm  23.8   7:00am   72    0  0.00   0   7   1:28pm WNW 30.49   70
10   29.4  38.9   2:23pm  24.4   4:41am   35    0  0.00   0   5   1:05pm WNW 30.38   64
11   31.3  39.5   1:57pm  26.6   7:36am   33    0  0.00   0   5  11:19am  NW 30.04   66
12   35.7  43.3   1:28pm  29.4  11:49pm   29    0  0.00   1   9   3:55am ESE 29.93   56
13   29.9  32.9   4:50pm  28.5   1:53am   35    0  0.02   0   5   5:21am WNW 30.00   90
14   28.0  31.0   2:46pm  24.5  10:50pm   37    0  0.00   0   5  11:45am WNW 30.25   95
15   23.9  28.1   2:51pm  19.3   7:29am   41    0  0.01   1   6   3:19pm WNW 30.39   94
16   24.3  27.4   1:10pm  21.9  11:03pm   40    0  0.00   1  10   4:51am ESE 30.64   89
17   23.8  28.3   3:19pm  20.4   6:56am   41    0  0.00   0   5  11:21am  NW 30.63   91
18   23.9  30.3   2:16pm  21.8   7:58am   40    0  0.00   1   6  12:28pm  NW 30.33   91
19   22.8  24.8   2:18pm  20.9   7:42am   41    0  0.00   1   6   1:16am WNW 30.32   93
20   24.6  28.4   3:15pm  21.2   6:13am   40    0  0.00   1   9   8:12am WNW 30.32   91
21   26.7  30.3  11:39am  23.4  12:00am   37    0  0.00   1  15   1:03pm WNW 30.20   81
22   26.2  32.2   2:05pm  22.1  10:54pm   38    0  0.00   1  13   6:34am ENE 30.47   67
23   24.0  32.0   2:03pm  17.9   7:45am   41    0  0.00   0   6   1:16am WNW 30.73   60
24   24.6  32.2   1:41pm  19.0   6:44am   40    0  0.01   0   6   1:25pm WNW 30.80   61
25   28.4  37.8   2:34pm  21.2   8:33am   36    0  0.00   1   9  10:25pm  NW 30.61   59
26   30.1  37.8   3:38pm  24.4   6:03am   34    0  0.00   0   6  11:54am WNW 30.41   59
27   32.5  42.2   1:02pm  26.0   7:29am   32    0  0.00   1  13   1:02pm ESE 30.39   55
28   40.3  47.5   4:16pm  32.0   3:28am   24    0  0.00   1   7  12:47pm ENE 30.32   48
29   48.1  54.2   3:10am  40.4   4:39am   17    0  0.02   2  24   6:52am  SE 30.06   48
30   52.7  56.4   3:52pm  37.9  11:58pm   12    0  0.00  12  40  11:20pm  SE 29.83   38
31   31.1  37.9  12:00am  26.2   7:23pm   33    0  0.00   2  21   5:37am WNW 30.29   50
---------------------------------------------------------------------------------------
TOT  29.0  56.4 12/30/11  14.4  12/5/11 1135    0  0.09   1  64  12/1/11 WNW 30.34   68

HEAT BASE: 65.0
COOL BASE: 65.0