NOAA-Style Climate Reports


Report for 2012 January
                  MONTHLY CLIMATOLOGICAL SUMMARY FOR 1/2012
                                        HEAT  COOL        
     MEAN                               DEG   DEG       WIND SPEED       DOM MEAN  MEAN
DAY  TEMP  HIGH   TIME     LOW   TIME   DAYS  DAYS RAIN AVG  HI  TIME    DIR BAROM HUM
---------------------------------------------------------------------------------------
1    31.9  41.0   2:10pm  26.0   6:49am   33    0  0.00   0   6  11:57am  NW 30.67   42
2    35.8  45.8   2:56pm  29.1   8:23am   29    0  0.00   0   6   5:41pm WNW 30.55   48
3    40.5  51.0   3:05pm  31.7   8:44am   24    0  0.00   1   8   3:46am ESE 30.42   44
4    40.2  47.4   2:16pm  33.8   4:06am   24    0  0.00   0   5   7:26am WNW 30.53   44
5    42.7  52.2   2:17pm  36.3  11:41pm   22    0  0.00   0   7   1:14pm   E 30.24   39
6    36.3  42.5   2:41pm  31.3   8:47am   28    0  0.00   0   9  10:27pm WNW 30.12   58
7    29.3  37.2  12:06am  22.5  11:58pm   35    0  0.05   1   8   3:54pm  SE 30.19   88
8    24.7  30.0   1:33pm  20.0   6:56am   39    0  0.00   0   7   8:46am ESE 30.53   79
9    27.8  34.2   2:48pm  22.8   4:38am   37    0  0.13   0   6   2:22pm  SE 30.57   79
10   30.8  39.4   1:08pm  25.5   2:38am   34    0  0.06   0   8   7:14pm NNE 30.31   78
11   26.2  31.3  12:00am  20.1  11:59pm   38    0  0.00   1  11   4:26am  NW 30.42   68
12   22.6  30.2   2:28pm  17.9   6:55am   42    0  0.00   0   6  11:58am  NW 30.52   54
13   27.8  35.7   3:06pm  19.9  12:41am   36    0  0.01   0  10   4:34am   E 30.54   41
14   40.0  52.1  11:16pm  29.5   3:29am   25    0  0.02   3  33  11:26pm  SE 30.25   25
15   48.5  51.5  12:00am  44.0  11:51pm   16    0  0.00  17  44  11:13pm  SE 29.72   12
16   23.0  44.1  12:04am  14.5   8:07pm   42    0  0.00   3  38  12:26am  SW 29.96   65
17   22.6  34.8  11:52pm  14.6   6:10am   38    0  0.00   3  23  11:21am ESE 30.39   43
18   37.7  41.4  11:59am  31.2   3:21am   26    0  0.47   8  35   7:36pm  SE 30.17   51
19   46.5  51.0   1:24pm  39.9  12:25am   19    0  0.12   6  30  12:28am  SE 29.89   56
20   45.7  52.3  10:42pm  39.1   3:45am   19    0  0.05   5  30   9:46pm  SE 29.86   58
21   40.4  53.0   6:17am  31.4  11:56pm   25    0  2.17   9  47   2:34am  SE 29.50   76
22   30.2  35.8   1:33pm  24.9   7:48am   35    0  0.31   0  16  10:11pm ESE 30.08   74
23   33.9  40.3  12:41pm  28.8  11:54pm   31    0  0.06   1  23   3:08am SSE 29.94   74
24   30.5  33.9   2:50pm  27.7   6:49pm   34    0  0.28   0   8   9:07pm ESE 30.30   85
25   37.3  43.2   6:46pm  30.1   1:03am   28    0  0.40   1  13   8:24am  SE 30.45   73
26   40.7  46.5  11:47am  35.4   2:31am   24    0  0.25   4  28  12:39pm  SE 30.13   77
27   29.5  37.8  12:00am  24.7  11:14pm   36    0  0.01   1   9   5:10am  SE 30.40   70
28   27.9  36.7   3:28pm  19.9   4:05am   37    0  0.00   1   7   2:04pm ESE 30.66   63
29   32.9  42.2   2:52pm  25.5   6:37am   32    0  0.00   0   6   7:12pm ESE 30.46   45
30   36.6  46.3  11:43am  29.6   8:44am   28    0  0.00   1  13   9:41am   E 30.10   56
31   35.3  43.3   4:10pm  29.4   7:07am   30    0  0.00   1   7  12:49pm ESE 30.16   61
---------------------------------------------------------------------------------------
TOT  34.1  53.0  1/21/12  14.5  1/16/12  946    0  4.39   2  47  1/21/12  SE 30.26   59

HEAT BASE: 65.0
COOL BASE: 65.0