NOAA-Style Climate Reports


Report for 2012 February
                  MONTHLY CLIMATOLOGICAL SUMMARY FOR 2/2012
                                        HEAT  COOL        
     MEAN                               DEG   DEG       WIND SPEED       DOM MEAN  MEAN
DAY  TEMP  HIGH   TIME     LOW   TIME   DAYS  DAYS RAIN AVG  HI  TIME    DIR BAROM HUM
---------------------------------------------------------------------------------------
1    38.6  48.2  11:03am  33.5  11:18pm   26    0  0.00   2  29  10:38am ESE 30.12   59
2    33.5  38.3   2:20pm  29.8   4:08am   32    0  0.02   1  14  11:21pm WSW 30.12   85
3    34.4  39.5  12:51pm  28.8   8:54am   31    0  0.00   5  25  10:13am ENE 30.25   54
4    32.6  41.1   3:00pm  26.8   6:51am   32    0  0.00   1   9  12:33pm ESE 30.36   55
5    31.8  40.0   3:18pm  26.4   5:51am   33    0  0.00   1   7   2:20pm  NW 30.31   58
6    30.9  39.2   3:39pm  25.3   6:10am   34    0  0.00   1   9   2:19pm WNW 30.26   66
7    34.1  43.4   3:43pm  26.7   8:28am   31    0  0.00   1  11   4:36pm  SE 30.25   50
8    36.6  41.9  12:15pm  33.0   5:02pm   25    0  0.02   1  19   7:53am  NW 30.29   66
9    37.8  40.8   3:58pm  34.7   8:16am   27    0  0.01   0   6   3:10am ESE 30.37   79
10   43.9  52.2   3:05pm  34.9   3:15am   17    0  0.00   2  17   9:55pm ESE 30.16   62
11   44.1  53.3   2:45pm  39.3   5:19am   21    0  0.01   2  26  10:21pm  SE 29.87   53
12   35.5  44.6  12:00am  32.5  11:45am   29    0  0.14   1   7   2:23am SSW 29.77   89
13   37.8  44.2   4:17pm  33.2   1:16am   27    0  0.60   1  10   6:19pm ESE 29.81   74
14   35.7  41.4  12:35pm  30.4   6:54am   29    0  0.02   1  16  11:38pm  SE 29.81   73
15   34.2  37.9   4:17pm  31.3  11:53pm   31    0  0.05   1  13  12:00am  SE 29.97   82
16   32.6  38.3   3:56pm  27.2   3:36am   32    0  0.00   1   8   6:16am  SE 30.32   76
17   33.3  41.0   3:34pm  26.6  12:50am   32    0  0.00   1   9   4:06pm ESE 30.30   61
18   36.6  45.8   1:27pm  28.1   6:32am   28    0  0.00   2  20   7:51pm  SE 30.07   58
19   27.8  31.9  12:00am  23.3   8:12am   37    0  0.09   1  10   7:17am  NW 29.95   82
20   28.2  34.5   1:23pm  20.1   3:59am   37    0  0.01   3  16   9:25am ESE 30.20   62
21   37.9  43.1  11:41pm  32.7   4:00am   26    0  0.11   3  16   4:13pm  SE 30.22   68
22   47.8  54.2   2:55pm  41.3  11:27pm   17    0  0.00   3  26  11:14pm   S 29.99   58
23   32.2  42.1  12:01am  26.9   8:47pm   33    0  0.00   5  28   1:55am  NW 30.09   52
24   34.9  43.8   4:09pm  24.8   3:04am   30    0  0.00   2  13   1:46pm ESE 30.33   44
25   36.8  47.0   3:29am  22.7  11:07pm   28    0  0.00  11  51   4:07am  NW 29.94   44
26   28.8  37.1   3:53pm  21.1   5:03am   36    0  0.00   2  15  12:00am  SW 30.19   47
27   36.2  45.5   1:22pm  28.9  12:03am   27    0  0.01   1  18  11:17pm   E 29.83   45
28   32.4  39.3  12:01am  27.9   1:07pm   33    0  0.01   3  22  11:55pm  SE 29.88   75
29   34.5  43.6   3:47pm  23.9   9:25pm   30    0  0.01  11  51   2:04pm  SE 29.93   66
---------------------------------------------------------------------------------------
TOT  35.2  54.2  2/22/12  20.1  2/20/12  851    0  1.11   2  41  2/25/12  SE 30.10   64

HEAT BASE: 65.0
COOL BASE: 65.0