NOAA-Style Climate Reports


Report for 2012 March
                  MONTHLY CLIMATOLOGICAL SUMMARY FOR 3/2012
                                        HEAT  COOL        
     MEAN                               DEG   DEG       WIND SPEED       DOM MEAN  MEAN
DAY  TEMP  HIGH   TIME     LOW   TIME   DAYS  DAYS RAIN AVG  HI  TIME    DIR BAROM HUM
---------------------------------------------------------------------------------------
1    28.2  34.7   4:15pm  21.9  11:57pm   37    0  0.21   3  22   4:23am ESE 29.94   78
2    24.0  30.2   3:39pm  16.8   7:25am   41    0  0.02   2  16  12:13am  SE 30.37   75
3    34.2  40.0   3:39pm  27.0   1:56am   31    0  0.09   2  13   6:41pm  SE 30.53   57
4    43.4  51.2   4:59pm  36.3   8:04am   22    0  0.00   2  13   3:39am ESE 30.35   53
5    50.1  59.8   5:04pm  37.9   7:39am   15    0  0.00   5  33  11:02pm ESE 29.95   33
6    44.3  55.6  12:00am  23.8  10:26pm   21    0  0.00  11  37  12:54am  SE 29.42   47
7    30.1  39.7   3:55pm  21.5   2:25am   35    0  0.26   2  15  11:18pm  NW 30.00   65
8    33.3  43.0   3:10pm  24.9   8:29am   32    0  0.05   1  10  12:54am ESE 30.56   53
9    39.3  50.0   4:09pm  30.1   7:08am   26    0  0.00   1  11   2:26pm ESE 30.44   54
10   44.2  55.5   2:36pm  34.3   5:28am   21    0  0.00   1  10   3:08pm ESE 30.01   46
11   51.3  62.4   4:07pm  40.0   7:47am   13    0  0.00   5  32  10:51pm  SE 29.71   32
12   55.0  62.6   4:03pm  47.7   8:47am   10    0  0.00  10  33  12:20pm SSE 29.72   25
13   56.6  61.7   5:02pm  52.6   6:31am    8    0  0.00  12  34   9:27am SSE 29.66   21
14   55.8  61.3   1:30pm  51.7   7:50am    9    0  0.00   9  37   8:09am  SE 29.79   29
15   57.7  66.6   5:29pm  49.1   5:21am    7    0  0.00   4  21   4:40pm  SE 29.88   34
16   58.7  62.0   1:54pm  55.5   6:50am    6    0  0.00  11  34   2:42am  SE 29.61   30
17   56.5  63.2   1:58pm  49.6   8:13pm    9    0  0.00  11  43  10:14am  SE 29.31   36
18   38.5  50.2   1:27am  31.3  11:30pm   26    0  0.45  10  35   8:24am  SE 29.30   70
19   33.5  39.4   6:38pm  28.7   2:55am   31    0  0.05   3  16  12:07am  NW 29.76   66
20   36.3  46.3   5:36pm  24.0   7:30am   29    0  0.00   2  15   2:21pm   S 30.15   54
21   49.8  60.3   5:38pm  40.0   7:02am   15    0  0.00   3  14   3:39pm ESE 30.08   42
22   58.1  70.1   3:30pm  44.2   8:06am    8    1  0.00   4  25   8:23pm  SE 29.81   28
23   63.3  67.6   4:48pm  60.3  11:58pm    2    0  0.00  10  32   9:01am  SE 29.66   23
24   62.3  70.2   3:53pm  57.5   7:41am    3    1  0.00   7  23   4:35am  SE 29.74   26
25   63.6  69.7   3:40pm  58.2   7:18am    2    1  0.00   5  21   1:45pm  SE 29.57   22
26   47.9  61.4  12:00am  34.7   9:01am   17    0  0.11   8  47   8:38am  SE 29.63   45
27   49.8  58.6   5:55pm  39.4   6:05am   15    0  0.00   4  25   6:18pm  SE 29.95   37
28   54.5  62.6   1:27pm  45.4   8:48pm   11    0  0.05   9  31   3:58am  SE 29.78   37
29   48.7  58.8  12:50pm  37.2   7:28am   16    0  0.09   2  20  10:29pm ESE 29.91   62
30   58.8  69.3   5:47pm  47.3   6:53am    7    1  0.00   3  19  11:29pm ESE 29.81   41
31   66.3  74.7   5:09pm  59.5   7:23am    1    2  0.00  13  41  11:42pm SSE 29.48   25
---------------------------------------------------------------------------------------
TOT  48.2  74.7  3/31/12  16.8   3/2/12  526    6  1.38   6  47  3/26/12  SE 29.87   43

HEAT BASE: 65.0
COOL BASE: 65.0