NOAA-Style Climate Reports


Report for 2012 April
                  MONTHLY CLIMATOLOGICAL SUMMARY FOR 4/2012
                                        HEAT  COOL        
     MEAN                               DEG   DEG       WIND SPEED       DOM MEAN  MEAN
DAY  TEMP  HIGH   TIME     LOW   TIME   DAYS  DAYS RAIN AVG  HI  TIME    DIR BAROM HUM
---------------------------------------------------------------------------------------
1    42.2  64.6  12:00am  30.8  10:22am   23    0  0.27   5  39  12:49am  NW 29.59   63
2    39.8  52.6   5:36pm  25.4   6:47am   25    0  0.03   2  16   3:07pm  NW 30.11   44
3    48.2  58.1   5:24pm  38.7   7:39am   17    0  0.00   2  20   3:46am  NW 30.00   48
4    57.1  71.0   3:21pm  45.1  11:56pm    8    1  0.00   4  29  10:16am SSE 29.66   34
5    43.6  51.2   1:51pm  35.9   6:12am   21    0  0.00   2  12  11:34pm  NW 29.62   54
6    35.6  43.0  12:00am  29.2   8:06am   29    0  0.22   2  18   7:41am WSW 30.01   60
7    43.9  56.4   5:52pm  31.9   1:15am   21    0  0.10   2  12   3:06pm ESE 30.31   39
8    55.7  70.2   4:59pm  41.3   6:01am   10    1  0.00   1  15  11:54pm ESE 30.10   26
9    63.1  74.7   4:11pm  50.4   7:51am    4    2  0.00   2  13  12:00am  NW 29.87   18
10   68.1  76.6   4:41pm  57.7   7:17am    1    4  0.00   6  22  10:40am ESE 29.66   14
11   60.7  73.5   1:34pm  42.0   8:40pm    6    1  0.54   8  38   9:30pm  SE 29.47   31
12   41.0  46.9  10:16am  33.3   2:46pm   24    0  0.49   4  27  12:32am SSE 29.73   75
13   44.9  54.4   4:25pm  32.9   3:19am   20    0  0.01   4  23   1:16pm ESE 29.77   58
14   42.1  52.7   3:05pm  38.0   6:40am   16    0  0.09   2  22   3:42pm  SE 29.57   76
15   47.1  55.5   4:41pm  40.0   8:27am   18    0  0.00   3  16  12:48pm   W 29.92   48
16   51.1  60.7   3:39pm  39.9   6:21am   14    0  0.00   2  25  11:54pm ESE 30.08   35
17   53.0  61.7   5:26pm  41.6   8:31am   12    0  0.46   5  25   1:22am  SE 30.01   53
18   51.9  57.8   5:01am  46.1  11:16am   13    0  0.05   2  23   4:59am SSE 29.89   57
19   51.8  61.3   4:39pm  44.0   4:11am   13    0  0.08   1  14   4:16pm  NW 30.01   61
20   59.2  69.6   5:50pm  48.8   5:08am    6    1  0.00   2  12  10:12pm ESE 30.07   48
21   67.1  78.9   5:32pm  52.5   7:21am    3    5  0.00   2  15  12:18am ESE 29.93   33
22   70.8  85.2   5:08pm  56.8   7:21am    1    7  0.00   1  16   9:28am ESE 29.84   26
23   75.0  87.1   2:38pm  61.8   7:12am    0   10  0.00   3  25  10:58am ESE 29.70   23
24   76.1  83.0   5:44pm  69.2   8:56am    0   11  0.00   5  30   7:13am  SE 29.56   18
25   66.6  73.9   4:59pm  60.6   7:04am    1    2  0.00   4  28   9:44pm SSE 29.65   37
26   64.0  76.3   1:47pm  39.8  11:50pm    3    2  0.54   8  32   9:19pm  SE 29.50   41
27   42.1  50.7   5:07pm  36.1   6:43am   23    0  1.08   4  19  10:32am  NW 29.97   61
28   44.2  53.2   5:04pm  34.0   6:33am   21    0  0.00   2  14   3:29pm ESE 30.10   38
29   51.6  60.4   4:41pm  42.9   1:20am   13    0  0.00   2  12   5:17pm  NW 29.98   39
30   59.6  70.7   2:38pm  46.7   6:09am    6    1  0.00   2  19   7:33pm  SW 29.75   34
---------------------------------------------------------------------------------------
TOT  54.0  87.1  4/23/12  25.4   4/2/12  370   48  3.96   3  38  4/11/12 ESE 29.85   43

HEAT BASE: 65.0
COOL BASE: 65.0