NOAA-Style Climate Reports


Report for 2012 May
                  MONTHLY CLIMATOLOGICAL SUMMARY FOR 5/2012
                                        HEAT  COOL        
     MEAN                               DEG   DEG       WIND SPEED       DOM MEAN  MEAN
DAY  TEMP  HIGH   TIME     LOW   TIME   DAYS  DAYS RAIN AVG  HI  TIME    DIR BAROM HUM
---------------------------------------------------------------------------------------
1    57.7  67.7   4:59pm  47.4   3:29am    8    0  0.29   3  17  11:59pm ESE 29.60   56
2    59.8  68.1   5:56pm  53.2   7:24am    5    0  0.00   3  27  12:09am  NW 29.61   41
3    61.3  70.9  12:23pm  53.5   2:47am    4    1  0.00   3  28  10:51am SSE 29.62   38
4    58.8  69.2   6:17pm  48.3   6:46am    7    0  0.00   2  13  11:40pm  NW 29.73   54
5    48.5  55.9  12:00am  42.2   6:53am   16    0  0.00   2  15   3:46am  NW 30.03   48
6    48.8  58.2   3:48pm  37.4   6:50am   16    0  0.00   2  13   4:35pm  NW 30.15   40
7    56.6  69.6   4:38pm  44.9   5:21am    9    1  0.00   3  20   1:27pm  NW 30.02   29
8    61.1  72.3   3:17pm  47.4   6:34am    6    2  0.00   1  10   2:54pm  NW 29.96   27
9    65.0  77.8   6:03pm  52.8   5:24am    3    3  0.00   1  10   9:37pm ESE 29.80   24
10   65.0  70.5   4:32am  52.9  11:23pm    2    2  0.00   5  31   6:42am  NW 29.66   23
11   56.3  68.6   4:31pm  44.2   7:10am    9    0  0.00   1  10   2:10pm  NW 29.89   32
12   59.6  71.1   3:05pm  45.6   7:11am    7    2  0.00   1  11   1:22am  NW 30.04   28
13   62.5  73.8   4:59pm  51.8   6:41am    5    2  0.00   1  12   2:11pm  NW 30.05   33
14   68.7  82.5   4:42pm  53.8   5:52am    3    6  0.00   1   9   9:39pm ESE 29.93   27
15   76.3  88.0   4:52pm  63.2   7:15am    0   11  0.00   3  20   1:58pm ESE 29.69   14
16   73.5  81.6  12:29pm  67.1   5:53am    0    8  0.00   3  18   2:06am ESE 29.59   24
17   70.5  79.5  12:49pm  62.1   3:34am    0    6  0.00   3  24   2:29pm ESE 29.49   28
18   55.7  66.1  12:50am  46.2  10:39am    9    0  0.28   1  24   8:39am  NW 29.55   61
19   58.1  68.9   6:33pm  46.8   6:45am    7    1  0.00   1  10   2:23pm  NW 29.91   49
20   66.0  79.8   5:16pm  51.7   5:15am    4    5  0.00   1  10   3:39pm WNW 29.91   30
21   75.3  89.5   6:07pm  58.1   7:05am    1   11  0.00   3  26  11:38pm ESE 29.73   23
22   71.8  80.5   4:44pm  61.8  11:59pm    0    7  0.00   2  27  12:20am  NW 29.49   29
23   55.2  61.8  12:00am  45.7  11:05pm   10    0  0.02   3  17   7:00pm  NW 29.58   44
24   52.9  62.6   6:21pm  39.6   7:38am   12    0  0.00   2  17  11:29pm  SE 29.62   38
25   60.2  67.1   5:50pm  54.3  11:52pm    5    0  0.00   2  18   2:10am  NW 29.26   38
26   52.4  58.9  10:26am  44.9   1:56pm   12    0  0.42   4  32   4:25pm   S 29.44   55
27   50.0  59.3   5:04pm  42.6   8:33am   15    0  0.01   5  24   1:10am WSW 29.88   57
28   59.0  70.1   5:44pm  48.0   5:51am    7    1  0.00   2  12  10:22pm  SE 29.96   40
29   67.2  80.2   3:12pm  52.7   5:50am    3    5  0.00   1  12   1:09pm  NW 29.79   29
30   67.4  78.2   4:59pm  55.3   6:15am    2    5  0.00   1  13   5:27pm  NW 29.83   32
31   69.2  80.3   6:02pm  56.2   6:15am    2    6  0.00   1  10  12:33pm  NW 29.86   35
---------------------------------------------------------------------------------------
TOT  61.6  89.5  5/21/12  37.4   5/6/12  189   85  1.02   2  27  5/10/12  NW 29.76   36

HEAT BASE: 65.0
COOL BASE: 65.0