NOAA-Style Climate Reports


Report for 2012 June
                  MONTHLY CLIMATOLOGICAL SUMMARY FOR 6/2012
                                        HEAT  COOL        
     MEAN                               DEG   DEG       WIND SPEED       DOM MEAN  MEAN
DAY  TEMP  HIGH   TIME     LOW   TIME   DAYS  DAYS RAIN AVG  HI  TIME    DIR BAROM HUM
---------------------------------------------------------------------------------------
1    73.4  85.8   5:11pm  60.3   5:42am    1    9  0.00   1  10   2:58pm  SE 29.72   35
2    79.3  91.5   5:55pm  67.3   5:30am    0   14  0.00   2  18   8:00am  SE 29.48   26
3    79.0  90.2   4:49pm  64.3   6:26am    0   14  0.00   2  18  11:13pm ESE 29.53   31
4    83.0  90.3   4:13pm  73.9   1:41am    0   18  0.00   7  25   3:33pm  SE 29.42   15
5    60.8  78.9  12:02am  43.2  11:38pm    8    4  0.00   5  29  12:12am  SE 29.47   44
6    50.3  59.9   4:14pm  41.0   5:27am   15    0  0.00   1  11   2:05pm  NW 29.99   48
7    59.3  71.9   6:28pm  44.5   6:08am    7    2  0.00   1  14  11:47pm  NW 29.94   36
8    73.5  84.8   5:51pm  61.6   3:12am    0    9  0.00   3  29   9:29pm  NW 29.52   20
9    57.1  64.2  11:54am  45.6  11:53pm    8    0  0.00   3  22   4:24pm  NW 29.56   45
10   53.2  64.7   6:09pm  42.7   5:44am   12    0  0.00   1  13  12:27pm ESE 30.03   39
11   62.8  74.5   5:33pm  50.5   6:48am    4    2  0.00   1   9   1:51pm ESE 30.01   32
12   70.2  82.7   6:21pm  56.6   6:43am    2    7  0.00   1  14  10:45pm ESE 29.81   24
13   73.6  82.2   4:07pm  63.2   6:44am    0    9  0.00   2  20   5:21am  NW 29.58   25
14   69.4  81.0   5:39pm  57.1   6:42am    1    6  0.00   1  10  10:21am  NW 29.63   36
15   71.1  81.5   2:41pm  62.0   7:31am    0    6  0.00   2  16   3:10pm ESE 29.65   35
16   72.5  82.5   4:39pm  60.0   6:02am    0    8  0.00   2  15   6:13am  NW 29.81   30
17   78.5  92.2   4:57pm  62.7   5:39am    0   13  0.00   2  24  11:32pm  SE 29.62   22
18   78.7  91.1   5:14pm  64.9  11:45pm    0   14  0.00   3  22   5:02pm WSW 29.36   26
19   63.8  74.6   5:25pm  54.0   6:44am    3    2  0.00   2  14  10:08pm  NW 29.60   34
20   61.0  71.5   6:36pm  51.0   6:42am    5    1  0.00   1  12  11:46am SSE 29.91   34
21   72.9  89.6   5:46pm  55.1   6:37am    3   10  0.00   1  18  11:42pm ESE 29.76   29
22   83.8  91.6   5:18pm  77.6   6:23am    0   19  0.00  10  30   6:11am  SE 29.39   11
23   83.2  93.1   5:20pm  73.9   6:33am    0   18  0.00  10  33  10:17pm  SE 29.36    8
24   85.0  94.3   5:20pm  76.5   6:06am    0   20  0.00   8  28  12:26pm  SE 29.54   11
25   85.3  92.2   6:13pm  79.6   7:44am    0   20  0.00   8  25   2:27am  SE 29.51   18
26   78.3  85.0  12:01pm  63.6  11:59pm    0   13  0.00   6  30   1:54am  SE 29.48   18
27   71.7  85.7   5:53pm  56.4   6:29am    2    8  0.00   1   8   2:34pm  SE 29.69   32
28   83.7  93.8   5:20pm  69.6  12:34am    0   18  0.00   6  27   7:07am  SE 29.66   19
29   83.7  92.7   4:41pm  71.2   6:37am    0   19  0.00   4  29   1:05am  SE 29.61   20
30   82.0  93.6   3:30pm  67.7   6:43am    0   17  0.00   1  20   1:41pm ESE 29.55   19
---------------------------------------------------------------------------------------
TOT  72.7  94.3  6/24/12  41.0   6/6/12   71  299  0.00   3  33  6/23/12  SE 29.64   27

HEAT BASE: 65.0
COOL BASE: 65.0