NOAA-Style Climate Reports


Report for 2012 July
                  MONTHLY CLIMATOLOGICAL SUMMARY FOR 7/2012
                                        HEAT  COOL        
     MEAN                               DEG   DEG       WIND SPEED       DOM MEAN  MEAN
DAY  TEMP  HIGH   TIME     LOW   TIME   DAYS  DAYS RAIN AVG  HI  TIME    DIR BAROM HUM
---------------------------------------------------------------------------------------
1    86.5  94.0   3:27pm  79.4   6:48am    0   21  0.00   7  26   1:51am  SE 29.44   11
2    81.8  91.6   3:38pm  67.6   6:45am    0   17  0.00   2  19  10:41pm  NW 29.51   28
3    85.4  93.5   3:54pm  77.5  11:59pm    0   20  0.00   7  30   8:54am  SE 29.48   14
4    79.1  90.2   3:41pm  65.9   5:34am    0   14  0.00   1   9   1:37am  NW 29.52   30
5    71.0  84.9  12:21am  61.6   1:47pm    0    6  0.35   2  23   7:00am  SE 29.63   61
6    71.5  82.9   6:31pm  61.0   5:34am    1    7  0.00   1   8   2:31pm  NW 29.86   67
7    78.4  89.2   3:29pm  68.0   6:00am    0   13  0.00   3  27   3:03am ESE 29.81   41
8    81.1  91.9   3:48pm  69.0   4:20am    0   16  0.00   1  16   2:15am   W 29.79   35
9    85.0  96.2   3:29pm  72.8   6:28am    0   20  0.00   1  26   3:41am  NW 29.72   25
10   86.2  98.2   4:15pm  73.9   6:20am    0   21  0.00   2  24   9:29pm ESE 29.64   24
11   86.3  97.6   6:26pm  75.7   6:47am    0   21  0.00   4  24   9:31pm ESE 29.60   22
12   86.5  98.6   3:39pm  74.1   7:10am    0   21  0.00   2  22   8:13pm ESE 29.59   24
13   78.8  88.6   3:44pm  65.7   8:40pm    0   14  0.02   3  41   6:31pm  SE 29.65   40
14   71.5  78.4   9:47am  65.3   3:04pm    0    6  0.15   2  23   5:56pm ESE 29.71   58
15   71.2  79.2   3:43pm  64.8   3:52am    0    6  0.00   4  27   1:04pm ESE 29.71   57
16   71.3  83.2   2:32pm  59.9   6:42pm    0    7  0.34   4  38   5:53pm  SE 29.68   53
17   76.1  85.0   5:33pm  63.4   4:25am    0   11  0.00   6  33  12:48am ESE 29.70   35
18   79.9  88.7   3:29pm  70.2   7:29am    0   15  0.00   4  22   3:20pm ESE 29.69   26
19   78.6  89.8   2:17pm  68.7   7:06am    0   13  0.00   1  19   4:37pm ESE 29.78   25
20   79.6  90.2   4:08pm  70.2   4:59am    0   14  0.00   2  16   5:59pm ESE 29.81   33
21   80.1  94.5   3:50pm  69.7   6:56am    0   15  0.00   2  24   5:40pm ESE 29.76   37
22   78.9  90.4   6:09pm  67.4  11:09pm    0   14  0.06   2  23  11:58pm  SE 29.74   41
23   76.9  88.2   1:57pm  68.5   7:17am    0   12  0.00   3  25   6:15pm ESE 29.74   44
24   75.5  84.1   4:53pm  68.6   4:39am    0   10  0.00   2  22   2:10am  NW 29.70   49
25   75.0  88.2   5:36pm  65.2   6:18am    0    7  0.00   2  11  12:01am  SE 29.71   45
26   83.4  94.8   3:53pm  69.5   6:33am    0   18  0.00   2  15  10:37pm ESE 29.64   24
27   82.1  90.7   5:05pm  69.4   9:08am    0   17  0.02   5  21  11:38pm  SE 29.62   30
28   83.5  94.5   4:27pm  76.7  10:19pm    0   18  0.00   7  28   7:18pm  SE 29.66   27
29   81.6  92.6   3:33pm  70.7   6:55am    0   16  0.00   3  21   9:52am  SE 29.69   30
30   81.0  93.5   5:09pm  70.4   5:43am    0   16  0.00   3  32   9:59pm  SE 29.68   34
31   78.7  91.0   5:31pm  67.1   6:12am    0   14  0.00   2  18  10:52pm  SE 29.73   39
---------------------------------------------------------------------------------------
TOT  79.5  98.6  7/12/12  59.9  7/16/12    2  440  0.94   3  40  7/13/12 ESE 29.68   36

HEAT BASE: 65.0
COOL BASE: 65.0