NOAA-Style Climate Reports


Report for 2012 August
                  MONTHLY CLIMATOLOGICAL SUMMARY FOR 8/2012
                                        HEAT  COOL        
     MEAN                               DEG   DEG       WIND SPEED       DOM MEAN  MEAN
DAY  TEMP  HIGH   TIME     LOW   TIME   DAYS  DAYS RAIN AVG  HI  TIME    DIR BAROM HUM
---------------------------------------------------------------------------------------
1    80.7  90.9   5:49pm  71.5   5:28am    0   15  0.00   2  22   4:59am ESE 29.73   32
2    80.8  90.2   4:49pm  69.4   6:53am    0   16  0.00   1  15   3:36pm ESE 29.67   28
3    77.8  87.0   6:18pm  65.7   5:08am    0   13  0.00   1  21  12:42am  NW 29.64   23
4    77.6  89.8   4:50pm  65.0   6:31am    0   12  0.00   1   9  12:35am  NW 29.72   28
5    81.4  93.9   4:31pm  70.4   5:59am    0   16  0.00   2  23   7:20pm ESE 29.78   28
6    80.9  90.4   6:04pm  68.8   6:58am    0   16  0.00   1  13   1:16am ESE 29.85   30
7    81.6  93.4   4:46pm  69.3   7:25am    0   16  0.00   1   8   6:11pm ESE 29.81   23
8    84.0  97.9   4:01pm  72.7   7:27am    0   19  0.00   1  16  11:12pm ESE 29.75   25
9    81.9  91.5   3:32pm  72.5   6:34am    0   17  0.00   1  10   9:35pm ESE 29.75   35
10   79.2  88.8   3:11pm  67.1  11:17pm    0   14  0.08   2  30   7:15pm ESE 29.68   37
11   75.4  87.9   4:18pm  63.7   6:08am    0   10  0.00   1  30   1:45am WNW 29.76   48
12   79.3  93.0   4:50pm  68.3   4:55am    0   14  0.00   1  16  11:49pm  SE 29.75   34
13   80.7  89.3   3:39pm  72.6   7:25am    0   16  0.00   3  26   6:14am  SE 29.70   35
14   78.2  86.7   3:54pm  67.9   6:13am    0   13  0.00   2  21  12:43am ESE 29.68   37
15   80.9  91.1   3:02pm  69.2   7:12am    0   15  0.00   3  16   1:10am ESE 29.61   31
16   82.0  91.5   2:00pm  71.4   7:25am    0   17  0.00   1  10  12:15am ESE 29.64   28
17   79.9  89.6   5:12pm  70.4   5:17am    0   15  0.00   1   8   1:55pm  NW 29.68   30
18   79.0  90.6   3:41pm  68.7   7:28am    0   14  0.00   0   7   5:16pm ESE 29.68   28
19   77.3  86.8   4:56pm  67.9   6:18am    0   12  0.00   1  10   5:04pm  NW 29.67   31
20   77.2  85.1   5:07pm  70.3   6:18am    0   12  0.00   1  10   3:40pm  SE 29.72   36
21   76.7  90.7   1:51pm  67.6   7:29am    0   12  0.00   1  16   3:26pm  NW 29.69   34
22   75.8  82.5   5:33pm  70.4   8:04am    0   11  0.00   2  24   4:28am  SE 29.66   42
23   75.3  85.5   3:59pm  64.5   7:21am    0   10  0.00   1   9   3:17pm  NW 29.66   43
24   76.0  85.5   3:39pm  66.1   7:32am    0   11  0.00   1  10  12:24am  NW 29.63   36
25   73.9  87.6   4:57pm  62.2   6:52am    0    9  0.00   1  26   8:36pm  SE 29.67   33
26   78.5  89.8   3:47pm  68.0   7:12am    0   13  0.01   3  28   7:24pm  SE 29.68   35
27   81.8  90.8   4:36pm  72.0   1:08am    0   17  0.00   5  22   7:55am ESE 29.74   30
28   84.0  92.3   4:18pm  76.1   8:12am    0   19  0.00   5  27   9:21pm  SE 29.70   30
29   83.0  90.1   3:28pm  74.1  11:59pm    0   18  0.00   6  26   1:33am  SE 29.61   26
30   77.0  85.2   5:20pm  68.4   8:21pm    0   12  0.05   2  15   1:40am  NW 29.63   35
31   71.1  83.3   3:14pm  59.3  11:39pm    0    6  0.17   2  22   3:42pm ESE 29.69   50
---------------------------------------------------------------------------------------
TOT  79.0  97.9   8/8/12  59.3  8/31/12    1  429  0.31   2  29  8/11/12 ESE 29.70   33

HEAT BASE: 65.0
COOL BASE: 65.0