NOAA-Style Climate Reports


Report for 2012 September
                  MONTHLY CLIMATOLOGICAL SUMMARY FOR 9/2012
                                        HEAT  COOL        
     MEAN                               DEG   DEG       WIND SPEED       DOM MEAN  MEAN
DAY  TEMP  HIGH   TIME     LOW   TIME   DAYS  DAYS RAIN AVG  HI  TIME    DIR BAROM HUM
---------------------------------------------------------------------------------------
1    66.0  77.1   4:43pm  59.1   3:29am    2    3  0.87   3  24   8:15pm ESE 29.80   69
2    68.3  80.5   5:27pm  57.8   6:50am    2    5  0.00   1  14  12:00am  NW 29.87   56
3    73.4  83.9   4:08pm  62.3   7:38am    0    9  0.00   1  11  10:11pm ESE 29.82   38
4    75.4  85.6   2:37pm  63.8   7:02am    0   10  0.00   1   9  12:32pm  NW 29.78   24
5    74.0  84.8   3:53pm  61.2   6:30am    0    9  0.00   1  10  10:03pm ESE 29.78   24
6    74.4  82.9   1:01pm  65.4   6:36am    0    9  0.00   2  21  10:16pm  SE 29.69   29
7    68.4  79.1   4:33pm  58.5   6:28am    1    4  0.00   1   9   4:54pm  NW 29.93   41
8    70.6  81.8   4:39pm  60.0   5:38am    1    6  0.00   1   9  11:49pm ESE 29.98   30
9    75.2  87.9   4:06pm  61.7   8:04am    0   10  0.00   2  18  12:09pm  SE 29.79   25
10   74.8  79.8   2:55pm  68.7  11:56pm    0   10  0.03   7  35   8:16pm  SE 29.65   33
11   68.2  74.8   2:42pm  62.2  11:21pm    0    4  0.00   2  31   3:37am  SE 29.73   52
12   63.1  72.9   4:31pm  54.6   7:26am    4    2  0.00   1   9   2:53pm ESE 29.98   34
13   63.9  76.1   5:16pm  52.8   7:06am    4    2  0.00   1   9   4:23pm  SE 30.16   31
14   68.4  81.9   4:31pm  56.3   6:24am    2    5  0.00   1   7   8:28pm ESE 30.07   28
15   73.0  84.7   3:05pm  60.8   7:50am    0    8  0.00   1   9  11:10pm ESE 29.92   22
16   72.8  83.0   2:51pm  61.0   7:57am    0    8  0.00   1  15   1:06am ESE 29.80   23
17   66.7  74.9   4:25pm  57.1   8:08am    1    3  0.00   1  15   3:50am  NW 29.86   33
18   67.5  78.4   3:56pm  57.2   4:33am    2    4  0.00   0   6  12:52pm ESE 29.97   30
19   68.4  80.6   4:21pm  57.6   8:09am    2    5  0.00   0   7   3:34pm ESE 29.94   24
20   68.1  79.3   4:03pm  57.8   7:36am    1    4  0.00   0   6   2:36pm  NW 29.92   26
21   67.7  79.6   4:39pm  57.1   7:44am    2    4  0.00   0   8   2:16pm ESE 29.90   27
22   70.6  85.4   3:49pm  58.9   7:37am    1    7  0.00   1  12  11:37pm ESE 29.85   24
23   75.7  79.6   4:59pm  67.0  11:58pm    0   11  0.00   7  32   7:56pm  SE 29.74   23
24   60.9  67.2  12:02am  56.2   6:38am    4    0  0.00   1   8   1:20am ESE 29.79   58
25   55.8  59.5   5:02pm  51.3   8:16am    9    0  0.04   1  16   2:59am  SE 29.87   74
26   60.0  70.3   3:36pm  52.8   4:15am    5    0  0.00   1   9   3:21pm WNW 29.90   66
27   63.7  73.4   5:25pm  53.6   7:21am    3    2  0.00   1   9   1:42pm  NW 29.93   52
28   66.0  76.9   3:12pm  56.1   7:01am    2    3  0.00   1   9   1:23pm  NW 29.87   42
29   67.0  76.3   3:43pm  56.9   7:14am    1    3  0.00   0   7   3:34pm ESE 29.90   35
30   66.2  76.6   3:09pm  57.6   7:41am    2    3  0.00   0   8   4:20pm  NW 29.98   37
---------------------------------------------------------------------------------------
TOT  68.5  87.9   9/9/12  51.3  9/25/12   52  156  0.94   1  35  9/10/12 ESE 29.87   37

HEAT BASE: 65.0
COOL BASE: 65.0