NOAA-Style Climate Reports


Report for 2012 October
                  MONTHLY CLIMATOLOGICAL SUMMARY FOR 10/2012
                                        HEAT  COOL        
     MEAN                               DEG   DEG       WIND SPEED       DOM MEAN  MEAN
DAY  TEMP  HIGH   TIME     LOW   TIME   DAYS  DAYS RAIN AVG  HI  TIME    DIR BAROM HUM
---------------------------------------------------------------------------------------
1    65.3  76.2   3:42pm  56.2   6:14am    2    3  0.00   0   7   4:33pm  NW 30.00   35
2    68.3  78.6   5:00pm  57.4   6:11am    2    5  0.00   2  21  10:59pm  SE 29.81   30
3    62.7  72.6  12:15am  50.9  11:55pm    3    1  0.00   1  15  12:04am  SE 29.80   32
4    54.5  66.2   4:18pm  44.3   6:47am   11    0  0.00   1   7   4:36pm ESE 29.94   33
5    50.6  59.0   4:25pm  40.0   5:56am   14    0  0.00   1  10   3:11pm  SE 30.03   28
6    47.7  58.4   3:10pm  39.7   6:49am   17    0  0.00   1   9   3:52pm ESE 30.08   34
7    48.4  58.2   3:34pm  39.8   7:52am   17    0  0.00   1   8   3:07pm  SE 30.09   33
8    54.2  67.4   3:32pm  42.1   8:29am   11    0  0.00   1   9   2:47pm ESE 29.94   29
9    59.1  70.1   3:15pm  50.3   8:38am    7    1  0.00   1   7  12:26pm  SE 29.85   30
10   61.4  72.8   4:08pm  50.8   8:13am    5    2  0.00   1  27  10:09pm  SE 29.83   33
11   64.6  76.9   5:53pm  54.8   7:29am    3    2  0.00   1  22  12:10am ESE 29.72   40
12   54.7  64.4  12:19am  43.9  11:59pm   10    0  0.56   3  28   6:25pm ESE 29.72   61
13   49.8  54.8   3:58pm  43.9  12:00am   15    0  0.05   0  17  12:03am ESE 30.09   78
14   55.3  63.6   2:47pm  47.7   2:57am   10    0  0.00   1  10   2:47pm ESE 30.19   59
15   58.0  68.9   3:27pm  48.4   7:30am    7    0  0.00   0   8   1:11am  SE 29.96   48
16   59.0  68.8   3:49pm  46.1  10:56pm    6    0  0.05   5  27   9:49am  SE 29.73   46
17   44.8  53.7   5:07pm  37.6   9:38am   20    0  0.00   1  11   2:14pm ESE 30.09   35
18   48.8  61.3   6:15pm  39.3   7:51am   16    0  0.00   0   4  12:48am ESE 30.23   30
19   56.9  67.2  11:57pm  45.4   4:36am    8    0  0.00   1  21  10:23pm ESE 29.98   31
20   64.3  72.4   4:22pm  57.3  10:40pm    2    1  0.00   3  23   1:03am  SE 29.56   28
21   55.4  62.8  10:36pm  48.3   5:51am   10    0  0.00   1  31  11:27pm  SE 29.58   57
22   59.0  65.1   4:18pm  47.3  11:59pm    6    0  0.46   8  38   2:23pm SSE 29.49   51
23   40.3  47.4  12:07am  34.6  10:59pm   25    0  0.77   1  12   4:37am ENE 29.75   89
24   36.4  42.4   4:04pm  33.1   6:42am   29    0  0.12   1   9   8:57pm ESE 30.02   84
25   33.9  41.2   4:29pm  28.2  11:30pm   31    0  0.32   1  13   3:02am ESE 30.25   82
26   36.1  43.9   5:09pm  26.4   5:07am   29    0  0.14   1  11   3:20pm ESE 30.42   62
27   46.1  55.3   3:23pm  35.9   8:03am   19    0  0.00   1  17   8:26pm  SE 30.17   44
28   54.9  63.2   3:36pm  48.5   3:39am   10    0  0.00   2  20  11:55pm ESE 30.05   42
29   58.6  67.2   4:11pm  47.3   8:03am    7    0  0.00   2  21  12:28am ESE 30.00   39
30   58.2  69.2   4:10pm  48.9   5:58am    7    0  0.00   1   7   2:11pm WNW 29.99   39
31   62.6  71.9   3:48pm  50.6   7:28am    4    1  0.00   3  15   2:19pm ESE 29.90   28
---------------------------------------------------------------------------------------
TOT  53.9  78.6  10/2/12  26.4 10/26/12  362   18  2.47   1  32 10/22/12 ESE 29.95   45

HEAT BASE: 65.0
COOL BASE: 65.0