NOAA-Style Climate Reports


Report for 2012 November
                  MONTHLY CLIMATOLOGICAL SUMMARY FOR 11/2012
                                        HEAT  COOL        
     MEAN                               DEG   DEG       WIND SPEED       DOM MEAN  MEAN
DAY  TEMP  HIGH   TIME     LOW   TIME   DAYS  DAYS RAIN AVG  HI  TIME    DIR BAROM HUM
---------------------------------------------------------------------------------------
1    60.8  67.0  12:08am  53.9   9:02pm    4    0  0.00   6  28   6:51am  SE 29.76   25
2    51.5  59.7   2:31pm  44.7   8:40am   14    0  0.00   1   8   9:58am WNW 29.96   50
3    50.4  60.5   4:04pm  42.3   6:13am   15    0  0.00   0   6   2:53pm ESE 30.12   50
4    52.3  64.2   2:52pm  45.2   6:32am   13    0  0.00   0   6   1:34pm WNW 30.26   45
5    52.1  62.5   2:06pm  44.6   6:32am   13    0  0.00   0   7   1:42pm  NW 30.28   53
6    53.5  64.5   3:12pm  45.0   7:30am   12    0  0.00   0   8  12:20pm WNW 30.18   53
7    58.6  68.0   2:47pm  47.6   7:13am    7    0  0.00   3  24   8:49pm ESE 29.90   33
8    61.6  66.5   2:29pm  57.8  11:00pm    3    0  0.00  12  33  12:41am  SE 29.48   26
9    33.8  58.2  12:10am  27.8   8:52pm   26    0  0.58   1  36   2:08am  SW 29.53   89
10   27.5  32.2  12:57pm  23.7   7:23pm   36    0  0.02   0   6  10:46pm ESE 29.89   92
11   24.0  31.9   1:37pm  20.4   7:35am   41    0  0.01   0  11   4:43pm  SE 30.39   82
12   29.6  38.0   1:57pm  21.1   5:51am   35    0  0.54   1  16   1:15am ESE 30.57   68
13   32.6  40.0   2:19pm  26.1   2:46am   32    0  1.24   0   3  10:28am  NW 30.43   70
14   38.7  48.9   2:05pm  32.3  12:24am   26    0  0.20   0   4   4:54am  NW 30.28   68
15   39.8  50.4   3:41pm  32.1   5:49am   25    0  0.00   0   5  12:31pm  NW 30.26   69
16   45.0  51.1  12:53pm  37.6   1:41am   20    0  0.00   4  34   3:02pm  SE 30.07   57
17   48.5  53.5   2:46pm  43.2   7:26am   16    0  0.09   7  33  11:09pm  SE 29.94   65
18   49.2  52.2  11:51am  41.5  10:13pm   16    0  0.01  10  33   7:41am  SE 29.91   66
19   50.4  57.2   3:03pm  44.9   7:25am   14    0  0.00   5  25  12:03am  SE 30.11   53
20   54.2  60.7   3:23pm  46.0   7:16am   11    0  0.00   5  27  11:20pm  SE 30.02   39
21   55.2  59.2  12:22pm  41.8  11:58pm   10    0  0.01  10  36   8:35am  SE 29.85   34
22   38.9  46.3   1:59pm  34.0   7:40am   26    0  0.00   1   9  12:52pm ESE 30.31   56
23   38.1  47.8   1:23pm  32.1   7:09am   27    0  0.00   0   6   1:01pm  NW 30.47   50
24   42.9  53.6   3:13pm  35.7   5:38am   22    0  0.00   0   8   8:08am  NW 30.21   50
25   42.6  47.6   3:53pm  36.1  11:55pm   22    0  0.00   0   8   6:53am  SE 30.00   56
26   37.8  46.7   2:31pm  30.4   6:55am   27    0  0.00   0   6   6:03am  NW 30.23   70
27   41.1  51.3   1:51pm  34.4   6:07am   24    0  0.00   0   7   9:45pm WNW 30.26   53
28   50.6  59.5   1:43pm  40.6   5:29am   14    0  0.00   6  31   8:24pm  SE 30.06   37
29   52.0  56.3   1:49pm  45.7   7:01am   13    0  0.00   6  29  11:06pm  SE 29.93   42
30   50.7  54.4   2:59pm  44.3   8:42pm   14    0  0.27  11  40   9:33am SSE 29.81   57
---------------------------------------------------------------------------------------
TOT  45.6  68.0  11/7/12  20.4 11/11/12  577    0  2.97   3  40 11/30/12  SE 30.09   55

HEAT BASE: 65.0
COOL BASE: 65.0