NOAA-Style Climate Reports


Report for 2012 December
                  MONTHLY CLIMATOLOGICAL SUMMARY FOR 12/2012
                                        HEAT  COOL        
     MEAN                               DEG   DEG       WIND SPEED       DOM MEAN  MEAN
DAY  TEMP  HIGH   TIME     LOW   TIME   DAYS  DAYS RAIN AVG  HI  TIME    DIR BAROM HUM
---------------------------------------------------------------------------------------
1    51.9  54.3   8:19pm  48.6   2:33am   13    0  0.02  13  37  11:49pm  SE 29.87   57
2    50.8  54.7   4:16pm  39.8  11:59pm   14    0  0.18  18  55   5:50am  SE 29.69   54
3    38.5  46.2   2:18pm  34.3   7:25am   27    0  0.00   1  11   4:51am ESE 30.15   61
4    44.2  58.1   8:47pm  35.1   1:52am   21    0  0.01   2  28   7:53pm  SE 30.27   58
5    46.6  51.6   8:50am  43.7  10:29pm   18    0  0.15   1  15   8:42am ESE 30.04   73
6    42.3  46.9   2:26pm  38.3   9:02am   23    0  0.00   0  13  10:23pm ESE 29.97   84
7    38.4  42.3   2:54pm  34.1   7:32am   27    0  0.00   2  18   8:48pm  SE 30.03   67
8    32.3  42.0   4:36am  21.4   8:57pm   33    0  0.00   3  24   1:02am  NW 30.00   66
9    22.8  29.0  11:46am  18.4   9:05pm   42    0  0.10   1  11   3:27pm  SE 30.37   82
10   28.6  34.1   2:51pm  22.2  12:00am   36    0  0.01   1  19   5:49am ESE 30.34   74
11   38.4  45.9  11:54pm  29.1  12:32am   27    0  0.09   6  38  11:21pm  SE 30.02   60
12   45.9  47.0  10:47pm  44.5   8:52am   19    0  0.00  12  43   4:39am  SE 29.69   36
13   46.5  49.5  12:34pm  41.1  10:11pm   19    0  0.00   6  31   2:10am  SE 29.74   34
14   38.2  44.8  10:59am  32.9  10:10pm   27    0  0.01   0   9   6:11am   W 29.61   64
15   31.0  33.8  12:22pm  29.4   6:59pm   34    0  0.06   0   6  12:50pm  SW 29.86   93
16   32.0  37.0  11:34pm  26.9  12:15am   33    0  0.01   7  32   9:15pm  SE 29.97   78
17   38.8  49.0   3:28pm  33.2  11:45pm   26    0  0.20  11  40   3:21am  SE 29.79   68
18   28.0  33.3  12:09am  20.0  11:55pm   37    0  0.00   0   8   7:10am WSW 29.83   78
19   20.8  26.9   2:16pm  15.5   5:45am   44    0  0.01   2  14   2:47pm ESE 30.29   64
20   23.4  33.4   4:29pm  12.8   8:25am   42    0  0.00   0   7  12:00am   E 30.51   52
21   31.9  41.3   2:06pm  24.5   6:46am   33    0  0.02   0  11  10:07pm   E 30.24   47
22   40.0  49.4  12:54pm  30.8   5:22am   25    0  0.00   7  40   5:29pm  SE 30.00   30
23   39.1  45.3   1:02pm  33.3   4:32am   26    0  0.02   3  29   9:45pm  SE 29.96   59
24   30.0  39.1  12:00am  22.7   5:16pm   35    0  0.00   2  23  12:11am SSW 29.89   87
25   24.8  31.7   2:20pm  20.4   5:48am   40    0  0.17   0   7   2:55pm WSW 30.23   80
26   26.1  29.4   2:08pm  21.6  12:09am   39    0  0.00   1  17  12:58pm SSW 29.87   87
27   24.9  29.2   2:32pm  21.0   6:56pm   40    0  0.04   0   6   3:15am WNW 30.01   90
28   25.1  31.5   2:48pm  19.2   9:55pm   39    0  0.05   0   6   1:56pm ESE 30.31   85
29   21.8  28.9  11:52am  17.2   6:33am   43    0  0.00   0   6   3:46am ESE 30.26   72
30   22.7  27.8   1:49pm  15.7  11:57pm   42    0  0.01   0   7   7:52pm   S 30.18   79
31   18.1  26.2  11:51am  12.6   8:50pm   47    0  0.00   0   7   1:39am ESE 30.34   84
---------------------------------------------------------------------------------------
TOT  33.7  58.1  12/4/12  12.6 12/31/12  969    0  1.16   3  53  12/2/12  SE 30.04   68

HEAT BASE: 65.0
COOL BASE: 65.0