NOAA-Style Climate Reports


Report for 2013 January
                  MONTHLY CLIMATOLOGICAL SUMMARY FOR 1/2013
                                        HEAT  COOL        
     MEAN                               DEG   DEG       WIND SPEED       DOM MEAN  MEAN
DAY  TEMP  HIGH   TIME     LOW   TIME   DAYS  DAYS RAIN AVG  HI  TIME    DIR BAROM HUM
---------------------------------------------------------------------------------------
1    17.5  24.0   2:06pm  11.5  11:28pm   47    0  0.00   0   5  12:56pm ESE 30.59   85
2    14.7  23.1   2:33pm   8.8  11:52pm   50    0  0.00   0   5  12:07pm ESE 30.67   85
3    12.5  21.9   2:22pm   6.9   7:26am   52    0  0.00   0   7   2:52pm ESE 30.72   83
4    11.9  20.8   2:53pm   7.2  10:03pm   53    0  0.00   0   6   1:35pm  NW 30.70   84
5    11.7  20.0   1:59pm   5.6   8:05am   53    0  0.00   0   4  11:40am  NW 30.72   85
6    13.4  20.5   4:27pm   7.6   4:21am   51    0  0.00   0   7   1:36pm  NW 30.46   86
7    16.3  24.2   1:48pm   8.8   9:18am   48    0  0.00   0   8  12:32pm   S 30.45   85
8    26.3  32.3   7:44pm  19.5  12:00am   39    0  0.00   0   8   9:15am WNW 30.48   86
9    34.4  46.8  11:23pm  25.6   4:02am   31    0  0.11   1  30  11:56pm  SE 30.24   71
10   36.8  49.5   1:51am  18.6  11:34pm   28    0  0.00   6  46   1:12am  SE 29.59   60
11   18.9  20.7  12:42am  16.2  11:51pm   46    0  0.00   2  12   3:05am  SW 29.90   91
12   14.1  22.4   1:25pm   2.9   6:36pm   51    0  0.01   1   8   1:05am SSW 30.25   84
13    8.9  19.7  11:32am   1.5   9:46pm   56    0  0.00   0   6  12:41pm  NW 30.43   81
14    6.9  15.7   2:43pm  -0.2   8:03am   58    0  0.00   0   7   2:51pm  NW 30.65   81
15   13.1  19.0  12:16pm   5.6  12:39am   52    0  0.00   0   7  12:38pm   W 30.85   83
16   17.7  25.7   1:49pm  13.3   7:39pm   47    0  0.00   0   5   1:26pm WNW 30.89   84
17   14.9  22.4   3:00pm   9.9   6:10am   50    0  0.00   0   6  12:19pm  NW 30.84   87
18   13.4  21.9   1:13pm   7.2   8:22am   51    0  0.00   0   5  11:56am  NW 30.77   87
19   13.2  24.5   2:49pm   6.1   6:20am   52    0  0.00   0   4  12:16pm  NW 30.81   84
20   12.3  22.5   1:13pm   4.2   6:25am   52    0  0.00   0   5  11:52am WNW 30.78   84
21   13.6  24.3   2:30pm   5.9   6:02am   51    0  0.00   0   4  12:13pm WNW 30.76   83
22   14.7  23.2   2:07pm   7.8   2:17am   50    0  0.00   0   4  11:24am WNW 30.67   83
23   16.6  30.9  11:59pm   9.6   1:43am   48    0  0.00   0   7  12:15am  NW 30.57   84
24   28.9  36.1   4:18pm  18.4   5:32am   36    0  0.00   0  10   1:50am ESE 30.46   90
25   32.8  38.6   1:08pm  28.4   6:52am   32    0  0.01   0  10   1:14pm  NW 30.32   95
26   33.4  38.5  12:13pm  28.7   6:54am   31    0  0.02   0   9   6:01pm WNW 30.00   95
27   32.8  44.3   9:57am  25.1  11:43pm   32    0  0.07   2  30   7:22am  SE 29.84   91
28   25.4  33.4   2:34pm  21.1   8:23am   39    0  0.23   0  10  10:20pm  SE 30.04   85
29   24.8  32.1   3:20pm  21.6   5:27am   40    0  0.01   0  12   4:27am  NW 30.12   89
30   31.7  36.4   3:50pm  25.3  12:32am   33    0  0.01   0  11   5:03am  SE 30.32   88
31   38.1  44.5   1:37pm  34.9   5:33am   27    0  0.40   1  14   8:17pm  SE 30.35   72
---------------------------------------------------------------------------------------
TOT  20.1  49.5  1/10/13  -0.2  1/14/13 1388    0  0.87   1  44  1/10/13 ESE 30.46   84

HEAT BASE: 65.0
COOL BASE: 65.0