NOAA-Style Climate Reports


Report for 2013 February
                  MONTHLY CLIMATOLOGICAL SUMMARY FOR 2/2013
                                        HEAT  COOL        
     MEAN                               DEG   DEG       WIND SPEED       DOM MEAN  MEAN
DAY  TEMP  HIGH   TIME     LOW   TIME   DAYS  DAYS RAIN AVG  HI  TIME    DIR BAROM HUM
---------------------------------------------------------------------------------------
1    37.6  45.6   1:41pm  30.4  11:57pm   27    0  0.12   0   6   1:58pm  NW 30.33   71
2    32.1  39.8   2:14pm  27.8  11:49pm   33    0  0.00   0   5   2:21pm WNW 30.49   75
3    27.8  36.8  10:57am  18.9   8:57pm   37    0  0.00   0   7   6:54pm  NW 30.33   81
4    25.9  36.9   4:40pm  14.6   3:44am   39    0  0.00   0   6   3:31pm  NW 30.35   82
5    30.2  40.5  10:51am  21.9  12:55am   35    0  0.00   0   9   3:25am  NW 30.15   76
6    28.4  37.7   1:53pm  24.8   8:51am   36    0  0.00   0   7   7:23am WNW 30.18   85
7    31.3  43.2   3:17pm  24.3   6:36am   34    0  0.00   0  19   3:15pm WNW 30.15   61
8    37.1  48.0  12:30pm  30.7   9:24pm   28    0  0.00   2  22   3:00pm  SE 29.74   62
9    28.6  32.8   1:47pm  25.2  10:51pm   36    0  0.04   1  12   7:55pm  SW 29.78   86
10   24.9  29.3  11:17am  18.7  11:33pm   40    0  0.00   0   6   4:13pm  NW 30.04   91
11   22.6  31.9  11:24am  16.7   7:40am   42    0  0.01   0   7  12:06pm  SE 30.29   82
12   23.9  29.6   1:33pm  16.1   2:48am   41    0  0.00   0   8   3:26am   E 30.49   74
13   30.7  36.4   3:50pm  25.2  12:00am   34    0  0.01   0   5   9:53am   W 30.43   78
14   33.2  38.9   1:28pm  27.9  10:59pm   32    0  0.01   0   8   1:56pm  NW 30.41   74
15   34.0  42.2   1:58pm  29.2  12:00am   31    0  0.00   0   5  12:50pm  NW 30.55   69
16   33.9  44.4   3:15pm  26.5   8:02am   31    0  0.00   0   7   1:42pm  NW 30.35   67
17   30.6  37.1   2:08pm  24.5   7:17am   34    0  0.00   0  12   5:51am  NW 30.03   75
18   30.1  39.5   2:38pm  22.3   6:35am   35    0  0.00   0  13  12:49pm   S 30.16   59
19   40.2  48.2   1:30pm  28.8  12:00am   25    0  0.00   4  29  10:36am  SE 29.74   36
20   35.5  41.4  11:22am  27.5  11:38pm   29    0  0.00   0   7  11:46am WSW 29.62   64
21   26.9  33.3   3:13pm  22.5   7:51am   38    0  0.16   0  10   1:35pm  NW 30.01   84
22   28.8  36.6   3:38pm  23.8   6:02am   36    0  0.09   1  30  11:46pm ESE 30.20   73
23   28.2  37.3   9:18am  21.5   4:32pm   36    0  0.00   6  34   7:35am  SE 29.96   75
24   24.5  34.7  12:57pm  17.1   7:54am   40    0  0.35   0   9   1:12pm WNW 30.28   77
25   27.2  37.1   2:07pm  18.1   7:04am   38    0  0.04   0   9   1:39pm ESE 30.28   62
26   26.7  33.2   4:23pm  19.4  11:37pm   38    0  0.00   1  12   2:51pm  NW 30.29   76
27   26.8  34.5   2:16pm  18.0   5:07am   38    0  0.00   1   9   2:13pm ESE 30.54   61
28   31.8  41.0   5:19pm  21.9   4:22am   33    0  0.00   0   6  12:18pm ESE 30.56   54
---------------------------------------------------------------------------------------
TOT  30.0  48.2  2/19/13  14.6   2/4/13  976    0  0.83   1  33  2/23/13  NW 30.20   72

HEAT BASE: 65.0
COOL BASE: 65.0