NOAA-Style Climate Reports


Report for 2013 March
                  MONTHLY CLIMATOLOGICAL SUMMARY FOR 3/2013
                                        HEAT  COOL        
     MEAN                               DEG   DEG       WIND SPEED       DOM MEAN  MEAN
DAY  TEMP  HIGH   TIME     LOW   TIME   DAYS  DAYS RAIN AVG  HI  TIME    DIR BAROM HUM
---------------------------------------------------------------------------------------
1    39.5  47.6   4:58pm  33.2   1:02am   25    0  0.00   0   9   7:38pm  NW 30.56   64
2    41.8  51.8   3:49pm  33.4   6:26am   23    0  0.00   0   9   2:11pm  NW 30.34   63
3    40.2  43.3   1:53pm  36.4   6:46am   25    0  0.48   0  12  12:15pm ESE 29.94   82
4    32.2  37.7  12:00am  26.0  11:08pm   33    0  0.02   1  10  11:38am  NW 30.16   61
5    36.7  50.7  11:56pm  25.1   5:49am   28    0  0.00   1  17  10:55pm  NW 30.20   47
6    49.8  55.8   2:19pm  37.5  11:57pm   15    0  0.03   7  31   9:40am SSE 29.78   42
7    38.4  44.7  12:39pm  33.5   7:30am   26    0  0.01   0  14  10:06pm   E 29.88   77
8    40.7  47.8   2:04pm  34.9   2:25am   24    0  0.06   0  10   3:50am  NW 29.77   78
9    39.1  47.5  12:25pm  34.3   9:32pm   26    0  0.04   2  18   2:38pm  NW 29.93   66
10   38.5  47.6   3:53pm  29.8   6:39am   25    0  0.00   1  11   5:02pm  NW 30.33   49
11   45.1  53.3   4:20pm  38.3  12:40am   20    0  0.00   1  14   3:50pm  NW 30.21   46
12   47.8  55.3   3:46pm  42.3   8:14am   17    0  0.00   1  10   1:16pm ESE 30.19   59
13   53.7  65.3   5:34pm  43.7   7:56am   11    0  0.00   1  11   1:21pm ESE 30.21   44
14   58.2  72.1   2:58pm  46.6   7:13am    8    1  0.00   1  15   9:40pm ESE 30.08   35
15   57.7  66.6   4:43pm  50.1   7:21am    7    0  0.00   0   9   2:21pm  NW 29.88   35
16   51.0  57.1   3:02pm  44.0   8:18am   14    0  0.00   2  21  11:38pm ESE 29.81   37
17   41.7  52.3  12:00am  34.9  11:58pm   23    0  0.00   3  23  12:41am  NW 29.82   51
18   40.8  50.3   4:06pm  33.6  12:59am   24    0  0.00   1  16   1:27pm  NW 30.06   39
19   43.9  53.7   5:54pm  34.3   7:48am   21    0  0.00   1  11  12:51pm  NW 30.15   23
20   48.5  53.9   6:23pm  41.7  10:08am   16    0  0.08   4  32  10:46pm  SE 29.88   47
21   37.4  50.9   1:23am  30.7   8:33am   27    0  0.17   2  26   5:56am  NW 29.86   65
22   30.0  33.7   6:11pm  24.1  11:58pm   35    0  0.02   2  20   9:36pm  NW 29.99   62
23   27.7  37.0   3:28pm  20.1   5:13am   37    0  0.02   1  14   3:14pm  NW 30.23   66
24   29.8  39.5   5:23pm  21.4   5:37am   35    0  0.00   1  14   2:23pm  NW 30.28   54
25   37.3  50.4   4:23pm  24.0   2:47am   28    0  0.00   0  13   2:38pm WNW 30.21   40
26   46.0  57.0   2:04pm  39.0   7:11am   19    0  0.00   0  11   2:06pm  NW 29.90   44
27   50.3  63.1   4:43pm  37.8   7:17am   15    0  0.00   1  14   8:34pm  NW 29.90   44
28   55.8  66.1   2:47pm  47.2   7:35am    9    0  0.00   1  21   1:46pm  NW 29.87   37
29   56.1  65.5   3:16pm  46.2   7:21am    9    0  0.00   1  12   1:33pm  NW 29.99   41
30   56.0  65.6   3:59pm  44.4   7:33am    9    0  0.00   1  15   1:11pm  NW 30.01   41
31   57.0  70.1   3:35pm  44.9   7:45am    9    1  0.00   1  13  10:20pm  NW 29.89   34
---------------------------------------------------------------------------------------
TOT  44.2  72.1  3/14/13  20.1  3/23/13  645    2  0.93   1  31  3/20/13  NW 30.04   51

HEAT BASE: 65.0
COOL BASE: 65.0