NOAA-Style Climate Reports


Report for 2013 April
                  MONTHLY CLIMATOLOGICAL SUMMARY FOR 4/2013
                                        HEAT  COOL        
     MEAN                               DEG   DEG       WIND SPEED       DOM MEAN  MEAN
DAY  TEMP  HIGH   TIME     LOW   TIME   DAYS  DAYS RAIN AVG  HI  TIME    DIR BAROM HUM
---------------------------------------------------------------------------------------
1    50.6  58.4   1:56am  41.5  11:57pm   14    0  0.26   2  31   6:33am ESE 29.76   61
2    47.5  59.4   5:13pm  39.4   4:42am   17    0  0.31   0  11   4:10pm  NW 29.94   76
3    56.2  66.0   3:04pm  47.9   5:09am    9    0  0.00   1  12   3:34pm  NW 30.01   48
4    61.1  69.4   3:26pm  52.4   7:51am    5    1  0.00   4  22  12:03pm  SE 29.86   32
5    53.7  63.4  12:12am  41.3  10:16am   11    0  0.42   3  26   2:22am  SE 29.78   52
6    52.0  57.8   5:43pm  46.7   3:45am   13    0  0.00   1  21   8:33pm  NW 29.86   46
7    52.6  61.5   2:37pm  44.5   3:42am   12    0  0.00   1  16   3:49pm WSW 29.68   47
8    40.9  54.5   1:06am  30.2  11:46pm   24    0  0.78   2  25  11:40pm  NW 29.37   80
9    29.6  36.8   5:15pm  21.9   6:37am   35    0  0.00   7  40  12:42am ENE 29.95   56
10   41.0  52.0   5:06pm  27.6   4:29am   24    0  0.00   1  15  12:12am ESE 30.16   47
11   46.1  53.9   6:18pm  39.9   2:06am   19    0  0.26   1  13   1:26am ESE 29.90   67
12   50.3  59.3   3:54pm  41.4   5:49am   15    0  0.00   1  21  10:39pm  NW 29.87   40
13   50.9  56.9  12:21pm  37.3  11:58pm   14    0  0.05   5  29   6:37am  SE 29.54   40
14   38.4  46.6   3:12pm  30.3   6:34am   26    0  0.00   1  16  12:22pm  NW 29.77   34
15   37.0  48.0   5:41pm  31.9   3:20am   28    0  0.23   0  11   4:09pm  NW 29.69   73
16   37.1  40.6   3:10pm  33.3  11:51pm   28    0  0.00   3  18  10:27am ENE 29.77   54
17   34.7  42.7   3:46pm  28.4   7:31am   30    0  0.00   5  25   3:36pm  NW 30.08   43
18   37.6  47.4   6:24pm  26.1   6:38am   27    0  0.00   1  17   2:12pm  NW 30.31   35
19   44.9  50.8   6:38pm  38.7   4:38am   20    0  0.63   2  22   8:28am  SE 30.14   44
20   45.9  55.6   5:05pm  39.9  10:49am   19    0  0.30   1  13  10:28pm  SE 30.02   72
21   53.5  63.0   4:11pm  44.2   5:51am   11    0  0.00   1  14  11:47am  NW 29.99   41
22   46.7  53.6  12:00am  37.2  11:58pm   18    0  0.00   2  19   4:17pm  NW 29.92   46
23   40.1  49.6   4:22pm  29.8   7:13am   25    0  0.00   1  15   2:08pm  NW 30.15   39
24   47.1  56.9   3:35pm  37.6   7:17am   18    0  0.00   1  18   3:23pm  NW 30.14   27
25   51.6  62.4   2:46pm  40.8   4:29am   13    0  0.00   1  14   1:13pm  NW 29.97   27
26   57.2  67.7   4:22pm  45.5   6:32am    8    0  0.00   1  13   1:08pm WNW 30.06   23
27   62.3  72.0   4:51pm  50.2   6:28am    4    2  0.00   1  13   2:21pm ESE 30.04   21
28   64.8  72.6  11:48am  56.2   7:09am    3    2  0.00   1  14  11:55am  NW 29.80   25
29   61.9  72.6  11:48am  51.0   4:57am    5    1  0.00   1  14  11:55am  NW 29.66   33
30   51.5  58.4   4:52pm  40.4  11:58pm   13    0  0.00   2  18   7:55pm  NW 29.70   29
---------------------------------------------------------------------------------------
TOT  48.2  72.6  4/28/13  21.9   4/9/13  510    7  3.24   2  37   4/9/13  NW 29.90   45

HEAT BASE: 65.0
COOL BASE: 65.0