NOAA-Style Climate Reports


Report for 2013 May
                  MONTHLY CLIMATOLOGICAL SUMMARY FOR 5/2013
                                        HEAT  COOL        
     MEAN                               DEG   DEG       WIND SPEED       DOM MEAN  MEAN
DAY  TEMP  HIGH   TIME     LOW   TIME   DAYS  DAYS RAIN AVG  HI  TIME    DIR BAROM HUM
---------------------------------------------------------------------------------------
1    41.0  49.7   4:16pm  33.2   6:34am   24    0  0.00   2  21   3:32pm  NW 30.29   38
2    48.1  58.1   4:51pm  36.1   2:51am   17    0  0.00   1  13   5:22am  NW 30.51   32
3    55.7  68.3   2:08pm  42.9   6:19am   10    0  0.00   1  11   2:39pm  NW 30.05   27
4    58.7  69.6   2:12pm  47.6   5:59am    7    1  0.00   2  30  11:16pm  NW 29.73   30
5    61.3  74.9   5:36pm  49.4   6:09am    5    2  0.00   3  28   3:12am   E 29.66   35
6    60.4  71.8   1:36pm  51.0  11:59pm    5    1  0.00   3  23   2:27am  SE 29.67   39
7    54.7  67.2   1:05pm  46.2   7:48pm   10    0  1.36   2  25   7:15pm  NW 29.77   61
8    51.4  60.8  12:44pm  42.8   3:41am   14    0  0.38   0  10  12:45pm ESE 29.90   71
9    60.3  73.7   4:18pm  48.0   1:59am    6    2  0.00   2  15   6:26pm  NW 29.94   47
10   65.3  75.4   2:58pm  52.6   6:16am    3    3  0.00   2  24   8:18pm  NW 29.95   40
11   68.8  79.5   3:50pm  57.2   6:17am    1    5  0.00   1  10  12:47am  NW 30.01   29
12   72.5  82.9   4:12pm  59.3   5:23am    1    8  0.00   1  12   4:02pm ESE 29.94   25
13   77.2  89.1   4:36pm  65.2   2:28am    0   12  0.00   2  18  11:53pm ESE 29.77   23
14   76.6  86.1   4:25pm  65.5   7:26am    0   12  0.00   1  17  12:58am ESE 29.61   26
15   70.8  82.6   1:52pm  60.9   5:55am    0    6  0.00   1  31   7:24pm ESE 29.56   35
16   68.1  77.3   1:04pm  57.8  11:49pm    1    4  0.02   1  16   1:51am ESE 29.54   41
17   56.8  61.7   4:19pm  47.8  10:20pm    8    0  0.07   0  14   6:23pm  NW 29.64   65
18   51.1  62.3   4:21pm  45.0  11:53am   14    0  0.96   0  12   7:29am  NW 29.88   75
19   51.7  62.7   3:18pm  44.2   5:50am   13    0  0.51   1  14   3:22am  NW 29.93   69
20   52.9  64.2   5:54pm  45.4   6:45am   12    0  0.21   0   9   4:50pm  NW 30.01   74
21   63.1  71.5   1:56pm  50.4   7:17am    4    2  0.00   2  21   5:11pm ESE 29.78   42
22   67.0  78.8   2:18pm  45.7  11:59pm    3    4  0.00   5  28   1:38am  SE 29.41   30
23   53.7  69.0   5:26pm  40.0   5:24am   12    0  0.00   1  17   7:47pm  NW 29.65   50
24   60.2  73.9   5:07pm  45.8  12:57am    7    2  0.00   1  16  11:27pm  NW 29.84   38
25   70.6  80.0   4:35pm  63.8   5:23am    0    6  0.00   5  25   4:11am  SE 29.62   20
26   70.6  80.2   3:37pm  64.9  11:47pm    0    6  0.00   4  31   5:57am  SE 29.57   18
27   61.9  70.7   4:01pm  51.4   6:23am    4    1  0.00   0  10   1:00am  NW 29.68   40
28   52.1  60.0  12:00am  45.8  10:26pm   13    0  0.59   0  12  12:21pm  NW 29.61   73
29   53.6  64.9   5:49pm  45.2   2:46am   11    0  0.09   1  14   2:15pm   W 29.73   64
30   56.2  66.2   3:01pm  46.6   2:33am    9    0  0.01   1  12   3:44pm  NW 29.81   53
31   56.9  65.8   6:24pm  45.8   6:13am    8    0  0.00   1  13   9:12am  NW 29.99   37
---------------------------------------------------------------------------------------
TOT  60.3  89.1  5/13/13  33.2   5/1/13  223   77  4.20   1  31  5/26/13  NW 29.81   43

HEAT BASE: 65.0
COOL BASE: 65.0