NOAA-Style Climate Reports


Report for 2013 June
                  MONTHLY CLIMATOLOGICAL SUMMARY FOR 6/2013
                                        HEAT  COOL        
     MEAN                               DEG   DEG       WIND SPEED       DOM MEAN  MEAN
DAY  TEMP  HIGH   TIME     LOW   TIME   DAYS  DAYS RAIN AVG  HI  TIME    DIR BAROM HUM
---------------------------------------------------------------------------------------
1    63.0  76.2   4:45pm  49.5   5:47am    5    3  0.00   0   8   5:46pm  NW 29.98   32
2    73.8  90.2   5:47pm  56.9   6:02am    2   11  0.00   1  16   9:21pm  SE 29.60   26
3    64.5  73.4   5:58pm  53.3   6:36am    3    2  0.00   0  10  12:15am  NW 29.67   29
4    66.8  78.2   5:40pm  53.7   6:35am    3    5  0.00   1  10   2:18pm  NW 29.79   29
5    68.9  80.6   5:38pm  55.3   6:47am    2    6  0.00   0   9   3:01pm  NW 29.81   32
6    72.1  84.1   4:02pm  59.6   6:48am    1    8  0.00   0  16  12:52pm  NW 29.77   31
7    76.9  88.4   5:11pm  62.2   6:20am    0   12  0.00   0   9   2:52pm  NW 29.66   29
8    74.7  84.3   4:34pm  64.2   6:47am    0   10  0.00   1  11   3:15pm  NW 29.65   31
9    80.6  93.6   5:38pm  67.7   6:38am    0   16  0.00   1  14  10:46pm ESE 29.64   23
10   84.2  92.1   5:05pm  74.4   6:26am    0   19  0.00   5  30   4:50am  SE 29.44   15
11   78.3  87.4   6:04pm  71.1  11:30pm    0   13  0.00   3  22  12:59am  SE 29.53   17
12   78.1  86.6   4:14pm  67.0   6:02am    0   13  0.00   3  32   7:18pm ESE 29.62   24
13   76.3  87.2   5:10pm  60.0  11:58pm    0   11  0.00   4  30   1:05pm  SE 29.52   25
14   61.7  73.1   5:13pm  50.2   5:44am    5    2  0.00   0  10   1:10pm  NW 29.84   40
15   68.3  83.8   5:31pm  54.0   5:50am    3    6  0.00   0   7   3:28pm  NW 29.80   31
16   76.0  90.1   4:43pm  59.8   6:47am    0   11  0.00   2  21  10:11am ESE 29.70   17
17   78.6  92.5   4:39pm  63.2   6:48am    0   14  0.00   1  11   3:39pm  SE 29.65   16
18   80.1  88.3   5:14pm  67.7   5:36am    0   15  0.00   4  23   4:22pm  SE 29.46   13
19   71.0  79.6  12:00am  54.6  11:53pm    1    7  0.00   4  30   2:08am  NW 29.43   22
20   60.6  72.7   4:18pm  46.7   6:38am    6    2  0.00   1  10   1:29pm  NW 29.76   35
21   65.1  74.8   5:44pm  52.5   6:08am    3    3  0.00   1  10   5:45pm  NW 29.73   33
22   65.2  74.4   4:25pm  55.7   4:06am    3    3  0.00   1   9  11:34am  NW 29.77   32
23   70.6  84.1   4:26pm  55.0   6:25am    2    7  0.00   1  11  10:53pm ESE 29.61   28
24   74.6  82.2   2:58pm  64.2  11:57pm    0   10  0.00   7  33   4:56pm  SE 29.43   23
25   72.4  84.8   7:10pm  58.6   6:46am    1    9  0.00   1  14   5:11pm ESE 29.67   42
26   79.8  91.2   3:12pm  67.0   6:29am    0   15  0.00   1  23   2:08am  NW 29.71   35
27   84.5  98.3   5:15pm  68.8   6:51am    0   19  0.00   0   7   6:48pm  NW 29.78   31
28   86.9 100.9   5:17pm  72.2   5:59am    0   22  0.00   1  11  11:12pm  NW 29.74   29
29   87.7 101.0   4:06pm  73.9   6:42am    0   23  0.00   0   8  10:11am ESE 29.63   26
30   88.4  99.2   3:45pm  78.3   7:33am    0   23  0.00   2  30   4:48am ESE 29.60   24
---------------------------------------------------------------------------------------
TOT  74.3 101.0  6/29/13  46.7  6/20/13   40  319  0.00   2  32  6/12/13  SE 29.67   27

HEAT BASE: 65.0
COOL BASE: 65.0