NOAA-Style Climate Reports


Report for 2013 July
                  MONTHLY CLIMATOLOGICAL SUMMARY FOR 7/2013
                                        HEAT  COOL        
     MEAN                               DEG   DEG       WIND SPEED       DOM MEAN  MEAN
DAY  TEMP  HIGH   TIME     LOW   TIME   DAYS  DAYS RAIN AVG  HI  TIME    DIR BAROM HUM
---------------------------------------------------------------------------------------
1    89.1 100.8   4:32pm  76.8   5:48am    0   24  0.00   1  20  12:22am ESE 29.63   23
2    86.6  98.2   2:41pm  74.0   5:17am    0   21  0.00   1  11   5:03pm  NW 29.63   28
3    85.1  96.3   6:25pm  74.3   6:05am    0   20  0.00   0  10   2:55am  NW 29.58   32
4    80.1  91.7   6:30pm  64.2   5:25am    0   15  0.25   1  23   6:02am ESE 29.56   46
5    75.2  90.5   4:49pm  61.5   6:33am    0   11  0.36   1  34  10:31pm ESE 29.56   57
6    72.9  89.2   2:40pm  63.0   7:14pm    0    8  0.21   2  31   6:11pm  SE 29.61   51
7    75.9  86.3  12:41pm  66.0   4:05pm    0   11  0.18   2  31   3:10am ESE 29.65   42
8    80.3  93.4   2:16pm  67.8   5:20am    0   15  0.00   1  29   4:04pm ESE 29.71   36
9    84.4  96.1   5:06pm  71.6   5:54am    0   19  0.00   0   7  12:13pm  SE 29.72   26
10   86.2 102.8   3:02pm  71.8   5:08am    0   21  0.00   1  12   4:30pm ESE 29.63   21
11   78.7  91.1   3:56pm  67.2  11:29pm    0   14  0.00   1  25   5:44pm ESE 29.56   33
12   74.0  86.7   4:44pm  65.5   6:06am    0    9  0.00   1  16  11:48pm ESE 29.69   53
13   76.5  91.1   4:43pm  67.6   6:56pm    0   11  0.07   2  25  12:04am  SE 29.70   47
14   79.9  93.8   4:28pm  65.3   5:36am    0   15  0.00   0  12  11:56pm  NW 29.74   39
15   82.8  98.3   5:31pm  69.4  11:57pm    0   18  0.03   1  25  10:19pm  SE 29.58   36
16   78.8  94.6   4:34pm  65.7   9:51pm    0   14  0.42   3  35   7:40pm ESE 29.62   47
17   80.1  93.3   2:35pm  67.6   3:11am    0   15  0.00   1  22   8:02pm ESE 29.76   44
18   82.4  96.0   4:30pm  68.8   7:10am    0   17  0.00   0   9   5:06pm  NW 29.73   40
19   84.9  97.7   3:11pm  70.5   6:43am    0   20  0.00   0  10   4:24pm  NW 29.65   27
20   85.0  99.2   3:28pm  71.3   7:11am    0   20  0.00   0   8   4:32pm ESE 29.56   22
21   85.1  98.7   3:26pm  73.0   5:01am    0   20  0.00   1   8   1:45pm ESE 29.51   21
22   86.1  99.0   4:18pm  71.2   6:40am    0   21  0.00   1  10   3:19am  SE 29.57   22
23   84.6  97.1   5:29pm  71.0   7:25am    0   20  0.00   1   8   3:44pm ESE 29.62   21
24   82.7  94.2   5:48pm  73.9   7:36am    0   18  0.00   2  16   1:38pm  SE 29.63   26
25   83.7  94.5   3:42pm  71.7   6:56am    0   19  0.00   1  11   2:06am ESE 29.68   31
26   84.3  97.0   5:43pm  71.5   7:22am    0   19  0.00   0   8   1:43pm  SE 29.73   26
27   74.8  82.6   2:16am  68.0  11:55pm    0   10  0.01   1  26   2:30am  SE 29.67   49
28   74.3  87.2   3:39pm  64.9   7:17am    0    9  0.00   1  25   9:53pm  SE 29.64   51
29   74.0  85.1   6:32pm  65.5   6:35am    0    9  0.00   1  21   8:57pm  SE 29.71   43
30   79.4  91.8   5:47pm  67.1   7:32am    0   14  0.00   2  17  12:13am ESE 29.82   33
31   85.0  93.1   4:16pm  79.1   7:56am    0   20  0.00   5  22   6:44am  SE 29.73   21
---------------------------------------------------------------------------------------
TOT  81.1 102.8  7/10/13  61.5   7/5/13    1  497  1.53   1  34   7/5/13 ESE 29.65   35

HEAT BASE: 65.0
COOL BASE: 65.0