NOAA-Style Climate Reports


Report for 2013 August
                  MONTHLY CLIMATOLOGICAL SUMMARY FOR 8/2013
                                        HEAT  COOL        
     MEAN                               DEG   DEG       WIND SPEED       DOM MEAN  MEAN
DAY  TEMP  HIGH   TIME     LOW   TIME   DAYS  DAYS RAIN AVG  HI  TIME    DIR BAROM HUM
---------------------------------------------------------------------------------------
1    84.1  92.3   3:43pm  78.0  11:59pm    0   19  0.02   7  28  12:12pm  SE 29.53   26
2    77.9  91.0   5:25pm  63.1   7:25am    0   13  0.00   1  10   4:19pm ESE 29.62   27
3    81.4  92.1   5:25pm  69.2   7:32am    0   16  0.00   3  23   2:11am  SE 29.66   21
4    84.9  94.3   3:54pm  77.8   6:53am    0   20  0.00   5  24   2:09am  SE 29.65   18
5    83.2  93.5   5:17pm  75.3   4:51am    0   18  0.00   4  26   2:42pm  SE 29.61   23
6    82.7  94.3   3:56pm  70.4   7:13am    0   18  0.00   1  19   2:34am  SE 29.61   24
7    80.0  91.8   3:35pm  71.6  11:35pm    0   15  0.00   3  26   7:53pm ESE 29.61   26
8    77.3  88.9   2:30pm  70.1   8:25am    0   12  0.00   4  42   3:24pm ESE 29.64   29
9    78.4  91.5   3:05pm  69.9   2:54am    0   13  0.00   3  25   3:49pm ESE 29.67   22
10   78.7  89.6   4:52pm  68.3   1:17am    0   14  0.00   3  24  11:09am ESE 29.72   23
11   80.6  91.1   5:38pm  72.0   2:47am    0   15  0.00   3  19  11:23pm ESE 29.71   23
12   79.6  91.1   4:36pm  69.9   3:54am    0   15  0.00   3  22   8:31pm  SE 29.70   25
13   78.9  92.0   3:17pm  66.9   7:33am    0   14  0.00   1  18  11:46pm ESE 29.74   26
14   81.8  93.9   1:52pm  68.7   7:43am    0   17  0.00   1  28  12:13am ESE 29.70   20
15   83.1  94.9   4:43pm  69.1   7:04am    0   18  0.00   1  14   5:24am ESE 29.69   17
16   84.4  96.0   3:05pm  69.3   6:54am    0   19  0.00   2  20   9:24am ESE 29.68   16
17   81.3  92.1   1:22pm  72.3  11:26pm    0   16  0.00   2  28   6:27pm ESE 29.66   27
18   81.7  95.3   4:41pm  67.4   7:24am    0   17  0.00   0  19   1:12am  NW 29.72   33
19   81.1  92.0   4:04pm  71.5   7:50am    0   16  0.00   1  27  10:25pm  SE 29.71   33
20   78.2  92.0   2:00pm  69.2   7:40am    0   13  0.00   0   7   6:05pm   W 29.69   41
21   78.7  90.5   3:23pm  68.5   8:08am    0   14  0.00   0   9  12:33pm  NW 29.73   41
22   78.0  91.5   2:51pm  65.2  10:24pm    0   13  0.07   1  18  10:51pm  SE 29.74   43
23   69.9  76.3   9:39am  64.1   3:00pm    0    5  0.03   3  35  12:05pm  SE 29.68   55
24   71.4  85.1   2:19pm  61.7   5:08am    1    7  0.01   3  38   5:14pm  SE 29.75   49
25   73.6  82.4   2:07pm  64.2   6:17am    0    9  0.00   2  22  11:35pm  SE 29.77   43
26   71.4  76.2   2:27pm  67.9   4:58am    0    6  0.00   2  24   4:10am  SE 29.81   52
27   71.6  81.1   6:40pm  66.0   9:02pm    0    6  0.03   1  21   8:41pm  SE 29.79   58
28   75.8  88.8   6:16pm  64.1   3:47am    0   11  0.02   1  32   3:46pm  SE 29.77   50
29   79.7  92.9   4:02pm  67.9   7:30am    0   15  0.00   0  11  12:36pm   W 29.79   42
30   81.7  93.7   4:14pm  70.0   6:06am    0   17  0.00   0   8   1:29pm  NW 29.74   38
31   79.2  90.4   1:10pm  71.8   4:57am    0   14  0.00   1  13  12:32am WNW 29.69   42
---------------------------------------------------------------------------------------
TOT  79.1  96.0  8/16/13  61.7  8/24/13    1  434  0.18   2  42   8/8/13  SE 29.69   33

HEAT BASE: 65.0
COOL BASE: 65.0