NOAA-Style Climate Reports


Report for 2013 September
                  MONTHLY CLIMATOLOGICAL SUMMARY FOR 9/2013
                                        HEAT  COOL        
     MEAN                               DEG   DEG       WIND SPEED       DOM MEAN  MEAN
DAY  TEMP  HIGH   TIME     LOW   TIME   DAYS  DAYS RAIN AVG  HI  TIME    DIR BAROM HUM
---------------------------------------------------------------------------------------
1    76.0  87.4   4:26pm  68.6   6:42am    0   11  0.00   1  21  11:55pm  SE 29.68   50
2    75.5  85.4   5:34pm  69.6   1:22pm    0   10  0.01   2  21  12:00am  SE 29.69   58
3    72.1  85.1   1:17pm  65.0  10:40pm    0    7  0.03   0  12   3:06pm  NW 29.79   64
4    73.9  89.2   4:24pm  62.9   7:26am    0    9  0.00   0   8   4:23pm  NW 29.87   62
5    80.2  92.0   5:51pm  68.2   7:57am    0   15  0.00   2  18   3:16pm ESE 29.76   41
6    80.4  90.0   5:20pm  68.1  11:58pm    0   15  0.00   3  19   1:22pm  SE 29.70   35
7    71.3  85.4   2:20pm  61.3  10:59pm    1    7  0.24   1  21   5:33pm  NW 29.78   57
8    65.7  76.0   6:16pm  59.8   9:04am    2    2  0.24   0  19  11:56am ESE 29.79   71
9    69.4  80.9   3:54pm  60.9   6:11am    1    5  0.00   0   8   3:04pm  NW 29.71   59
10   69.6  78.3   2:01pm  63.9   3:14am    0    5  0.00   0  19   2:03pm  SE 29.70   50
11   69.5  78.8   2:57pm  60.7   7:39am    0    5  0.09   2  28   7:52pm   E 29.75   60
12   68.9  79.8   3:43pm  62.4   5:13am    0    4  0.05   2  23   6:13am ESE 29.79   52
13   62.3  70.1  12:02pm  58.9   9:42pm    3    0  0.27   1  21   2:56am ESE 29.72   78
14   61.3  69.4  12:26pm  56.6   1:44pm    4    0  0.77   0  13  12:48pm   W 29.73   82
15   67.0  79.0   3:08pm  55.9   7:16am    3    5  0.00   1  14   4:19pm ESE 29.80   64
16   73.9  84.8   5:30pm  63.3   3:01am    0    9  0.00   3  27  12:08pm  SE 29.71   44
17   76.8  83.1   5:00pm  71.5   6:54am    0   12  0.00   7  35   4:26pm  SE 29.45   34
18   60.7  75.4  12:00am  51.8  11:30pm    5    1  0.00   0  23  12:24am   W 29.66   47
19   57.2  69.4   4:40pm  46.8   7:40am    8    1  0.00   0   5  12:56pm  NW 29.97   44
20   64.2  80.8   4:46pm  48.8   7:39am    6    5  0.00   1  13   9:43pm ESE 29.83   36
21   74.3  81.9   4:17pm  68.1   8:03am    0    9  0.00   5  30   2:00pm  SE 29.50   23
22   66.8  72.8  12:00am  55.7  11:53pm    1    3  0.01   1  23  12:06am  SE 29.39   36
23   58.6  68.2   4:13pm  49.6   7:36am    7    0  0.00   1  16  11:54pm ESE 29.84   46
24   68.0  77.6   6:04pm  55.5   3:09am    2    5  0.00   6  41   3:06pm  SE 29.69   24
25   52.8  66.1  12:52am  44.3  11:58pm   12    0  0.20   1  22   2:41am ESE 29.44   57
26   45.8  51.6  11:41am  41.6   1:27am   19    0  0.07   0  16   1:27am ESE 29.69   69
27   42.8  50.5   5:50pm  38.3   7:23am   22    0  0.12   1  14  10:32pm ESE 29.99   78
28   53.7  64.0   4:25pm  44.0   2:37am   11    0  0.00   2  16   9:20pm  SE 30.13   40
29   64.1  68.8  10:30pm  58.7  12:01am    2    1  0.00   8  35   8:41am  SE 29.84   23
30   66.2  77.2   2:18pm  56.3  11:57pm    2    3  0.00   2  19  12:00am WSW 29.68   26
---------------------------------------------------------------------------------------
TOT  66.3  92.0   9/5/13  38.3  9/27/13  111  150  2.10   2  35  9/17/13  SE 29.73   50

HEAT BASE: 65.0
COOL BASE: 65.0