NOAA-Style Climate Reports


Report for 2013 October
                  MONTHLY CLIMATOLOGICAL SUMMARY FOR 10/2013
                                        HEAT  COOL        
     MEAN                               DEG   DEG       WIND SPEED       DOM MEAN  MEAN
DAY  TEMP  HIGH   TIME     LOW   TIME   DAYS  DAYS RAIN AVG  HI  TIME    DIR BAROM HUM
---------------------------------------------------------------------------------------
1    60.3  73.7   3:08pm  49.1   5:19am    6    2  0.00   0  11   1:17pm  NW 29.74   47
2    56.1  64.7   2:36pm  49.4   5:15am    9    0  0.01   0  23  10:07pm ESE 29.73   60
3    46.4  57.2   1:16am  36.3  11:59pm   18    0  0.02   1  20   6:12pm  NW 29.80   64
4    38.5  48.0   5:36pm  33.7   2:06am   26    0  0.29   0   6   5:13pm   W 30.28   80
5    44.7  55.4   5:06pm  36.7  12:36am   20    0  0.00   0   8   3:25pm   W 30.46   62
6    50.2  65.0   4:48pm  39.1   8:03am   15    0  0.00   0   4   4:20pm WNW 30.30   49
7    59.7  71.7   3:05pm  46.7   7:28am    7    2  0.00   1  26  11:39pm  SE 29.92   38
8    59.8  67.0  12:00am  47.6  10:40pm    5    0  0.00   3  26  12:48am  SE 29.62   30
9    52.1  70.2   2:58pm  42.8   5:53am   13    0  0.05   0  20   5:03pm SSW 29.60   54
10   43.8  48.0   3:33am  39.9   7:43pm   21    0  0.41   0  15   9:55pm SSE 29.66   90
11   48.3  56.9   3:19pm  41.2   7:31am   17    0  0.00   1  13  10:51pm ESE 29.98   63
12   53.0  62.4   2:34pm  43.8   8:45am   12    0  0.00   2  18   1:03pm ESE 29.89   43
13   48.2  57.3   2:32am  42.9  11:27pm   17    0  0.13   1  17   2:10am  SE 29.82   77
14   43.9  52.2   1:22pm  39.6   3:07am   21    0  0.21   0   9   3:20pm  NW 30.11   80
15   43.7  53.2   5:41pm  37.2   4:35am   21    0  0.00   1  13   8:20am ESE 30.18   56
16   45.2  55.4   3:55pm  35.8   8:11am   20    0  0.00   0  15  10:00pm ESE 30.17   50
17   47.5  57.4   3:16pm  39.0   7:29am   17    0  0.00   0  10  12:09am   W 30.05   49
18   46.4  55.4   2:55pm  38.0   7:53am   19    0  0.00   0   7  11:27am   W 30.16   49
19   50.3  61.9   3:50pm  39.9   8:49am   15    0  0.00   0   7   9:30pm ESE 30.13   44
20   51.6  61.0   3:09pm  44.7   7:46am   13    0  0.00   0   8   3:43pm   W 29.96   42
21   50.7  61.9   4:25pm  42.1   9:05am   14    0  0.00   0   8   3:38pm   W 30.10   48
22   51.7  64.8   4:36pm  42.2   8:04am   13    0  0.00   0   6   2:07pm WNW 30.13   47
23   52.9  65.6   4:29pm  43.7   8:23am   12    0  0.00   0   5   1:18pm  NW 30.04   51
24   54.0  66.6   3:52pm  45.3   8:12am   11    0  0.00   0   5   4:28pm WNW 30.01   46
25   54.3  66.3   4:29pm  47.0   6:51am   11    0  0.00   0   5   2:29pm WNW 30.09   44
26   54.4  66.7   3:47pm  45.2   8:19am   11    0  0.00   0   5   2:31pm WNW 30.15   41
27   58.0  68.7   3:27pm  48.4   6:42am    7    0  0.00   2  21   9:32pm ESE 29.75   29
28   54.2  62.5  11:43am  41.4  10:58pm   11    0  0.09   5  26  11:37am ESE 29.38   42
29   42.6  47.8   2:48pm  38.5   9:11pm   22    0  0.03   2  25   8:06am  SE 29.76   68
30   40.1  44.1   4:05pm  36.3   8:04am   25    0  0.06   0  11   8:16am  NW 29.99   76
31   43.9  50.2   3:33pm  39.6  12:52am   21    0  0.00   0  10   2:01pm   S 30.14   60
---------------------------------------------------------------------------------------
TOT  49.9  73.7  10/1/13  33.7  10/4/13  472    5  1.30   1  25 10/28/13 ESE 29.97   54

HEAT BASE: 65.0
COOL BASE: 65.0