NOAA-Style Climate Reports


Report for 2013 November
                  MONTHLY CLIMATOLOGICAL SUMMARY FOR 11/2013
                                        HEAT  COOL        
     MEAN                               DEG   DEG       WIND SPEED       DOM MEAN  MEAN
DAY  TEMP  HIGH   TIME     LOW   TIME   DAYS  DAYS RAIN AVG  HI  TIME    DIR BAROM HUM
---------------------------------------------------------------------------------------
1    48.7  55.7   3:57pm  43.0   6:56am   16    0  0.00   0  10   2:38am WSW 30.20   58
2    52.4  65.1   3:06pm  39.3   7:44am   13    0  0.00   3  28   8:11pm  SE 29.91   41
3    36.9  53.7   1:04am  27.5  11:36pm   28    0  0.20   0  14   3:47pm  NW 29.83   68
4    33.5  39.0   3:14pm  27.6  12:15am   31    0  0.01   1  16   9:15pm ESE 30.09   56
5    33.0  38.8   3:15pm  26.3   7:48am   32    0  0.07   1  14   9:17pm ESE 30.33   63
6    41.1  49.4   3:03pm  32.0  12:48am   24    0  0.00   0  10   7:32pm ESE 30.44   47
7    49.8  58.8   8:23pm  41.0  12:20am   15    0  0.00   2  32  10:19pm  SE 30.18   44
8    52.1  57.5  12:00am  44.0  11:57pm   13    0  0.00   2  24  12:00am ESE 29.93   39
9    47.1  59.0   2:26pm  40.2   7:32am   18    0  0.00   0   5   2:01pm ESE 30.08   52
10   49.4  62.4   3:36pm  41.6   6:44am   16    0  0.00   0   4   2:21pm WNW 30.18   44
11   51.3  62.8   4:12pm  43.4   5:14am   14    0  0.00   0   4  10:44am WNW 30.24   40
12   51.6  61.2   1:42pm  44.0   7:09am   13    0  0.00   0   4   9:35am ESE 30.31   37
13   49.3  59.0   2:18pm  42.0  11:41pm   16    0  0.00   0   7   6:23pm ESE 30.16   48
14   45.9  55.5   2:12pm  37.1   4:41am   19    0  0.00   1  23   1:13pm   S 29.97   48
15   36.2  49.8   1:50am  32.0   5:18pm   29    0  0.10   1  18  11:30pm ESE 29.70   79
16   36.6  40.5   7:23pm  33.7  11:49pm   28    0  0.04   4  25   6:55am  SE 29.66   76
17   41.6  52.8   2:45pm  33.0   1:41am   23    0  0.07   0   9   5:57pm ESE 30.04   61
18   49.2  60.1   2:07pm  39.5   7:37am   16    0  0.01   1  30  10:00pm  SE 30.03   45
19   48.9  55.4  12:39am  44.8   2:12pm   16    0  0.05   3  27   3:34am  SE 29.80   57
20   45.8  50.1   9:57am  40.2  11:51pm   19    0  0.23   1  16   9:26am  SE 29.78   72
21   34.7  40.2  12:00am  31.5   4:39pm   30    0  0.09   5  36   4:22pm ESE 30.04   77
22   32.0  37.7   8:20pm  23.8   9:05am   33    0  0.00   2  28  12:06am SSW 30.38   34
23   39.1  49.9   3:40pm  29.0   6:30am   26    0  0.00   1  41  12:24pm ESE 30.27   30
24   39.1  46.5   1:45pm  33.4  11:09pm   26    0  0.00   0   8   3:16pm  NW 30.16   55
25   36.3  44.8   2:41pm  30.6   7:43am   29    0  0.00   0   6  12:30pm WNW 30.38   63
26   37.9  48.2   2:03pm  31.4   6:53am   27    0  0.00   0   5   2:01pm WNW 30.42   65
27   40.1  51.9   2:40pm  34.2   2:43am   25    0  0.00   0   4  12:48pm WNW 30.19   59
28   39.9  47.6   1:48pm  35.0   6:27am   25    0  0.00   0   3  11:44am WNW 30.12   58
29   41.0  50.4   2:06pm  35.6   8:33am   24    0  0.00   0   5   2:30pm ESE 30.25   60
30   40.8  50.7   2:21pm  35.3   8:57am   24    0  0.00   0   6   2:40pm  NW 30.29   62
---------------------------------------------------------------------------------------
TOT  42.7  65.1  11/2/13  23.8 11/22/13  666    0  0.87   1  34 11/23/13 ESE 30.11   55

HEAT BASE: 65.0
COOL BASE: 65.0