NOAA-Style Climate Reports


Report for 2013 December
                  MONTHLY CLIMATOLOGICAL SUMMARY FOR 12/2013
                                        HEAT  COOL        
     MEAN                               DEG   DEG       WIND SPEED       DOM MEAN  MEAN
DAY  TEMP  HIGH   TIME     LOW   TIME   DAYS  DAYS RAIN AVG  HI  TIME    DIR BAROM HUM
---------------------------------------------------------------------------------------
1    45.4  50.9  12:22pm  38.4  12:34am   20    0  0.00   2  20   5:21pm  SE 30.22   53
2    50.1  53.7  11:50am  43.8  11:53pm   15    0  0.02   5  25   8:29am  SE 29.76   42
3    24.3  43.8  12:00am  19.3  11:41pm   41    0  0.00   1  13   5:17am  NW 29.69   90
4    13.0  19.4  12:04am   6.7   9:01pm   52    0  0.10   1   7   1:07pm SSE 30.12   81
5    12.3  19.2   2:56pm   6.2   7:50am   53    0  0.00   1   8   7:20pm ESE 30.31   72
6    14.6  24.4  11:48pm   5.7   5:36am   50    0  0.00   2  21   2:20pm ESE 30.31   66
7    22.6  26.9   8:35am  15.8  11:51pm   42    0  0.00   2  24  12:04am  SE 29.93   76
8    14.1  18.1   1:42pm  10.5   5:28pm   51    0  0.00   0   7   7:30pm WNW 30.27   82
9    12.0  21.5   1:21pm   6.3   6:43am   53    0  0.01   0   6  12:10am  SE 30.71   73
10   14.9  25.8  11:42am   6.7   5:24am   50    0  0.00   0   5   6:55am  SE 30.67   70
11   16.8  25.3   3:18pm  11.2   5:21am   48    0  0.00   0   1  12:37pm WNW 30.73   76
12   17.7  26.0  11:26am  13.7   7:12am   47    0  0.00   0   3   1:51pm  NW 30.60   81
13   17.9  22.5   1:47pm  12.3   5:49am   47    0  0.00   0   5   8:17am WSW 30.52   88
14   25.8  32.3   2:04pm  18.7   2:02am   39    0  0.00   0   7   5:24am  NW 30.74   85
15   27.2  35.2   3:18pm  22.0   7:41am   38    0  0.00   0   2  11:58am WSW 30.65   80
16   28.8  36.4   2:53pm  25.1  12:46am   36    0  0.02   0   2  12:56pm WNW 30.61   73
17   28.5  35.2  10:10am  24.2   7:55am   36    0  0.00   0   3   1:25pm  NE 30.53   73
18   33.8  47.3   8:48pm  26.3   3:41am   31    0  0.01   1  24   7:24pm SSE 30.09   69
19   31.0  44.0  12:00am  25.6  10:58pm   34    0  0.19   0  23   2:40am   S 29.75   91
20   24.4  31.2   1:05pm  19.8   7:06pm   40    0  0.10   0   0  12:00am   N 30.03   87
21   27.2  32.4   2:26pm  21.3  12:00am   38    0  0.00   0   0  12:00am   N 30.03   91
22   31.9  34.4  11:15pm  28.2  12:00am   33    0  0.01   0  10   8:00am ESE 30.31   87
23   38.5  43.9  11:57pm  34.2  12:25am   26    0  0.34   1  21  11:52pm  SE 30.43   81
24   36.5  45.2   2:50am  26.7  11:56pm   28    0  0.02   1  22   1:21am  NW 30.41   59
25   28.3  36.6   3:23pm  22.9   7:32am   37    0  0.00   0   2  12:35pm WNW 30.64   62
26   26.8  34.4   1:48pm  22.4   3:54am   38    0  0.00   0   3   6:36am ESE 30.63   60
27   27.8  36.6   1:10pm  22.9   5:48am   37    0  0.00   0   4   1:12pm  NW 30.52   69
28   26.5  34.5  10:26am  20.4   8:17pm   38    0  0.00   0   8  11:32am ESE 30.30   75
29   25.9  34.3   3:07pm  19.6   7:12am   39    0  0.01   0   3   1:24pm WNW 30.49   74
30   29.7  36.9   2:35pm  23.9   5:20am   35    0  0.00   0   3  12:21am ESE 30.47   60
31   34.6  42.5   4:53pm  26.6   4:22am   30    0  0.00   0  12   4:46pm ESE 30.32   68
---------------------------------------------------------------------------------------
TOT  26.1  53.7  12/2/13   5.7  12/6/13 1201    0  0.83   1  25  12/2/13  SE 30.35   74

HEAT BASE: 65.0
COOL BASE: 65.0