NOAA-Style Climate Reports


Report for 2014 January
                  MONTHLY CLIMATOLOGICAL SUMMARY FOR 1/2014
                                        HEAT  COOL        
     MEAN                               DEG   DEG       WIND SPEED       DOM MEAN  MEAN
DAY  TEMP  HIGH   TIME     LOW   TIME   DAYS  DAYS RAIN AVG  HI  TIME    DIR BAROM HUM
---------------------------------------------------------------------------------------
1    34.8  40.7   4:14pm  30.0  11:18pm   30    0  0.00   0   4  12:05am WNW 30.38   69
2    32.9  40.1  12:01pm  28.3   7:52am   32    0  0.00   0   4  10:50am ESE 30.37   67
3    33.3  39.9   1:45pm  27.1  11:36pm   31    0  0.00   0   9  11:55pm  NW 30.08   60
4    25.2  29.9   2:52am  19.8   8:17am   40    0  0.02   0  13  12:05am SSW 30.19   73
5    22.1  31.3   4:08pm  16.2   4:15am   43    0  0.00   0   6  12:18am ESE 30.56   59
6    25.4  35.1   3:04pm  20.4   5:19am   39    0  0.00   0   3   7:02am ESE 30.63   51
7    28.5  33.2   4:08pm  24.0   4:47am   36    0  0.00   0   7  11:53am  NW 30.31   68
8    31.8  36.5  11:37pm  27.4   6:22am   33    0  0.10   0  12  11:56pm ESE 30.20   90
9    31.9  38.4   6:50am  26.3   9:32pm   33    0  0.07   1  18   1:26pm  SE 30.05   82
10   37.7  42.9   2:45pm  30.0  12:27am   27    0  0.16   1  13   9:06am ESE 30.14   61
11   46.0  51.0   3:14pm  36.9  11:59pm   19    0  0.02   7  38   3:56pm  SE 29.96   50
12   31.7  36.9  12:00am  29.5   7:57pm   33    0  0.03   0  24  12:02am WSW 30.12   80
13   37.7  44.6   3:55pm  33.0  12:00am   27    0  0.17   0  12   3:14am ESE 30.46   63
14   36.7  43.4  10:32am  32.3  11:59pm   28    0  0.00   0   5   7:46am WNW 30.59   62
15   35.8  44.1   1:11pm  29.7   8:37am   29    0  0.00   0   3  12:25pm ESE 30.56   56
16   32.7  42.1   2:48pm  27.5   7:55am   32    0  0.00   0   3  11:19am ESE 30.54   60
17   33.4  42.3   4:38pm  26.8   7:20am   32    0  0.00   0   4   2:53pm ESE 30.46   55
18   32.7  41.4   3:47pm  27.2   7:16am   32    0  0.00   0   6   9:47pm WNW 30.44   61
19   34.2  43.4   2:39pm  27.9   8:31am   31    0  0.00   0   4   3:08pm ESE 30.35   54
20   32.1  40.1   3:54pm  25.8   6:28am   33    0  0.00   0   4   2:01pm ESE 30.47   64
21   32.0  40.8   2:26pm  25.9   8:30am   33    0  0.00   0   4   2:01pm WNW 30.51   62
22   29.5  36.8  12:06pm  23.4  10:56pm   35    0  0.00   0   5   3:06pm WNW 30.25   68
23   30.2  38.6   2:59pm  21.8   1:40am   35    0  0.00   0  13   2:17am WNW 30.46   64
24   30.2  38.4   2:47pm  24.3   7:34am   35    0  0.00   0   5  12:06pm ESE 30.64   53
25   29.6  38.0   2:59pm  23.2   6:18am   35    0  0.00   0   4  12:47pm ESE 30.49   58
26   31.6  43.3   3:25pm  24.9   6:03am   33    0  0.00   0   3  11:23am ESE 30.26   55
27   34.5  44.3   2:18pm  27.5  11:57pm   30    0  0.00   0   6   1:24pm WNW 30.15   55
28   31.1  39.9   2:54pm  22.0   6:27am   34    0  0.00   0  10  11:04pm ESE 30.35   54
29   38.5  49.5   5:34pm  31.4  12:07am   26    0  0.12   4  37   6:34pm  SE 30.02   61
30   34.5  37.9   1:55pm  29.0   9:56pm   30    0  0.28   0  15   6:29am  SE 29.80   86
31   29.4  33.0   2:38pm  23.1  10:00pm   36    0  0.52   0   4  11:01am WNW 29.87   85
---------------------------------------------------------------------------------------
TOT  32.5  51.0  1/11/14  16.2   1/5/14 1003    0  1.49   1  37  1/29/14 ESE 30.31   64

HEAT BASE: 65.0
COOL BASE: 65.0