NOAA-Style Climate Reports


Report for 2014 February
                  MONTHLY CLIMATOLOGICAL SUMMARY FOR 2/2014
                                        HEAT  COOL        
     MEAN                               DEG   DEG       WIND SPEED       DOM MEAN  MEAN
DAY  TEMP  HIGH   TIME     LOW   TIME   DAYS  DAYS RAIN AVG  HI  TIME    DIR BAROM HUM
---------------------------------------------------------------------------------------
1    27.7  33.0   4:02pm  24.8   3:49am   37    0  0.03   0   6   6:12am WSW 30.11   77
2    28.8  34.0   2:08pm  25.4  11:30pm   36    0  0.01   2  19   2:38pm ESE 30.10   59
3    29.5  38.3   2:25pm  22.2   7:12am   35    0  0.00   0   9  10:44am  SE 29.95   65
4    23.1  30.6   1:52pm  18.6   7:24am   42    0  0.12   0  12  12:35am  NW 30.08   80
5    23.2  31.5   2:41pm  16.3   4:21am   41    0  0.01   0  22   5:44am ESE 30.23   64
6    25.8  34.8  11:51pm  19.5   1:34am   39    0  0.00   0  18  10:53pm SSE 30.06   77
7    36.7  39.8   8:15pm  28.9   2:25am   28    0  0.01   6  36  11:36pm SSE 29.91   69
8    41.1  44.6  11:56pm  38.2   3:50pm   24    0  0.37   7  35   1:44am  SE 29.94   75
9    42.6  47.4   8:39am  38.8  12:49pm   22    0  0.32   4  26   1:02am  SE 29.96   76
10   37.5  42.3   3:13pm  32.4  11:04pm   27    0  0.27   0  10   3:53am  NW 30.10   81
11   38.8  44.4   1:53pm  33.0   1:19am   26    0  0.00   1  14  11:55pm  SE 30.20   62
12   43.3  49.3   7:02pm  38.6  10:51am   22    0  0.07   5  26   7:17am  SE 30.09   61
13   46.8  56.5  12:59pm  42.9  11:45pm   18    0  0.18   1  18   5:29am  SE 30.01   70
14   48.8  57.5  11:48pm  39.7   3:14am   16    0  0.02   3  23   9:55am ESE 29.98   60
15   57.1  61.5   3:34pm  49.5   8:38am    8    0  0.00   4  30  11:47pm  SE 29.82   32
16   46.8  58.9  12:07am  32.9   9:44pm   18    0  0.00   5  32  12:49am  SE 29.82   45
17   46.0  56.2   4:16pm  32.9   6:32am   19    0  0.00   4  32   1:34pm  SE 30.03   32
18   44.3  51.2  12:17pm  39.4   6:54am   21    0  0.00   0  17  11:23pm  NW 29.99   39
19   39.1  50.3   5:42am  27.6  10:35pm   26    0  0.06   6  30   5:05am  NW 29.84   52
20   32.3  39.5   3:29pm  23.7   4:38am   32    0  0.00   2  22  10:16pm WNW 30.26   50
21   40.0  47.8   2:35pm  33.2  12:50am   25    0  0.00   1  12   2:23pm WNW 30.10   43
22   40.8  46.1   4:06pm  36.1  12:27am   24    0  0.00   0  10   9:27am  SE 29.96   42
23   47.1  55.8   1:57pm  37.8   6:55am   18    0  0.00   0  11   2:19pm SSE 29.99   37
24   50.2  56.0   2:06pm  45.2  12:27am   15    0  0.00   0   7   9:42pm  NW 29.96   31
25   51.2  59.6   1:25pm  42.6   4:32am   14    0  0.00   1  10   6:27am  NW 29.91   41
26   50.1  61.1   1:46pm  39.3   6:12am   15    0  0.00   0  10  10:53pm  NW 29.85   54
27   44.5  54.6  12:56am  34.9   6:39pm   20    0  1.17   4  28   2:37am  SE 29.61   68
28   45.0  50.8  12:07pm  40.8   1:46am   20    0  0.35   7  33  11:44pm  SE 29.66   61
---------------------------------------------------------------------------------------
TOT  40.3  61.5  2/15/14  16.3   2/5/14  688    0  2.99   2  35   2/8/14  SE 29.98   57

HEAT BASE: 65.0
COOL BASE: 65.0