NOAA-Style Climate Reports


Report for 2014 March
                  MONTHLY CLIMATOLOGICAL SUMMARY FOR 3/2014
                                        HEAT  COOL        
     MEAN                               DEG   DEG       WIND SPEED       DOM MEAN  MEAN
DAY  TEMP  HIGH   TIME     LOW   TIME   DAYS  DAYS RAIN AVG  HI  TIME    DIR BAROM HUM
---------------------------------------------------------------------------------------
1    44.0  50.0   1:37pm  39.6  10:46pm   21    0  0.04   7  39   2:21am  SE 29.59   67
2    46.0  55.3   2:24pm  38.6  12:51am   19    0  0.02   2  20  10:50pm  SE 29.92   58
3    49.6  56.6   3:04pm  44.0   7:04am   15    0  0.00   1  18   4:06pm SSW 29.95   53
4    41.7  48.8  12:00am  36.1  12:08pm   23    0  0.59   1  11   9:21pm ESE 29.94   74
5    48.0  56.1   3:24pm  38.6   6:07am   17    0  0.00   2  23  10:33pm  SE 30.09   51
6    51.1  57.2   3:06pm  40.7  11:43pm   14    0  0.15   5  35   9:11am  SE 29.84   45
7    41.5  49.4   2:52pm  36.6   4:34am   23    0  0.04   1  16  12:09pm  NW 30.05   69
8    44.0  54.1   3:53pm  36.0   5:42am   20    0  0.00   0   9   8:10pm  NW 30.32   57
9    49.5  61.6   5:10pm  38.8   6:14am   15    0  0.00   0  11   8:29pm  SE 30.20   41
10   53.5  59.1  10:11am  37.8  11:35pm   12    0  0.00   7  32  11:01am  SE 29.81   33
11   36.1  43.2   6:59pm  31.8   7:26am   29    0  0.33   1  14  12:00am  NW 30.15   73
12   40.5  50.4   5:08pm  31.2   7:15am   24    0  0.00   1  11   1:35am  NW 30.34   51
13   43.9  55.8   3:11pm  33.7   8:43am   21    0  0.00   1  13   4:02pm  NW 30.07   38
14   47.4  58.8   2:52pm  37.5   7:14am   18    0  0.00   1  29   8:34pm WNW 30.03   37
15   43.3  51.3   4:43pm  37.6   7:04am   22    0  0.00   2  19   9:23am  NW 30.27   50
16   50.7  62.7   5:40pm  38.9   3:45am   14    0  0.00   2  30   9:51pm ESE 30.28   29
17   45.4  58.2  12:16am  26.2  11:58pm   19    0  0.00   8  41   1:49am  SE 29.68   40
18   31.7  39.3   5:50pm  25.3   8:15am   33    0  0.01   0  15   1:02am ESE 30.11   63
19   40.7  52.1   5:12pm  29.6   5:36am   24    0  0.00   1  14   8:14pm   S 30.23   34
20   49.1  60.2   3:21pm  38.1   5:12am   16    0  0.00   1  13   2:30pm  NW 29.97   22
21   41.3  49.8   2:35pm  31.8   6:49am   24    0  0.00   0   8  11:16am  NW 29.95   43
22   42.6  50.6   4:41pm  34.1   8:33am   22    0  0.00   1  13   2:25am  NW 30.08   42
23   45.4  54.8   4:51pm  32.9   7:09am   20    0  0.00   1  16   2:25pm  NW 30.15   24
24   49.0  58.7   3:25pm  38.3   7:03am   16    0  0.00   1  12   2:28pm ESE 30.15   27
25   56.7  68.3   3:26pm  43.5   4:29am    9    0  0.00   3  25  11:57pm ESE 29.80   19
26   45.3  60.5  12:00am  35.6  12:42pm   20    0  0.21   3  34   2:17am  SE 29.42   60
27   38.4  44.8   6:11pm  33.3   8:32am   26    0  0.12   1  22   5:02am  SE 29.80   76
28   45.7  54.8   5:50pm  35.6  12:00am   19    0  0.00   2  24  11:51pm  SE 30.11   48
29   54.8  58.6   9:11pm  50.1  12:05am   10    0  0.00   9  36   8:57am  SE 29.86   29
30   45.5  57.4  12:00am  33.2   3:36pm   19    0  0.17   5  31  12:37am SSE 29.58   61
31   39.8  48.4  11:50am  32.5   7:03am   25    0  0.55   0  16   5:00pm  SE 29.95   60
---------------------------------------------------------------------------------------
TOT  45.2  68.3  3/25/14  25.3  3/18/14  609    0  2.23   2  39   3/1/14  NW 29.99   47

HEAT BASE: 65.0
COOL BASE: 65.0