NOAA-Style Climate Reports


Report for 2014 April
                  MONTHLY CLIMATOLOGICAL SUMMARY FOR 4/2014
                                        HEAT  COOL        
     MEAN                               DEG   DEG       WIND SPEED       DOM MEAN  MEAN
DAY  TEMP  HIGH   TIME     LOW   TIME   DAYS  DAYS RAIN AVG  HI  TIME    DIR BAROM HUM
---------------------------------------------------------------------------------------
1    38.0  44.6  10:11am  32.9  10:05pm   27    0  0.17   2  28  11:19am  SE 29.69   77
2    37.2  45.3   5:38pm  31.6   3:53am   28    0  0.31   0  10   2:58pm  NW 29.83   67
3    39.2  48.7   4:58pm  31.2   8:18am   26    0  0.00   1  10   9:48pm WNW 30.04   64
4    44.9  56.9   1:25pm  36.3   7:35am   20    0  0.00   1  18   2:44pm ESE 29.93   46
5    44.4  50.5   3:40pm  39.5  11:15pm   21    0  0.04   1  19   8:57pm  NW 29.88   62
6    43.5  52.7   6:18pm  35.7   7:14am   21    0  0.03   0  13   1:58pm WSW 30.09   69
7    49.3  58.9   4:00pm  40.3   4:42am   16    0  0.00   1  15   2:46pm  NW 30.23   53
8    58.1  71.6   4:32pm  45.2   6:56am    8    1  0.00   1  21  11:29pm ESE 30.13   38
9    65.0  71.3   2:36pm  56.3   5:54am    2    2  0.00   2  23   2:55am  NW 29.81   24
10   59.3  67.1   4:07pm  48.8   7:44am    6    0  0.00   1  13   1:58pm  NW 29.84   38
11   63.3  73.2   4:02pm  51.4   6:10am    4    2  0.00   1  11   3:54am  NW 29.75   30
12   59.6  67.4   1:07pm  51.8  11:49pm    5    0  0.00   1  19   3:20pm  NW 29.53   37
13   44.8  54.5  12:27am  39.2  11:16pm   20    0  0.05   3  24   4:00pm  NW 29.77   55
14   44.4  55.5   6:00pm  32.3   5:35am   21    0  0.00   1  14  12:40am  NW 30.23   35
15   52.8  67.3   3:24pm  41.4   4:37am   12    0  0.00   2  18   6:43pm  NW 29.89   25
16   48.9  57.2   4:18pm  40.0   7:32am   16    0  0.00   1  12   1:40pm  NW 29.87   25
17   56.2  69.1   6:05pm  41.0   7:06am    9    1  0.00   2  18  11:46pm  SE 29.88   27
18   61.2  67.2  12:23am  51.6  11:25pm    4    0  0.00   4  35   4:13am  SE 29.68   39
19   58.6  69.6   2:53pm  47.2   5:18am    7    1  0.00   1  11   1:43pm  NW 29.82   51
20   61.4  68.5   3:57pm  53.5  11:51pm    4    1  0.00   1  13   2:49am  NW 29.90   35
21   61.2  75.2   3:38pm  45.1   6:49am    7    3  0.00   1  18  11:38pm  NW 29.92   30
22   61.8  71.2   5:25pm  35.1  10:45pm    5    2  0.28   7  42   5:37pm  SE 29.48   38
23   41.1  50.0   5:37pm  35.7   8:08am   22    0  0.07   1  11   3:05am ESE 29.89   58
24   53.1  64.6   6:05pm  40.3  12:04am   12    0  0.00   2  23  10:49am ESE 29.94   30
25   53.2  62.5   3:53pm  45.1  11:48pm   12    0  0.09   0  28   3:54pm WNW 29.56   52
26   42.2  45.6   4:21am  37.5   9:53pm   23    0  0.70   1  14   5:27am ESE 29.45   89
27   42.6  51.3   2:08pm  34.9   5:53am   22    0  0.00   1  14   8:01pm  NW 29.83   62
28   39.8  48.3   4:44pm  34.4   2:12am   25    0  0.20   1  19   4:55pm  NW 30.12   62
29   44.0  52.7   6:50pm  33.5   6:29am   21    0  0.00   2  20   2:36pm  NW 30.41   43
30   50.2  61.1   4:40pm  39.5   6:38am   15    0  0.00   1  15   5:00pm  NW 30.33   34
---------------------------------------------------------------------------------------
TOT  50.7  75.2  4/21/14  31.2   4/3/14  439   13  1.94   1  37  4/22/14  NW 29.89   47

HEAT BASE: 65.0
COOL BASE: 65.0