NOAA-Style Climate Reports


Report for 2014 May
                  MONTHLY CLIMATOLOGICAL SUMMARY FOR 5/2014
                                        HEAT  COOL        
     MEAN                               DEG   DEG       WIND SPEED       DOM MEAN  MEAN
DAY  TEMP  HIGH   TIME     LOW   TIME   DAYS  DAYS RAIN AVG  HI  TIME    DIR BAROM HUM
---------------------------------------------------------------------------------------
1    56.5  67.0   4:53pm  43.8   6:00am    9    0  0.00   0  10   3:05pm  NW 30.15   32
2    64.9  77.0   4:54pm  51.2   6:34am    4    4  0.00   1  13   2:20pm ESE 29.92   28
3    72.0  80.7   2:01pm  65.6   2:18am    0    7  0.00   4  27  10:38pm  SE 29.62   17
4    69.2  73.7  12:31pm  62.5   9:37pm    0    4  0.00   3  27  12:18am  SE 29.53   17
5    65.0  71.0  12:39pm  54.0  11:59pm    2    2  0.00   2  22   4:06am  NW 29.52   27
6    52.4  62.7  11:35am  44.2   8:45pm   12    0  0.14   1  15   8:50pm  NW 29.43   61
7    42.1  46.4   3:59pm  38.8   6:15am   23    0  0.56   0  16   8:39am ESE 29.66   87
8    49.0  60.1   5:57pm  37.9   6:57am   16    0  0.11   1  14   4:25pm ESE 29.91   62
9    51.0  60.1   5:07pm  43.5   9:26am   14    0  0.61   1  18   2:05am  SE 29.79   63
10   48.1  58.3   3:50pm  40.7  10:40pm   17    0  0.03   1  15   6:50pm  NW 29.76   62
11   42.3  47.5   1:21pm  34.3   6:46am   23    0  0.07   4  32   9:03pm ENE 29.82   66
12   45.9  55.5   2:39pm  39.6   7:17am   19    0  0.06   3  25  12:01am ESE 30.19   49
13   50.3  61.5   3:45pm  38.2   4:51am   15    0  0.01   1  10   3:55pm  NW 30.38   39
14   57.2  69.4   5:07pm  43.7   5:23am    9    1  0.00   0  11   3:06pm  NW 30.26   26
15   64.2  76.0   3:38pm  50.2   5:56am    4    4  0.00   0  10  12:07pm  NW 30.04   32
16   70.9  80.0   3:27pm  61.3   6:55am    0    6  0.00   1  17   5:13am  SE 29.77   24
17   70.6  80.4   3:24pm  58.3   6:00am    1    6  0.00   1  11   9:54pm ESE 29.61   27
18   68.4  74.7   3:45pm  56.5  11:59pm    1    4  0.00   2  23   2:44am  NW 29.45   24
19   60.6  71.1   5:55pm  50.7   5:23am    6    1  0.00   0  11  12:19pm  NW 29.61   42
20   65.9  79.7   5:27pm  51.7   7:00am    3    4  0.00   1  18   2:14pm  SE 29.58   29
21   65.0  77.9   4:45pm  51.8   6:27am    4    4  0.00   1  16   2:47pm   S 29.63   29
22   69.9  82.2   3:23pm  56.9   3:20am    2    6  0.00   1  20   4:37pm  NW 29.72   23
23   63.3  73.3  11:37am  57.9   3:08am    3    1  0.00   1  23   1:16pm  SE 29.74   42
24   61.3  71.5   6:29pm  55.1   7:49am    5    1  0.02   1  18   9:17am  NW 29.80   60
25   66.3  76.3   3:52pm  55.2   6:12am    3    4  0.00   1  13   2:06pm  NW 29.80   48
26   72.4  85.2   3:48pm  57.8   6:17am    2    9  0.00   1  13  11:44pm ESE 29.76   32
27   78.2  89.5   5:03pm  63.6   6:59am    0   13  0.00   1  16  11:42pm ESE 29.67   23
28   80.6  86.8   1:37pm  75.4   8:23am    0   16  0.00   5  26   3:34am  SE 29.50   18
29   65.3  76.4  12:00am  53.7   6:50am    3    3  0.00   0  10  12:09am  NW 29.69   42
30   70.4  86.1   5:51pm  56.4   6:19am    2    7  0.00   1  19   6:48pm ESE 29.71   39
31   74.7  82.0   1:14pm  65.2  11:59pm    0   10  0.00   4  24  12:15am  SE 29.54   22
---------------------------------------------------------------------------------------
TOT  62.4  89.5  5/27/14  34.3  5/11/14  197  117  1.61   1  32  5/11/14 ESE 29.76   38

HEAT BASE: 65.0
COOL BASE: 65.0