NOAA-Style Climate Reports


Report for 2014 June
                  MONTHLY CLIMATOLOGICAL SUMMARY FOR 6/2014
                                        HEAT  COOL        
     MEAN                               DEG   DEG       WIND SPEED       DOM MEAN  MEAN
DAY  TEMP  HIGH   TIME     LOW   TIME   DAYS  DAYS RAIN AVG  HI  TIME    DIR BAROM HUM
---------------------------------------------------------------------------------------
1    66.2  74.8   4:37pm  55.8   6:02am    2    3  0.00   0  11   1:10pm  NW 29.71   29
2    72.7  86.3   5:28pm  55.2   6:48am    2   10  0.00   1  21   4:44pm  SE 29.66   23
3    76.1  83.4   6:01pm  69.8   9:00am    0   11  0.00   1  22   1:09am ESE 29.51   19
4    72.1  83.7   3:04pm  61.2   7:35am    0    8  0.00   1  13   3:15pm  NW 29.62   29
5    71.9  83.2   4:59pm  58.2   6:20am    1    8  0.00   0   8   3:41pm  NW 29.68   22
6    74.2  87.2   2:51pm  59.2   6:51am    1   10  0.00   0   9   3:22pm  NW 29.62   18
7    71.1  82.7   5:59pm  58.7   6:39am    1    7  0.00   0   8  11:58am  NW 29.65   24
8    68.5  76.2   4:40pm  60.1   7:32am    1    4  0.00   1  15   3:03pm  NW 29.75   30
9    72.0  83.0   2:37pm  56.8   6:52am    1    8  0.00   1  16  11:19pm ESE 29.76   24
10   78.3  89.0   3:40pm  68.4   4:08am    0   13  0.00   2  19  12:42am  SE 29.51   21
11   71.9  82.9   4:32pm  59.1   5:31am    1    7  0.00   0  10  11:51pm  NW 29.61   26
12   75.2  89.3   4:47pm  61.6   4:41am    0   10  0.00   2  29   5:18pm  SE 29.57   23
13   74.1  80.3  12:00am  60.6  11:59pm    0    9  0.00   2  26   3:25am  SE 29.45   22
14   58.3  66.6   5:16pm  48.8   6:45am    7    0  0.00   0  14  10:32am  NW 29.72   38
15   65.5  78.8   3:25pm  53.8   2:34am    3    4  0.00   1  17   2:49pm ESE 29.62   31
16   63.3  67.5   2:41pm  52.1  11:40pm    2    0  0.18   1  23   8:58pm ESE 29.46   40
17   46.5  52.4  12:18am  42.4  11:36pm   18    0  0.58   1  18   7:43pm ESE 29.74   86
18   50.9  61.3   2:30pm  40.9   5:11am   14    0  0.00   0  11   8:02pm  NW 30.03   61
19   63.9  77.0   5:29pm  48.3   4:57am    5    4  0.00   1  10  10:08pm ESE 30.00   38
20   74.2  87.9   4:30pm  60.4   6:02am    0   10  0.00   1  13  11:32pm ESE 29.74   25
21   77.0  84.7   4:16pm  65.4   6:47am    0   12  0.00   1  17   3:17am  SE 29.58   22
22   75.0  85.7   2:58pm  61.5   4:48am    0   10  0.00   0  11  10:11am  NW 29.61   23
23   75.3  84.6   4:11pm  63.8   6:53am    0   10  0.00   0  11   1:07am ESE 29.64   30
24   79.0  93.0   5:49pm  64.8   4:49am    0   14  0.00   1  18  12:58am ESE 29.59   25
25   79.7  91.5   4:20pm  64.3   6:38am    0   15  0.00   1  25  11:47pm ESE 29.50   27
26   71.7  83.2  12:00am  55.1   7:39pm    2    9  0.43   2  28   6:15pm  SE 29.43   44
27   64.1  75.6   3:29pm  54.9   1:53am    3    3  0.00   0   9  10:55am  NW 29.65   61
28   70.9  83.0   6:00pm  57.4   6:00am    2    7  0.00   0  12   5:04pm  NW 29.69   40
29   74.8  87.8   6:10pm  60.2   5:24am    1   10  0.00   0   9  12:19am  NW 29.69   31
30   72.0  82.1   5:18pm  61.9   6:44am    0    7  0.00   0   8   1:00pm  NW 29.78   31
---------------------------------------------------------------------------------------
TOT  70.2  93.0  6/24/14  40.9  6/18/14   67  223  1.19   1  29  6/12/14 ESE 29.65   32

HEAT BASE: 65.0
COOL BASE: 65.0