NOAA-Style Climate Reports


Report for 2014 July
                  MONTHLY CLIMATOLOGICAL SUMMARY FOR 7/2014
                                        HEAT  COOL        
     MEAN                               DEG   DEG       WIND SPEED       DOM MEAN  MEAN
DAY  TEMP  HIGH   TIME     LOW   TIME   DAYS  DAYS RAIN AVG  HI  TIME    DIR BAROM HUM
---------------------------------------------------------------------------------------
1    77.0  88.8   5:37pm  66.7   6:50am    0   12  0.00   1  15   1:44am ESE 29.77   23
2    81.7  96.8   5:44pm  66.0   6:54am    0   29  0.00   1   9  11:38pm ESE 29.66   23
3    82.5  95.3   3:43pm  69.4   5:47pm    0   18  0.12   4  26   5:13pm ESE 29.62   24
4    84.1  97.9   4:16pm  70.1   6:55am    0   19  0.00   2  26  11:48am ESE 29.67   24
5    86.4  96.4   4:58pm  78.6   6:30am    0   21  0.00   4  25   4:47am ESE 29.70   23
6    85.5  98.0   4:00pm  71.9   4:41am    0   20  0.00   0  10   4:27pm  NW 29.70   24
7    85.9  97.7   4:06pm  72.8   6:57am    0   21  0.00   0   9   5:00pm  NW 29.62   22
8    85.3  98.6   4:16pm  72.4   6:01am    0   20  0.00   1  14  10:48pm  NW 29.61   24
9    81.6  93.5   2:55pm  73.3   4:31am    0   17  0.00   3  38  11:36pm  SE 29.59   33
10   78.7  92.2   5:33pm  67.5  10:44pm    0   14  0.01   3  39   8:13pm  SE 29.61   45
11   74.0  85.8   4:20pm  67.2   4:15am    0   22  0.02   0  12   4:44pm ESE 29.72   58
12   79.8  92.5   4:15pm  66.9   7:01am    0   15  0.00   0   9   4:32pm  NW 29.81   47
13   84.8  96.7   6:24pm  70.3   6:57am    0   20  0.00   1  13   1:46am  NW 29.76   33
14   88.4 101.5   4:22pm  79.9   7:29am    0   23  0.00   2  23   3:00am ESE 29.65   25
15   86.1  97.1   3:02pm  75.1   5:00am    0   21  0.00   1  21  11:14pm ESE 29.59   27
16   79.3  88.6   4:38pm  71.1   6:47am    0   14  0.00   2  25  12:21am  SE 29.62   36
17   80.3  91.5   3:29pm  69.4   5:36am    0   15  0.00   0  11   3:49am  NW 29.64   28
18   84.3  96.1   4:01pm  71.4   7:03am    0   19  0.00   0  12  11:34pm ESE 29.61   23
19   83.9  96.1   5:48pm  71.9   4:55am    0   19  0.00   0  10   6:46am WSW 29.61   24
20   80.0  92.9   3:55pm  72.4   7:03am    0   15  0.05   1  23   6:29pm ESE 29.60   31
21   81.8  91.4   4:39pm  70.3   2:23am    0   17  0.00   4  31   6:55am  SE 29.68   22
22   83.6  97.9   5:50pm  67.4   7:13am    0   19  0.00   1  16  12:45am ESE 29.77   24
23   89.7 100.9   5:41pm  84.0   6:34am    0   25  0.00   4  25  11:54pm ESE 29.64   17
24   85.4  91.7   5:33pm  74.9  11:58pm    0   20  0.00   1  24   3:39am  SE 29.56   25
25   79.4  91.0   3:48pm  65.7   7:18am    0   14  0.00   0   7   3:04pm  NW 29.63   32
26   82.1  93.3   4:39pm  70.7   7:13am    0   17  0.00   0  11  12:14am ESE 29.72   30
27   84.6  98.4   5:43pm  70.0   6:37am    0   20  0.00   0   7   4:07pm WNW 29.75   24
28   77.9  91.2   3:17pm  65.0   8:17pm    0   13  0.16   2  29   4:57pm ESE 29.77   44
29   67.0  73.1   5:25pm  64.1   3:13am    0    2  0.22   0   6   6:50pm   W 29.87   81
30   68.6  80.3   5:09pm  62.3  10:30am    0    4  0.11   1  16  10:00pm ESE 29.91   71
31   73.4  83.9   2:46pm  62.3   4:34am    0    9  0.00   0   8   2:29am WSW 29.86   53
---------------------------------------------------------------------------------------
TOT  81.4 101.5  7/14/14  62.3  7/30/14    1  532  0.69   1  31   7/9/14 ESE 29.69   33

HEAT BASE: 65.0
COOL BASE: 65.0