NOAA-Style Climate Reports


Report for 2014 August
                  MONTHLY CLIMATOLOGICAL SUMMARY FOR 8/2014
                                        HEAT  COOL        
     MEAN                               DEG   DEG       WIND SPEED       DOM MEAN  MEAN
DAY  TEMP  HIGH   TIME     LOW   TIME   DAYS  DAYS RAIN AVG  HI  TIME    DIR BAROM HUM
---------------------------------------------------------------------------------------
1    77.3  89.2   6:17pm  65.5   7:17am    0   12  0.00   0   9   3:10pm  NW 29.80   45
2    80.9  92.5   5:25pm  68.3   7:22am    0   16  0.00   0  12   1:59am ESE 29.74   34
3    77.8  90.6   2:21pm  69.4   7:29am    0   13  0.00   1  17   5:17pm  SE 29.70   40
4    70.2  82.7   1:12pm  61.2   6:58am    1    6  0.48   1  25   7:49pm ESE 29.74   67
5    71.4  78.3  12:39pm  65.9   4:32pm    0    6  0.05   3  21  12:55pm  SE 29.76   56
6    72.4  83.5   6:51pm  62.0  11:59pm    0    7  0.33   1  17  11:41pm  SE 29.80   54
7    68.8  80.8   3:00pm  58.5   6:08am    1    5  0.03   0  25  12:59am  NW 29.80   55
8    73.9  85.9   4:09pm  65.1   5:45am    0    9  0.00   1  16  11:39pm ESE 29.77   46
9    76.3  88.8   3:14pm  64.8   5:39am    0   11  0.00   0  19  12:29am ESE 29.81   38
10   78.2  90.9   3:38pm  65.9   6:50am    0   13  0.00   0  14  11:13pm ESE 29.82   36
11   81.0  94.0   4:29pm  67.4   6:17am    0   16  0.00   1  10  12:00am  NW 29.80   32
12   75.8  89.7   3:37pm  61.4   8:52pm    0   11  0.34   2  36   6:21pm ESE 29.77   45
13   71.3  82.4   1:19pm  61.8  12:56am    0    7  0.00   1  16   1:36pm ESE 29.77   57
14   76.8  87.1   4:25pm  64.5   4:55am    0   12  0.14   2  22   5:04am ESE 29.70   50
15   80.4  90.7   4:59pm  69.5   2:33am    0   15  0.07   3  23   5:12am  SE 29.69   33
16   78.7  89.2   3:32pm  66.1   6:51am    0   14  0.00   0   6  12:04pm  NW 29.76   28
17   80.2  92.7   4:49pm  66.1   6:47am    0   15  0.00   0   8  11:51pm ESE 29.72   26
18   81.6  92.8   4:55pm  67.4   6:30am    0   17  0.00   1  34  11:41pm ESE 29.59   24
19   69.0  78.0  12:00am  61.9   1:49pm    0    4  0.11   3  34  12:28am ESE 29.57   56
20   69.4  80.5   3:17pm  61.1  11:19pm    1    5  0.03   2  24   9:21pm ESE 29.68   57
21   71.5  82.3   4:03pm  63.4   5:05am    0    7  0.01   2  26   5:57pm  SE 29.75   44
22   66.1  80.4   1:59pm  56.0   8:14pm    2    3  0.51   2  21  10:20am  SE 29.69   59
23   61.9  70.7   6:42pm  53.9   7:45am    4    1  0.05   1  29   5:50am WSW 29.81   60
24   67.0  78.7   4:54pm  54.3   5:34am    3    5  0.00   0  17  11:51pm  NW 29.79   43
25   68.2  77.6  12:52pm  59.3   6:02am    1    4  0.08   1  25  12:15am ESE 29.69   52
26   67.0  80.0   2:26pm  58.2   4:43am    1    3  0.01   1  18   5:31pm ESE 29.84   55
27   65.0  74.5   6:04pm  57.3   7:56am    2    2  0.00   1  10  10:49pm ESE 29.95   61
28   72.1  84.5   4:30pm  59.3   6:55am    1    8  0.00   1  13  11:08pm ESE 29.91   44
29   77.4  89.2   3:43pm  65.1   7:25am    0   12  0.00   2  15  10:36pm ESE 29.72   31
30   76.5  82.6   3:36pm  71.1   1:23pm    0   24  0.00   3  25   4:03am  SE 29.54   27
31   67.7  75.5   4:23pm  59.2   7:22am    1    4  0.00   1  12   5:45am  SE 29.67   41
---------------------------------------------------------------------------------------
TOT  73.3  94.0  8/11/14  53.9  8/23/14   20  289  2.24   1  35  8/12/14 ESE 29.75   45

HEAT BASE: 65.0
COOL BASE: 65.0