NOAA-Style Climate Reports


Report for 2014 September
                  MONTHLY CLIMATOLOGICAL SUMMARY FOR 9/2014
                                        HEAT  COOL        
     MEAN                               DEG   DEG       WIND SPEED       DOM MEAN  MEAN
DAY  TEMP  HIGH   TIME     LOW   TIME   DAYS  DAYS RAIN AVG  HI  TIME    DIR BAROM HUM
---------------------------------------------------------------------------------------
1    67.9  79.8   5:22pm  56.7   7:02am    2    5  0.00   0   6   4:25pm  NW 29.80   34
2    74.2  88.8   4:46pm  60.8   7:54am    1   10  0.00   0  11   1:59pm  NW 29.67   31
3    78.4  85.8   4:50pm  62.6  11:59pm    0   13  0.00   4  28   1:29am  SE 29.47   25
4    64.4  76.5   4:57pm  51.8   7:33am    3    3  0.00   0   7   3:04am  NW 29.72   34
5    70.2  81.5   3:28pm  59.4   7:38am    1    6  0.00   0  15   1:42pm WSW 29.83   36
6    73.6  87.2   3:47pm  61.7   6:49am    0    9  0.02   1  23  11:26pm ESE 29.83   41
7    77.5  89.5   3:50pm  65.1   2:05am    0   13  0.09   1  20  11:27pm ESE 29.68   33
8    71.7  82.2   2:33pm  60.5   5:59pm    0    7  0.16   3  32   4:49pm  SE 29.60   48
9    63.4  74.9   1:05pm  54.8   8:32am    3    1  0.99   2  21   4:20pm ESE 29.69   66
10   65.0  77.5   4:37pm  53.5   8:02am    3    3  0.00   0   9  10:42pm ESE 29.84   46
11   63.0  73.7   4:23pm  52.8  11:56pm    4    2  0.00   0   8   2:26pm  NW 29.89   41
12   58.4  74.0   5:01pm  43.4   7:21am    8    2  0.00   0   7  12:22pm ESE 30.02   43
13   68.8  85.2   4:27pm  54.1   6:14am    3    7  0.00   1  16  11:23pm ESE 29.85   33
14   75.1  87.2   2:22pm  63.2   6:37am    0   10  0.00   1  16  12:03am  SE 29.71   26
15   77.0  89.0   5:00pm  65.4   8:01am    0   12  0.00   1  13   4:44am ESE 29.75   30
16   79.3  93.1   3:30pm  65.6   7:04am    0   14  0.00   2  16  11:22am  SE 29.70   27
17   82.7  92.7   3:36pm  70.7   8:14am    0   18  0.00   2  19  10:46pm  SE 29.55   25
18   79.8  87.2   3:37pm  67.8  10:43pm    0   15  0.00   4  20   1:54pm  SE 29.47   33
19   70.3  81.5   3:45pm  60.3   7:38am    1    6  0.13   0  16   4:34am WNW 29.68   57
20   72.2  86.1   4:44pm  60.4   7:31am    1    8  0.00   0   8  11:22pm WNW 29.83   44
21   65.4  70.5  12:00am  59.6   8:48pm    1    2  0.26   2  26   5:35am ESE 29.83   63
22   66.3  75.9   5:28pm  57.4   7:34am    2    3  0.00   0   8  12:43pm WSW 29.90   64
23   71.2  82.3   2:39pm  59.7   7:37am    1    7  0.00   1  13  11:16pm ESE 29.86   50
24   75.1  85.8   5:02pm  62.4   8:14am    0   10  0.00   2  22   1:45pm ESE 29.79   35
25   80.0  86.3   3:47pm  74.8   2:46am    0   15  0.00   5  24   3:34pm  SE 29.66   25
26   76.3  83.8   2:10pm  66.2  11:26pm    0   11  0.12   6  28   7:39pm  SE 29.57   34
27   58.6  71.2  12:16am  53.2   5:30pm    7    0  1.51   3  26  10:28pm ESE 29.64   78
28   59.3  68.8   4:51pm  51.5  11:58pm    6    0  0.03   1  30   1:18am ESE 29.73   60
29   54.0  62.4   1:19pm  48.0   7:36pm   11    0  0.41   1  16   7:47pm ESE 29.81   69
30   53.5  60.8   4:58pm  48.3  11:39pm   11    0  0.06   0  13   6:52am ESE 29.81   72
---------------------------------------------------------------------------------------
TOT  69.8  93.1  9/16/14  43.4  9/12/14   71  214  3.78   1  28   9/8/14 ESE 29.74   43

HEAT BASE: 65.0
COOL BASE: 65.0