NOAA-Style Climate Reports


Report for 2014 October
                  MONTHLY CLIMATOLOGICAL SUMMARY FOR 10/2014
                                        HEAT  COOL        
     MEAN                               DEG   DEG       WIND SPEED       DOM MEAN  MEAN
DAY  TEMP  HIGH   TIME     LOW   TIME   DAYS  DAYS RAIN AVG  HI  TIME    DIR BAROM HUM
---------------------------------------------------------------------------------------
1    47.7  55.9   4:51pm  42.6   9:10am   17    0  0.05   0  11   6:09pm   W 29.96   69
2    53.1  62.7   4:30pm  45.1   4:50am   12    0  0.00   0   7   5:09am  SE 30.17   48
3    57.1  68.2   3:27pm  47.4   7:53am    8    0  0.00   0   7   4:36pm   W 30.23   41
4    58.7  71.4   2:13pm  47.8   8:00am    7    1  0.00   0   7   3:14pm   S 30.12   43
5    61.0  72.8   4:53pm  51.5   7:23am    6    2  0.00   0   6   2:23pm   S 30.00   44
6    65.0  75.7   4:56pm  55.7   3:06am    3    3  0.00   0   8   5:16am ESE 29.92   40
7    66.0  78.2   2:20pm  55.8   8:41am    2    3  0.00   0   5   1:32pm SSE 29.84   38
8    66.1  79.3   3:29pm  55.1   8:34am    3    4  0.00   0   8   4:47pm   W 29.78   35
9    64.3  76.3   3:30pm  54.1   6:57am    3    3  0.00   0   6   1:17pm   W 29.73   40
10   62.7  73.9   2:36pm  53.3   6:06am    4    2  0.00   0   7   3:42pm   W 29.83   41
11   60.9  69.5   3:03pm  52.0   7:52am    5    1  0.00   1  22  11:54pm  SE 29.86   41
12   51.3  64.8  12:00am  46.1   9:26am   14    0  0.00   1  20   2:38am  NW 29.91   52
13   52.3  63.3   5:35pm  42.4   6:06am   13    0  0.00   0   5  12:47pm ESE 30.18   41
14   60.5  73.9   4:06pm  45.4   8:14am    7    2  0.00   2  28  11:51pm  SE 29.95   33
15   66.6  74.5   5:00pm  50.6  11:56pm    2    3  0.00   6  35   5:47am  SE 29.65   26
16   53.9  64.6   2:32pm  46.7   5:43am   11    0  0.00   0   3   1:06pm  NW 29.90   54
17   56.1  70.0   4:26pm  47.0   7:08am    9    1  0.00   0   4   2:10pm NNW 29.90   52
18   61.4  73.3   3:18pm  54.1   6:30am    5    2  0.00   0   7   4:09pm WNW 29.86   40
19   59.8  73.4   3:45pm  50.2   7:43am    7    2  0.00   0   5   3:37pm WNW 29.87   46
20   64.6  77.1   3:51pm  52.3   5:29am    4    4  0.00   2  17  11:24pm  SE 29.79   37
21   59.4  67.6  12:39am  46.1  11:25pm    6    0  0.00   3  24   4:42am  SE 29.71   43
22   50.3  62.4   4:11pm  40.8   6:25am   15    0  0.00   0   5   4:18pm   W 30.04   49
23   59.4  71.0   3:36pm  46.8   5:46am    7    1  0.00   1  24  11:03pm SSE 29.98   38
24   66.0  77.4   2:49pm  53.6   8:01am    3    4  0.00   2  22  12:00am  SE 29.90   31
25   69.9  74.3   3:39pm  66.1  11:54pm    0    5  0.00   8  33  11:44pm  SE 29.73   25
26   55.2  66.1  12:00am  43.4  11:57pm   10    0  0.00   1  26  12:00am  NW 29.75   45
27   43.0  50.9   3:08pm  36.1   5:06am   22    0  0.00   0   9  10:30am NNW 30.06   51
28   45.8  59.1   3:52pm  36.3   7:40am   19    0  0.00   0   5   4:59pm   S 30.21   41
29   52.6  65.7   4:04pm  41.0   8:11am   12    0  0.00   0   6   2:19pm   W 30.19   32
30   56.5  70.4   4:31pm  46.3   7:06am    9    1  0.00   0   9  11:06pm WNW 30.07   38
31   66.4  72.2   3:19pm  55.9   1:26am    1    3  0.00   4  31  12:53pm  SE 29.73   20
---------------------------------------------------------------------------------------
TOT  58.5  79.3  10/8/14  36.1 10/27/14  247   46  0.05   1  34 10/15/14  SE 29.93   41

HEAT BASE: 65.0
COOL BASE: 65.0