NOAA-Style Climate Reports


Report for 2014 November
                  MONTHLY CLIMATOLOGICAL SUMMARY FOR 11/2014
                                        HEAT  COOL        
     MEAN                               DEG   DEG       WIND SPEED       DOM MEAN  MEAN
DAY  TEMP  HIGH   TIME     LOW   TIME   DAYS  DAYS RAIN AVG  HI  TIME    DIR BAROM HUM
---------------------------------------------------------------------------------------
1    59.0  69.4  11:38am  49.0  11:31pm    7    1  0.02   5  43   4:15pm  SE 29.46   37
2    41.9  49.1  12:08am  36.1  11:58pm   23    0  0.02   0  13  12:22am  SE 29.85   70
3    38.1  45.5   2:33pm  33.8   4:48am   27    0  0.04   0   7   1:59am WNW 30.26   70
4    40.8  51.8   2:26pm  30.5   6:27am   24    0  0.00   0   6   1:35pm ESE 30.41   54
5    47.3  57.7   1:50pm  40.1   2:17am   18    0  0.00   0   7   3:39pm WNW 30.40   49
6    49.7  61.3   2:07pm  39.7   7:08am   15    0  0.00   0   6   1:43pm  SW 30.30   51
7    52.9  62.5  12:43pm  46.5  11:58pm   12    0  0.00   0   7  12:29am WNW 30.18   46
8    50.4  61.9   2:55pm  41.8   7:43am   15    0  0.00   0   7   2:20pm   W 30.23   54
9    55.5  66.5   3:04pm  44.9   4:33am   10    0  0.00   3  34   7:08pm  SE 29.84   39
10   42.8  54.6  12:00am  35.5  11:59pm   22    0  0.00   1  12   3:51am  SE 29.72   52
11   34.9  43.3   1:49pm  25.1  10:47pm   30    0  0.00   0  10   3:43pm  SW 29.99   55
12   26.5  34.1   2:11pm  21.9   6:43am   39    0  0.00   0   8   1:43pm SSW 30.23   55
13   27.0  36.6   7:34pm  21.8  12:30am   38    0  0.00   0  10   7:18pm   S 30.21   77
14   42.4  48.7  12:48pm  33.7   1:50am   23    0  0.10   3  24   3:19am  SE 29.94   69
15   27.9  40.4  12:44am  17.3  11:20pm   37    0  0.04   1  18  12:59am  SW 30.08   75
16   19.3  28.3   2:58pm  11.5   2:30am   46    0  0.00   0   8  11:45am WNW 30.64   65
17   24.5  35.4   2:28pm  16.0   1:45am   40    0  0.03   0   5   1:35pm WNW 30.65   57
18   29.2  39.2   2:47pm  21.9   7:45am   36    0  0.01   0   3  11:59am  NE 30.51   53
19   36.6  46.4   3:23pm  29.3   7:05am   28    0  0.00   0   4   9:11pm WSW 30.25   52
20   38.6  48.1   3:41pm  32.5   6:51am   26    0  0.01   0   4  12:20pm ESE 30.09   54
21   40.0  50.4   2:44pm  32.8   4:49am   25    0  0.00   0  21  11:26pm   S 30.02   51
22   42.4  48.8  12:00am  34.1   5:18pm   23    0  0.62   7  40  11:20am  SE 29.82   66
23   32.8  37.0   1:48pm  28.4   7:59am   32    0  0.12   1  18   3:27am WNW 30.20   78
24   34.7  39.4   2:14pm  30.6   2:35am   30    0  0.04   2  17   5:15am ESE 30.39   60
25   41.0  48.5   9:53pm  33.5   3:26am   24    0  0.00   1  21   1:58am  SE 30.38   53
26   50.8  58.8   3:17pm  42.4   5:27am   14    0  0.00   2  22   8:09pm ESE 30.31   48
27   56.8  62.2   8:36pm  51.0   8:42am    8    0  0.00   2  23   1:46am  SE 30.10   26
28   58.2  63.6   2:47pm  50.0   4:41am    7    0  0.00   6  37  11:40pm  SE 29.76   19
29   54.2  58.4   2:47pm  50.5  10:23pm   11    0  0.00   7  36   2:06am  SE 29.53   23
30   37.9  51.1  12:00am  30.0  10:01pm   27    0  0.03   0   7  12:00am  SW 29.87   78
---------------------------------------------------------------------------------------
TOT  41.1  69.4  11/1/14  11.5 11/16/14  716    1  1.08   1  43  11/1/14  SE 30.12   55

HEAT BASE: 65.0
COOL BASE: 65.0