NOAA-Style Climate Reports


Report for 2014 December
                  MONTHLY CLIMATOLOGICAL SUMMARY FOR 12/2014
                                        HEAT  COOL        
     MEAN                               DEG   DEG       WIND SPEED       DOM MEAN  MEAN
DAY  TEMP  HIGH   TIME     LOW   TIME   DAYS  DAYS RAIN AVG  HI  TIME    DIR BAROM HUM
---------------------------------------------------------------------------------------
1    39.7  50.8   6:46pm  32.4   5:56am   25    0  0.01   1  17   6:34pm SSE 30.22   77
2    43.2  48.7  12:50pm  39.2   2:01am   22    0  0.00   0  12  12:00am SSE 30.05   63
3    45.4  50.1  11:14pm  37.7   7:46am   20    0  0.09   3  26  12:12pm  SE 29.96   67
4    49.3  56.9   1:20pm  44.0  11:59pm   16    0  0.00   2  19   1:10am  SE 29.90   70
5    46.8  55.5   2:53pm  41.5   4:16am   18    0  0.00   0   9   6:00am   S 30.12   72
6    49.3  55.7   1:07pm  44.5   7:42am   16    0  0.00   2  17   9:16am ESE 30.18   57
7    47.4  56.2   2:47pm  41.8   6:22am   18    0  0.00   0  10  12:08am ESE 30.26   60
8    46.0  54.8   1:13pm  40.0  11:37pm   19    0  0.00   0   5   5:39am ESE 30.23   57
9    43.8  52.3   1:49pm  38.5  11:57pm   21    0  0.00   0   6  12:53pm   W 30.20   58
10   42.6  53.1   2:22pm  37.3  10:01am   22    0  0.00   0   8  10:58pm ESE 30.11   54
11   51.9  58.6   3:56pm  41.3   5:02am   13    0  0.00   5  32  11:08pm  SE 29.89   38
12   54.3  61.2   1:36pm  48.5   8:49am   11    0  0.00   2  25  12:17am ESE 29.74   38
13   37.4  50.5  12:00am  31.3   6:31pm   28    0  0.49   3  33   1:24am  SE 29.86   84
14   30.7  33.6  12:02pm  27.7   6:51am   34    0  0.03   0  10  12:57am NNE 30.16   88
15   31.9  39.6   2:24pm  25.1   3:22am   33    0  0.13   0   5   7:14pm ESE 30.26   71
16   36.2  43.6  12:29pm  32.4   5:42am   61    0  0.03   0   4  12:21pm   E 30.05   69
17   35.0  39.7   1:47pm  31.4   6:54am   30    0  0.00   0   4   9:58am   E 30.03   80
18   36.4  41.9   4:20pm  31.7   1:47am   29    0  0.00   1  12  11:32pm ESE 30.17   75
19   38.6  44.6   1:51pm  33.0   6:31am   26    0  0.00   1  18  12:05pm  SE 30.18   61
20   37.7  42.0  10:07pm  33.2   5:25am   27    0  0.09   1  21  11:51pm  SE 30.09   83
21   41.2  45.7   4:14pm  35.3   5:45am   24    0  0.69   3  29   6:13am   S 29.97   83
22   37.2  40.6  12:00am  30.7  11:59pm   28    0  0.30   2  25   5:44pm  NW 30.03   85
23   30.7  38.2   3:11pm  26.1   6:27am   34    0  0.01   0   5   1:41pm ESE 30.41   62
24   36.2  48.9   8:19pm  25.4   9:10am   29    0  0.00   3  38   9:54pm  SE 29.96   49
25   28.2  45.2  12:00am  24.2  11:31pm   37    0  0.00   0  16  12:00am WSW 29.68   89
26   23.3  27.3   4:21pm  18.7   8:44pm   42    0  0.00   0   5   3:27pm   N 30.16   77
27   22.4  30.8  12:10pm  16.6   8:12am   43    0  0.01   0   5   6:03pm   S 30.49   68
28   26.4  30.1   3:04pm  20.9   2:00am   39    0  0.00   1  16   6:49am SSE 30.23   73
29   22.8  28.4  11:35am  12.6  11:59pm   42    0  0.00   2  28  11:03pm ESE 30.18   79
30   12.2  19.4  12:56pm   4.4  11:34pm   53    0  0.00   7  38   6:56am  SE 30.47   54
31   11.0  20.4   3:52pm   2.1   8:03am   54    0  0.00   1   8   7:44pm SSE 30.56   53
---------------------------------------------------------------------------------------
TOT  36.6  61.2 12/12/14   2.1 12/31/14  912    0  1.88   1  38 12/30/14 ESE 30.12   68

HEAT BASE: 65.0
COOL BASE: 65.0