NOAA-Style Climate Reports


Report for 2015 January
                  MONTHLY CLIMATOLOGICAL SUMMARY FOR 1/2015
                                        HEAT  COOL        
     MEAN                               DEG   DEG       WIND SPEED       DOM MEAN  MEAN
DAY  TEMP  HIGH   TIME     LOW   TIME   DAYS  DAYS RAIN AVG  HI  TIME    DIR BAROM HUM
---------------------------------------------------------------------------------------
1    16.9  25.0   4:09pm   7.3   7:07am   48    0  0.00   0   9   4:27am SSW 30.39   64
2    18.9  28.2   2:40pm  11.7   7:57am   46    0  0.00   0   9  10:09pm ESE 30.40   69
3    24.4  31.5   3:47pm  18.9   3:35am   41    0  0.00   0   5  11:58pm ESE 30.38   71
4    31.2  37.5  11:54am  25.3   1:38am   34    0  0.01   0   4  12:00am   S 30.49   69
5    39.8  46.8   7:36pm  31.9  12:00am   25    0  0.10   0   9   3:58am ESE 30.49   59
6    42.6  49.7   2:00pm  36.6   6:18am   22    0  0.00   0   3   2:07am ESE 30.51   65
7    40.0  48.4   2:37pm  34.0   7:20am   25    0  0.00   0   3  12:41pm ESE 30.43   74
8    38.1  47.3   3:15pm  33.2  11:56pm   27    0  0.00   0   4   1:08pm ESE 30.24   76
9    36.4  44.0   3:18pm  32.2   5:57am   29    0  0.00   0   1   6:16am ESE 30.16   79
10   37.5  43.2   3:22pm  33.5   1:25am   28    0  0.08   0   3   3:51pm   E 30.06   79
11   39.5  45.1   3:39pm  35.3   5:12am   26    0  0.34   0   5  10:48pm ESE 30.10   92
12   37.0  41.7   2:05pm  32.6  10:31pm   28    0  0.47   1  22  12:34pm ESE 30.11   90
13   32.2  35.5   2:11pm  29.0  11:59pm   33    0  0.15   0   7   9:44pm  SE 30.28   93
14   27.9  32.2  12:11pm  21.6   5:53am   37    0  0.02   0   9  10:14pm  SE 30.47   90
15   28.8  37.3   1:53pm  23.2   6:42am   36    0  0.24   0   3   1:19pm  SE 30.57   85
16   32.0  40.6   7:09pm  22.4   1:33am   33    0  0.03   1  14   6:38pm ESE 30.35   85
17   38.3  49.4   3:41pm  30.9   7:37am   27    0  0.00   0   9   2:11pm ENE 30.41   65
18   46.1  55.3   3:07pm  38.1   5:01am   19    0  0.04   1  16   8:48am ESE 30.23   50
19   40.0  48.9  12:05am  34.8  11:48pm   25    0  0.04   0  11  12:29am   E 30.19   76
20   32.9  40.7   2:48pm  27.6  11:50pm   32    0  0.00   0   7   1:00pm ESE 30.29   67
21   28.6  36.0   2:39pm  22.3   5:29am   36    0  0.00   0   7   2:20pm WNW 30.40   68
22   28.5  39.3   2:53pm  21.2   1:05am   37    0  0.00   0   5  12:58pm ESE 30.54   60
23   29.9  38.9   2:31pm  25.3  11:57pm   35    0  0.00   0   8   3:39pm WNW 30.58   60
24   32.8  38.8   2:37pm  25.3  12:00am   32    0  0.00   0   7  12:06am   E 30.58   66
25   40.6  49.9   2:26pm  34.0   8:46am   24    0  0.00   0   6   3:18pm WNW 30.47   67
26   41.4  51.6   2:26pm  35.0   4:50am   24    0  0.00   0   5  12:04pm WNW 30.31   73
27   46.0  53.8   1:56pm  38.7   4:12am   19    0  0.00   3  28  10:29am SSE 30.14   63
28   42.5  48.3  12:00am  37.7  11:32pm   23    0  0.01   1  23   1:01am  SE 30.21   74
29   38.8  45.4   1:53pm  33.5   7:48am   26    0  0.00   0   6   1:02pm WNW 30.31   84
30   39.9  43.6   1:25pm  35.8   6:49am   25    0  0.00   0   7   9:53pm WNW 30.08   82
31   38.4  46.8   1:52pm  32.8  11:02pm   27    0  0.00   0   9   2:04pm WNW 30.03   77
---------------------------------------------------------------------------------------
TOT  35.1  55.3  1/18/15   7.3   1/1/15  926    0  1.53   0  26  1/27/15 ESE 30.33   73

HEAT BASE: 65.0
COOL BASE: 65.0