NOAA-Style Climate Reports


Report for 2015 February
                  MONTHLY CLIMATOLOGICAL SUMMARY FOR 2/2015
                                        HEAT  COOL        
     MEAN                               DEG   DEG       WIND SPEED       DOM MEAN  MEAN
DAY  TEMP  HIGH   TIME     LOW   TIME   DAYS  DAYS RAIN AVG  HI  TIME    DIR BAROM HUM
---------------------------------------------------------------------------------------
1    38.3  48.1   2:14pm  30.3   5:46am   27    0  0.00   1  17   4:28pm ESE 30.21   63
2    46.5  54.1   2:01pm  40.6   9:07am   18    0  0.09   2  23   7:42pm ESE 30.10   62
3    50.5  55.3   1:23pm  44.1   7:22am   14    0  0.02   2  19   5:49pm SSE 29.98   59
4    49.3  56.5   2:55pm  41.7   7:27am   16    0  0.10   1  15  11:57pm ESE 30.04   63
5    55.5  62.1   4:23pm  44.7   8:04am    9    0  0.00   5  32   1:19pm  SE 30.02   28
6    60.1  63.5   3:14pm  56.8   8:10am    5    0  0.00  10  38  12:37pm  SE 29.86   19
7    58.9  65.5   1:40pm  51.2  11:59pm    6    0  0.01   6  36   1:00am  SE 29.82   26
8    53.9  63.7   3:57pm  43.4   4:35am   11    0  0.01   1  17  10:32pm ESE 30.02   49
9    52.4  59.3  12:15am  42.3  11:48am   13    0  0.17   4  37   5:46am  SE 29.90   55
10   42.0  49.4  12:15pm  34.8   7:30am   23    0  0.03   0  10  12:53am ESE 30.15   68
11   41.8  53.8   3:19pm  32.3   9:21am   23    0  0.00   1   8   1:44am  NW 30.38   63
12   46.4  58.4   3:02pm  38.4   7:08am   19    0  0.00   0   7   4:15pm WNW 30.35   52
13   46.7  58.0   2:41pm  38.5   8:10am   18    0  0.00   0   7   1:47pm ESE 30.29   47
14   49.9  62.9   1:55pm  43.0   5:46am   15    0  0.00   0   7  12:28pm WNW 30.11   40
15   44.5  51.9   3:05pm  38.9   7:16am   21    0  0.00   1  12   3:21pm WNW 30.06   56
16   39.0  46.7  11:55am  31.3  11:25pm   26    0  0.00   1  17  12:09pm   E 30.10   47
17   34.8  43.3   4:35pm  27.7   9:18am   30    0  0.00   1   7   2:35pm ESE 30.28   38
18   44.2  56.9   3:23pm  34.1   7:15am   21    0  0.00   1  14  11:10pm ESE 30.28   32
19   49.6  60.6   2:40pm  39.5   5:47am   15    0  0.00   1  10   9:25pm ESE 30.05   32
20   43.1  51.0   1:21am  37.5   8:46pm   22    0  0.00   1  13  10:37am WNW 29.91   53
21   36.2  41.8   4:28pm  30.6  10:23pm   29    0  0.01   1  15  11:34pm  NW 29.96   71
22   27.9  33.2   2:25pm  23.0  11:53pm   37    0  0.00   4  22  11:55pm   E 30.10   46
23   29.7  41.0   3:24pm  17.2   7:52am   35    0  0.00   2  34   1:29am ESE 30.27   39
24   36.5  46.5   3:39pm  26.5   7:39am   28    0  0.00   0  10   2:14pm ESE 30.28   34
25   43.1  51.4   2:32pm  36.4   8:07pm   22    0  0.00   1  17   5:38pm  NW 30.09   34
26   34.7  38.3   1:06am  27.0  11:54pm   30    0  0.09   0  12   9:36am  SW 29.94   71
27   34.2  43.6   3:20pm  26.0   2:00am   31    0  0.10   1  12  12:17pm ESE 29.84   62
28   35.4  43.6   1:26pm  29.6   4:53am   30    0  0.00   0  13   1:43pm WSW 29.76   61
---------------------------------------------------------------------------------------
TOT  43.8  65.5   2/7/15  17.2  2/23/15  595    0  0.63   2  34   2/6/15 ESE 30.08   49

HEAT BASE: 65.0
COOL BASE: 65.0