NOAA-Style Climate Reports


Report for 2015 March
                  MONTHLY CLIMATOLOGICAL SUMMARY FOR 3/2015
                                        HEAT  COOL        
     MEAN                               DEG   DEG       WIND SPEED       DOM MEAN  MEAN
DAY  TEMP  HIGH   TIME     LOW   TIME   DAYS  DAYS RAIN AVG  HI  TIME    DIR BAROM HUM
---------------------------------------------------------------------------------------
1    37.0  44.6   3:57pm  31.6   5:45am   28    0  0.00   0   9   4:01pm WNW 30.05   69
2    34.8  39.1  12:29am  30.4   7:49pm   30    0  0.03   0   8   2:53pm   E 29.77   84
3    31.1  35.0   4:10pm  23.2  11:33pm   34    0  0.20   0   9   8:35am  NW 29.93   87
4    31.4  39.8   3:38pm  24.1   1:48am   34    0  0.40   1   9   9:31pm  SE 30.28   60
5    37.3  47.4   3:13pm  25.4  12:20am   28    0  0.01   1  13   1:58am ESE 30.48   46
6    42.7  54.4   3:35pm  33.1   6:52am   22    0  0.00   1   8   2:42pm WNW 30.42   43
7    45.2  56.9   4:20pm  36.0   7:35am   20    0  0.00   0   5   7:56pm ESE 30.22   45
8    48.4  58.9   2:20pm  39.5   7:29am   16    0  0.00   1   9   2:36pm WNW 30.04   38
9    47.3  57.3   2:45pm  37.9   7:56am   18    0  0.00   1  11   4:20pm ESE 30.03   40
10   51.2  63.9   3:45pm  40.2   5:52am   14    0  0.00   1   9  10:57pm ESE 30.05   33
11   54.9  62.8   2:19pm  47.2   4:39am   10    0  0.00   2  25  12:33pm SSE 30.00   26
12   50.0  57.1   6:18pm  45.8   8:37am   15    0  0.01   1  10   2:37pm WNW 30.15   65
13   52.6  63.6   3:45pm  44.4   5:33am   12    0  0.00   2  10   4:20pm   E 30.25   51
14   57.7  67.7   4:28pm  48.3   2:21am    8    0  0.00   3  25  10:56pm ESE 30.14   34
15   64.4  70.2   3:06pm  55.7   1:26am    2    1  0.00   5  26   6:29am  SE 29.96   24
16   64.3  71.9   3:43pm  55.4   8:10am    2    1  0.00   3  24   5:10am  SE 29.84   27
17   61.3  70.8   3:24pm  53.4   8:19am    5    1  0.00   1  22  12:42pm  NW 29.77   30
18   52.9  61.0   1:32pm  45.6   7:37am   12    0  0.00   1  15   1:41pm  NW 29.87   48
19   48.6  58.6   3:01pm  37.3   8:58am   16    0  0.00   1  10   3:37pm  NW 30.07   45
20   53.7  67.2   5:22pm  41.7   6:36am   11    0  0.00   1  10   2:19pm WNW 30.08   36
21   57.1  66.9   3:03pm  48.1   9:25am    8    0  0.00   1  13   4:40pm ESE 29.91   22
22   54.6  63.8   1:30pm  44.3   7:40am   10    0  0.00   0   5   2:12pm WNW 29.92   33
23   47.5  56.6  12:59am  39.8  11:44pm   17    0  0.08   1  23   8:53am ESE 29.88   62
24   43.1  53.6   3:45pm  35.6   4:04am   22    0  0.06   1  16   8:59am  NW 30.05   59
25   41.1  50.2   4:37pm  32.9   8:05am   24    0  0.00   1  11   2:01pm  NW 30.31   50
26   48.1  59.9   4:02pm  36.5   8:09am   17    0  0.00   0  12   2:55pm  NW 30.35   37
27   57.0  70.6   5:11pm  44.4   6:02am    9    1  0.00   1  11  10:11pm WNW 30.15   38
28   61.7  72.9   1:22pm  50.8  11:57pm    5    1  0.00   2  20   9:16am  NW 29.93   32
29   53.2  66.3   3:56pm  40.7   7:05am   12    0  0.00   0  10   1:37pm  NW 30.10   29
30   58.8  73.0   4:43pm  46.1   6:41am    8    2  0.00   1   9   2:26pm WNW 30.02   24
31   64.8  73.4   3:08pm  54.5   6:07am    3    3  0.00   4  28  11:39am   S 29.68   21
---------------------------------------------------------------------------------------
TOT  50.1  73.4  3/31/15  23.2   3/3/15  471   11  0.79   1  28  3/31/15 ESE 30.05   43

HEAT BASE: 65.0
COOL BASE: 65.0