NOAA-Style Climate Reports


Report for 2015 April
                  MONTHLY CLIMATOLOGICAL SUMMARY FOR 4/2015
                                        HEAT  COOL        
     MEAN                               DEG   DEG       WIND SPEED       DOM MEAN  MEAN
DAY  TEMP  HIGH   TIME     LOW   TIME   DAYS  DAYS RAIN AVG  HI  TIME    DIR BAROM HUM
---------------------------------------------------------------------------------------
1    44.6  60.5  12:00am  36.2   7:39am   20    0  0.00   1  16   1:27am  NW 29.87   36
2    40.0  49.7   2:40pm  32.4   5:10am   25    0  0.00   2  19   4:24pm  NW 30.06   38
3    41.7  53.9   3:39pm  28.8   6:49am   23    0  0.00   1  14   2:32pm ESE 30.29   29
4    51.6  64.1   5:00pm  39.2   3:51am   13    0  0.00   2  21   1:54pm SSW 29.90   14
5    57.6  67.5   4:41pm  50.7   7:42am    8    0  0.00   3  23  12:15pm   S 29.49   14
6    49.3  58.1  12:00am  41.3  10:05pm   16    0  0.00   3  30   2:35am  NW 29.59   42
7    50.0  57.8   2:07pm  40.9   5:34am   15    0  0.00   2  24  12:10pm  SE 29.70   36
8    41.0  53.5  12:00am  34.1   5:37pm   24    0  0.77   2  26   5:45am  SE 29.70   66
9    46.1  58.9   2:52pm  37.0  12:21am   19    0  0.25   1   9   4:43pm WNW 30.07   66
10   52.5  65.0   3:38pm  41.2   6:34am   13    0  0.00   1  13   4:34pm WNW 29.92   41
11   58.2  67.9   4:22pm  49.3   7:57am    7    0  0.00   1  18  11:10pm  NW 29.72   27
12   48.8  56.6   4:06pm  38.8   7:49am   16    0  0.00   1  17   1:26am  NW 29.96   36
13   57.4  74.0   5:25pm  40.6   4:42am    9    2  0.00   1  22  11:55pm ESE 30.02   22
14   54.0  70.5   1:33pm  28.8  11:45pm   12    1  0.03   6  41   1:39pm  SE 29.63   41
15   30.3  36.4   3:56pm  26.7   3:15am   35    0  0.08   0   6   3:09am  SW 30.08   91
16   39.4  49.8   6:27pm  28.8  12:05am   26    0  0.70   0  17   7:27pm  NW 30.18   73
17   48.7  60.0   4:27pm  36.6   3:35am   16    0  0.01   2  22  10:44pm ESE 30.04   54
18   55.7  67.0   4:45pm  42.3   8:10am   10    0  0.00   1   9  12:00am ESE 29.89   46
19   57.5  67.4   2:21pm  46.4   7:02am    8    0  0.00   1  12   5:19am WNW 29.85   36
20   58.0  68.9   2:35pm  46.8   6:11am    8    1  0.00   1   9   2:56pm WNW 29.75   34
21   61.7  74.1   3:37pm  49.6   6:57am    6    2  0.00   1  10   2:40pm ESE 29.66   26
22   61.5  75.6   2:16pm  50.7   6:47am    5    1  0.00   2  28   7:12pm ESE 29.59   28
23   59.4  69.9   1:49pm  50.5   5:33am    6    1  0.00   1  16   3:48pm ESE 29.59   42
24   53.2  65.0   1:37pm  43.7  11:45pm   12    0  0.75   3  30   8:09pm  SE 29.53   57
25   45.5  59.0  12:47pm  39.1   6:51pm   20    0  1.04   1  23   4:28pm WSW 29.65   76
26   41.2  47.4   4:24pm  32.4   7:14am   24    0  0.79   1  10   3:54am  NW 29.92   80
27   51.2  62.3   4:41pm  42.3   2:02am   14    0  0.00   1  11   2:13pm  NW 30.14   57
28   59.0  72.1   5:17pm  45.9   7:20am    7    1  0.00   1  16  10:48pm WNW 30.04   46
29   67.3  80.0   3:47pm  53.1   6:50am    3    5  0.00   2  15   9:19pm ESE 29.78   36
30   63.4  70.9   4:18pm  52.1   7:31am    3    2  0.00   1  12   2:46am  NW 29.77   43
---------------------------------------------------------------------------------------
TOT  51.5  80.0  4/29/15  26.7  4/15/15  421   17  4.42   1  40  4/14/15 ESE 29.84   44

HEAT BASE: 65.0
COOL BASE: 65.0