NOAA-Style Climate Reports


Report for 2015 May
                  MONTHLY CLIMATOLOGICAL SUMMARY FOR 5/2015
                                        HEAT  COOL        
     MEAN                               DEG   DEG       WIND SPEED       DOM MEAN  MEAN
DAY  TEMP  HIGH   TIME     LOW   TIME   DAYS  DAYS RAIN AVG  HI  TIME    DIR BAROM HUM
---------------------------------------------------------------------------------------
1    63.4  76.7   3:26pm  51.5   6:48am    4    3  0.00   1  16  11:06pm  NW 29.83   38
2    70.2  80.6   3:58pm  62.2   7:33am    0    5  0.00   3  18   3:08am ESE 29.63   30
3    68.2  78.0   5:47pm  58.7   5:18am    1    4  0.00   2  27   2:43pm ESE 29.60   32
4    63.4  74.2   1:16pm  57.6   7:11am    3    1  0.00   3  29   3:50am ESE 29.65   45
5    59.3  68.5   5:55pm  52.8  11:06pm    6    0  0.27   1  15   3:19pm   W 29.60   62
6    52.3  63.3  11:25am  45.8  11:49pm   13    0  1.37   2  25   8:46pm ESE 29.59   79
7    53.1  68.5   3:48pm  44.8  11:37pm   12    0  0.09   1  14   4:03pm WNW 29.65   75
8    52.6  63.0   3:55pm  44.7  12:15am   12    0  0.22   1  23   1:49am   E 29.65   67
9    44.6  47.7  12:01am  41.6  11:25pm   20    0  0.66   0   8   4:33pm SSE 29.81   89
10   50.0  61.8   4:54pm  40.2   3:35am   15    0  0.00   1  12   1:18pm   W 30.00   64
11   59.5  69.5   4:35pm  46.1   7:13am    6    1  0.00   3  22  12:39pm  SE 29.85   30
12   66.5  73.2   3:56pm  61.2   8:15am    1    2  0.00   5  30   6:46pm  SE 29.56   25
13   64.9  73.0   5:04pm  55.3   6:51am    2    2  0.00   4  25   1:05pm   S 29.58   29
14   60.7  71.7   2:38pm  46.8  10:30pm    5    1  0.40   3  24  10:21pm  SE 29.53   42
15   49.1  56.4   5:24pm  43.8  10:54am   16    0  0.06   5  28   5:37am  SE 29.59   64
16   45.7  47.9  11:03pm  41.9   7:44pm   19    0  0.97   2  19   3:08am  SE 29.70   77
17   53.0  64.6   4:22pm  45.8   6:51am   12    0  0.66   0  22   5:02pm SSW 29.94   74
18   53.8  67.3  12:36pm  44.1   6:37pm   11    0  0.65   1  20   5:48pm  SE 29.87   74
19   50.9  62.9   4:24pm  46.0   6:44am   14    0  0.37   1  17   6:12pm ESE 29.85   78
20   56.6  68.6   1:24pm  48.3   5:27am    9    0  0.05   1  30   7:21pm  SE 29.87   61
21   55.3  69.2   2:01pm  45.4   6:01am   10    0  0.09   1  26   2:39pm  SE 29.78   68
22   55.2  64.2   2:48pm  48.7   3:58pm   10    0  0.60   1  21   3:26pm  SE 29.73   65
23   51.0  60.8   3:07pm  44.1   6:26am   14    0  0.34   1  16   2:19am  NW 29.78   79
24   54.8  68.0   4:25pm  47.2   4:20am   10    0  0.03   0  10  12:37pm WSW 29.80   71
25   59.9  72.9   4:01pm  51.3   2:45am    6    1  0.01   1  13  11:45pm ESE 29.77   59
26   56.6  62.2   6:20pm  53.1   5:33am    8    0  0.28   1  15  10:18pm  SE 29.81   73
27   58.1  71.8   3:19pm  48.9   5:42am    8    1  0.17   1  22   8:08pm ESE 29.89   67
28   60.8  71.5   6:30pm  49.2   7:38am    6    2  0.12   1  19   7:48am  NW 29.92   56
29   64.7  76.5   3:25pm  51.5   6:33am    4    4  0.00   0  11   1:39pm ESE 29.94   45
30   72.0  84.7   5:32pm  56.9   5:36am    1    8  0.00   2  15  12:59pm ESE 29.80   36
31   78.2  90.6   4:25pm  63.8   7:00am    0   13  0.00   1  15   1:16am ESE 29.66   30
---------------------------------------------------------------------------------------
TOT  58.2  90.6  5/31/15  40.2  5/10/15  259   49  7.41   2  30  5/20/15  SE 29.75   58

HEAT BASE: 65.0
COOL BASE: 65.0