NOAA-Style Climate Reports


Report for 2015 June
                  MONTHLY CLIMATOLOGICAL SUMMARY FOR 6/2015
                                        HEAT  COOL        
     MEAN                               DEG   DEG       WIND SPEED       DOM MEAN  MEAN
DAY  TEMP  HIGH   TIME     LOW   TIME   DAYS  DAYS RAIN AVG  HI  TIME    DIR BAROM HUM
---------------------------------------------------------------------------------------
1    77.9  86.4   5:53pm  64.0  11:47pm    0   13  0.00   5  30   4:12pm  SE 29.51   22
2    70.0  80.8   3:19pm  58.3   5:18am    1    6  0.00   0  11   5:23pm WNW 29.61   39
3    68.6  82.6   2:56pm  57.7   6:47am    1    5  0.00   1  24   8:29pm ESE 29.58   41
4    67.8  81.9   5:47pm  54.9   6:16am    2    5  0.00   0   9  12:00am WNW 29.60   46
5    67.5  78.6   3:39pm  59.4  10:49am    1    4  0.00   2  22   9:59am  SE 29.65   42
6    64.1  80.2   4:06pm  54.6  10:43pm    3    2  0.17   2  35   9:35pm ESE 29.71   51
7    65.6  77.8   2:08pm  53.0   5:34am    4    4  0.00   0  10   3:23pm ESE 29.88   50
8    73.5  86.8   4:30pm  59.3   6:02am    1    9  0.00   0  11   1:41pm  NW 29.86   41
9    76.4  87.9   5:42pm  64.2   6:21am    0   11  0.00   1  13   1:31am ESE 29.67   33
10   74.5  84.7   2:44pm  67.3  11:59pm    0    9  0.00   4  27   2:41am  SE 29.49   37
11   68.3  78.2   2:20pm  62.0   6:02am    0    4  0.04   1  15   9:55pm ESE 29.62   58
12   73.8  87.7   3:56pm  59.2   5:53am    1   10  0.00   0   8   3:19pm  NW 29.67   44
13   76.2  89.8   4:54pm  61.4   5:24am    0   12  0.00   1  14  11:40pm ESE 29.57   32
14   77.7  89.9   4:21pm  65.4   6:34am    0   13  0.00   1  17  11:45pm ESE 29.55   32
15   77.1  88.5   3:33pm  66.8   6:31am    0   12  0.04   3  27   7:52pm ESE 29.56   35
16   79.5  92.0   4:28pm  65.9   5:43am    0   15  0.00   1  16  12:14am ESE 29.60   35
17   80.3  93.9   4:54pm  64.8   6:11am    0   15  0.00   0  10  12:45am WNW 29.63   28
18   84.0  97.4   3:25pm  68.3   4:06am    0   19  0.00   1  13   1:26pm ESE 29.59   20
19   84.8  93.1   3:41pm  73.7  11:29pm    0   20  0.00   2  25   2:59am  SE 29.52   14
20   78.6  93.3   3:45pm  64.2   5:22am    0   14  0.00   0   6   5:11pm NNW 29.61   28
21   80.9  93.4   4:50pm  67.2   6:32am    0   16  0.00   1  22  10:59am  NW 29.53   23
22   79.3  91.7   4:14pm  65.9   5:35am    0   14  0.00   0  10  12:32am  SE 29.65   24
23   81.1  94.2   4:16pm  65.2   6:49am    0   16  0.00   0   8   1:12pm   E 29.66   23
24   83.8  96.2   2:46pm  69.2   6:57am    0   19  0.00   0   8   5:39am   E 29.62   22
25   83.5  96.9   3:15pm  69.6   6:58am    0   18  0.00   0  12  10:51pm   E 29.69   25
26   86.5  99.2   4:28pm  73.6   6:44am    0   22  0.00   1  19   1:35am ESE 29.72   24
27   86.1  99.5   2:49pm  73.0   6:49am    0   21  0.00   0   8  11:20pm  SE 29.68   29
28   88.6 102.1   3:40pm  75.1   6:54am    0   24  0.00   0   7   4:46pm WNW 29.62   27
29   90.9 104.5   3:51pm  75.5   6:48am    0   26  0.00   1  23   1:15am ESE 29.57   26
30   88.1 101.4   5:06pm  75.2  11:02pm    0   23  0.03   1  14  10:37pm  NW 29.59   29
---------------------------------------------------------------------------------------
TOT  77.8 104.5  6/29/15  53.0   6/7/15   15  400  0.28   1  33   6/6/15 ESE 29.63   33

HEAT BASE: 65.0
COOL BASE: 65.0