NOAA-Style Climate Reports


Report for 2015 July
                  MONTHLY CLIMATOLOGICAL SUMMARY FOR 7/2015
                                        HEAT  COOL        
     MEAN                               DEG   DEG       WIND SPEED       DOM MEAN  MEAN
DAY  TEMP  HIGH   TIME     LOW   TIME   DAYS  DAYS RAIN AVG  HI  TIME    DIR BAROM HUM
---------------------------------------------------------------------------------------
1    84.3  97.0   4:36pm  68.9  12:35am    0   19  0.04   0  12  12:34am  NW 29.64   36
2    86.1  97.5   4:36pm  75.0   5:24am    0   21  0.00   0   9   2:46pm  SE 29.62   28
3    87.2 100.2   4:25pm  74.2   6:06am    0   22  0.00   0  10   3:31am  SE 29.56   25
4    85.0  99.0   5:14pm  74.9  11:43pm    0   20  0.00   1  22   7:49pm ESE 29.49   32
5    77.0  88.9   5:34pm  66.7  10:05am    0   12  0.08   1  12   6:33am  SE 29.61   53
6    76.8  86.9   2:53pm  68.2   6:57am    0   12  0.00   1  17   9:17pm  SE 29.72   50
7    74.8  86.0   2:20pm  66.3   5:56am    0   10  0.00   1  18   5:39pm ESE 29.67   47
8    71.0  83.9   6:28pm  56.8  11:18pm    0    6  0.70   2  35  10:59pm  SE 29.63   56
9    68.9  85.7   2:40pm  55.8   4:10am    2    6  0.10   2  30   4:01pm ESE 29.65   53
10   69.6  78.0   5:05pm  61.2   5:24am    0    5  0.01   2  19  12:21am ESE 29.68   43
11   75.9  82.4   6:17pm  69.7   5:49am    0   11  0.00   4  23   2:14pm  SE 29.70   30
12   78.9  88.3   3:22pm  71.7   7:19am    0   14  0.00   4  26   2:58am  SE 29.72   19
13   80.3  90.1   4:50pm  71.1   7:37am    0   15  0.00   2  23   2:08am  SE 29.66   21
14   78.3  91.5   4:11pm  65.7   5:33am    0   13  0.00   1  22  10:00pm ESE 29.60   33
15   78.3  88.9   3:42pm  67.9   4:08am    0   13  0.00   1  21  12:23am ESE 29.61   35
16   79.2  93.1   4:23pm  65.8   5:33am    0   14  0.00   0  12  10:46am  SW 29.63   31
17   76.4  86.8   2:47pm  67.4   7:58am    0   11  0.00   1  22  11:19am  SE 29.55   34
18   72.4  83.9   5:40pm  60.7   6:53am    0    8  0.00   1  12   2:36am ESE 29.73   41
19   72.9  86.0   4:10pm  61.3   3:55am    1    9  0.00   0  10   3:17pm  NW 29.89   38
20   70.7  83.4   6:00pm  56.8  10:29am    1    6  0.62   0  11   3:06pm ESE 29.86   46
21   75.2  87.8   5:33pm  62.2   6:57am    0   10  0.00   1  18  11:53pm ESE 29.70   41
22   72.6  86.0   4:06pm  62.0   4:36pm    0    8  0.59   2  33   4:21pm ESE 29.60   47
23   75.3  89.1   4:02pm  61.6   6:34am    0   11  0.01   1  12  11:07am ESE 29.71   47
24   79.6  89.9   4:05pm  64.6   7:03am    0   15  0.00   3  19   3:55am ESE 29.74   26
25   77.5  89.8   4:08pm  64.0   2:51am    0   13  0.00   1  12   3:57am ESE 29.72   33
26   83.4  95.1   5:30pm  70.5   4:48am    0   18  0.00   3  28  11:46pm ESE 29.54   16
27   73.2  83.3  12:07am  61.6  11:45pm    0    8  0.00   3  28  12:53am  SE 29.57   31
28   66.1  78.7   4:38pm  54.5   6:26am    3    4  0.00   0   8   4:14pm WNW 29.97   30
29   71.4  87.6   5:24pm  56.8   7:24am    2    8  0.00   0   6   1:33pm   W 30.00   27
30   78.0  93.8   4:58pm  62.5   6:48am    0   13  0.00   0   9  10:10pm WNW 29.94   23
31   80.7  93.2   5:03pm  67.5   7:28am    0   16  0.00   0  14  12:05am  NW 29.83   20
---------------------------------------------------------------------------------------
TOT  76.7 100.2   7/3/15  54.5  7/28/15   11  373  2.15   1  35   7/8/15 ESE 29.70   35

HEAT BASE: 65.0
COOL BASE: 65.0